{"id":3249,"date":"2025-03-24T11:08:57","date_gmt":"2025-03-24T10:08:57","guid":{"rendered":"https:\/\/site.educa.madrid.org\/ies.elespinillo.madrid\/?page_id=3249"},"modified":"2026-05-04T11:12:49","modified_gmt":"2026-05-04T09:12:49","slug":"proteccion-de-datos","status":"publish","type":"page","link":"https:\/\/site.educa.madrid.org\/ies.elespinillo.madrid\/index.php\/recursos\/tic\/proteccion-de-datos\/","title":{"rendered":"Protecci\u00f3n de datos"},"content":{"rendered":"\n<figure class=\"wp-block-image alignwide size-large\"><img loading=\"lazy\" decoding=\"async\" width=\"1024\" height=\"68\" src=\"https:\/\/site.educa.madrid.org\/ies.elespinillo.madrid\/\/wp-content\/uploads\/ies.elespinillo.madrid\/2025\/03\/64.proteccionDatos.fw_-1024x68.png\" alt=\"\" class=\"wp-image-3255\" srcset=\"https:\/\/site.educa.madrid.org\/ies.elespinillo.madrid\/\/wp-content\/uploads\/ies.elespinillo.madrid\/2025\/03\/64.proteccionDatos.fw_-1024x68.png 1024w, https:\/\/site.educa.madrid.org\/ies.elespinillo.madrid\/\/wp-content\/uploads\/ies.elespinillo.madrid\/2025\/03\/64.proteccionDatos.fw_-300x20.png 300w, https:\/\/site.educa.madrid.org\/ies.elespinillo.madrid\/\/wp-content\/uploads\/ies.elespinillo.madrid\/2025\/03\/64.proteccionDatos.fw_-768x51.png 768w, https:\/\/site.educa.madrid.org\/ies.elespinillo.madrid\/\/wp-content\/uploads\/ies.elespinillo.madrid\/2025\/03\/64.proteccionDatos.fw_.png 1500w\" sizes=\"auto, (max-width: 1024px) 100vw, 1024px\" \/><\/figure>\n\n\n\n<h3 class=\"wp-block-heading\">CRITERIOS SOBRE PROTECCI\u00d3N DE DATOS<\/h3>\n\n\n\n<p>La Delegaci\u00f3n de Protecci\u00f3n de Datos de la Consejer\u00eda de Educaci\u00f3n, Ciencia y Universidades de la Comunidad de Madrid, ha elaborado una nueva versi\u00f3n (Versi\u00f3n 3) de los \u00ab<strong>Criterios sobre Protecci\u00f3n de datos personales para los centros educativos p\u00fablicos de la Comunidad de Madrid<\/strong>\u00ab.  Dado que consideramos de inter\u00e9s dicha informaci\u00f3n para todo el profesorado la ponemos a vuestra disponibilidad en los siguientes enlaces:<\/p>\n\n\n\n<div class=\"wp-block-columns is-layout-flex wp-container-core-columns-is-layout-9d6595d7 wp-block-columns-is-layout-flex\">\n<div class=\"wp-block-column is-layout-flow wp-block-column-is-layout-flow\"><div class=\"wp-block-image\">\n<figure class=\"aligncenter size-full is-resized\"><a href=\"https:\/\/cloud.educa.madrid.org\/s\/TcGer4eseQr3g4z\" target=\"_blank\" rel=\" noreferrer noopener\"><img loading=\"lazy\" decoding=\"async\" width=\"647\" height=\"911\" src=\"https:\/\/site.educa.madrid.org\/ies.elespinillo.madrid\/\/wp-content\/uploads\/ies.elespinillo.madrid\/2025\/03\/documento1.fw_.png\" alt=\"\" class=\"wp-image-3258\" style=\"width:321px;height:auto\" srcset=\"https:\/\/site.educa.madrid.org\/ies.elespinillo.madrid\/\/wp-content\/uploads\/ies.elespinillo.madrid\/2025\/03\/documento1.fw_.png 647w, https:\/\/site.educa.madrid.org\/ies.elespinillo.madrid\/\/wp-content\/uploads\/ies.elespinillo.madrid\/2025\/03\/documento1.fw_-213x300.png 213w\" sizes=\"auto, (max-width: 647px) 100vw, 647px\" \/><\/a><figcaption class=\"wp-element-caption\"><strong>CLIC <\/strong>para acceder<\/figcaption><\/figure>\n<\/div><\/div>\n\n\n\n<div class=\"wp-block-column is-layout-flow wp-block-column-is-layout-flow\"><div class=\"wp-block-image\">\n<figure class=\"aligncenter size-full is-resized\"><a href=\"https:\/\/cloud.educa.madrid.org\/s\/H8y4Mix9irF3WSQ\" target=\"_blank\" rel=\" noreferrer noopener\"><img loading=\"lazy\" decoding=\"async\" width=\"647\" height=\"911\" src=\"https:\/\/site.educa.madrid.org\/ies.elespinillo.madrid\/\/wp-content\/uploads\/ies.elespinillo.madrid\/2025\/03\/doucmento2.fw_.png\" alt=\"\" class=\"wp-image-3259\" style=\"width:320px;height:auto\" srcset=\"https:\/\/site.educa.madrid.org\/ies.elespinillo.madrid\/\/wp-content\/uploads\/ies.elespinillo.madrid\/2025\/03\/doucmento2.fw_.png 647w, https:\/\/site.educa.madrid.org\/ies.elespinillo.madrid\/\/wp-content\/uploads\/ies.elespinillo.madrid\/2025\/03\/doucmento2.fw_-213x300.png 213w\" sizes=\"auto, (max-width: 647px) 100vw, 647px\" \/><\/a><figcaption class=\"wp-element-caption\"><strong>CLIC <\/strong>para acceder<\/figcaption><\/figure>\n<\/div><\/div>\n<\/div>\n\n\n\n<h3 class=\"wp-block-heading\">INFOGRAF\u00cdA PARA EL TRATAMIENTO DE DATOS DE CATEGOR\u00cdA ESPECIAL<\/h3>\n\n\n\n<p>A continuaci\u00f3n os dejamos el acceso a una <strong>infograf\u00eda con recomendaciones para el tratamiento de DATOS DE CATEGOR\u00cdA ESPECIAL en los centros p\u00fablicos de la Comunidad de Madrid <\/strong>remitida por la Delegaci\u00f3n de Protecci\u00f3n de Datos de la Consejer\u00eda de Educaci\u00f3n, Ciencia y Universidades con la finalidad de proporcionar unas recomendaciones que os permitan gestionar de manera correcta la informaci\u00f3n personal de datos de categor\u00eda especial con las mayores garant\u00edas posibles para la privacidad de los interesados.<\/p>\n\n\n<div class=\"wp-block-image\">\n<figure class=\"aligncenter size-full is-resized\"><img loading=\"lazy\" decoding=\"async\" width=\"712\" height=\"920\" src=\"https:\/\/site.educa.madrid.org\/ies.elespinillo.madrid\/\/wp-content\/uploads\/ies.elespinillo.madrid\/2025\/03\/documento6.fw_.png\" alt=\"\" class=\"wp-image-3260\" style=\"width:593px;height:auto\" srcset=\"https:\/\/site.educa.madrid.org\/ies.elespinillo.madrid\/\/wp-content\/uploads\/ies.elespinillo.madrid\/2025\/03\/documento6.fw_.png 712w, https:\/\/site.educa.madrid.org\/ies.elespinillo.madrid\/\/wp-content\/uploads\/ies.elespinillo.madrid\/2025\/03\/documento6.fw_-232x300.png 232w\" sizes=\"auto, (max-width: 712px) 100vw, 712px\" \/><\/figure>\n<\/div>\n\n\n<h3 class=\"wp-block-heading\">INFOGRAF\u00cdA PARA EL TRATAMIENTO DE DATOS DE FOTOS VIDEOS Y AUDIOS EN CENTROS EDUCATIVOS<\/h3>\n\n\n\n<p>A continuaci\u00f3n os dejamos el acceso a una <strong>infograf\u00eda con recomendaciones para el tratamiento de DE FOTOS, VIDEOS Y AUDIOS en centros p\u00fablicos de la Comunidad de Madrid <\/strong>remitida por la Delegaci\u00f3n de Protecci\u00f3n de Datos de la Consejer\u00eda de Educaci\u00f3n, Ciencia y Universidades con la finalidad de proporcionar unas recomendaciones que os permitan gestionar de manera correcta este tipo de archivos. Asimismo os informamos de que en la secci\u00f3n de <strong><a href=\"https:\/\/dpd.educa2.madrid.org\/modelos\" target=\"_blank\" rel=\"noreferrer noopener\">modelos<\/a><\/strong> de la p\u00e1gina web de la Delegaci\u00f3n de Protecci\u00f3n de Datos se encuentran disponibles<em><strong> distintos modelos de consentimiento para el tratamiento de im\u00e1genes, <\/strong><\/em>que pueden descargarse y adaptarse a las necesidades espec\u00edficas de cada centro educativo en funci\u00f3n de los tratamientos que realicen.<\/p>\n\n\n<div class=\"wp-block-image\">\n<figure class=\"aligncenter size-full is-resized\"><img loading=\"lazy\" decoding=\"async\" width=\"712\" height=\"935\" src=\"https:\/\/site.educa.madrid.org\/ies.elespinillo.madrid\/\/wp-content\/uploads\/ies.elespinillo.madrid\/2026\/01\/documento7.fw_.png\" alt=\"\" class=\"wp-image-3700\" style=\"width:621px;height:auto\" srcset=\"https:\/\/site.educa.madrid.org\/ies.elespinillo.madrid\/\/wp-content\/uploads\/ies.elespinillo.madrid\/2026\/01\/documento7.fw_.png 712w, https:\/\/site.educa.madrid.org\/ies.elespinillo.madrid\/\/wp-content\/uploads\/ies.elespinillo.madrid\/2026\/01\/documento7.fw_-228x300.png 228w\" sizes=\"auto, (max-width: 712px) 100vw, 712px\" \/><\/figure>\n<\/div>\n\n\n<h3 class=\"wp-block-heading\">DIRECTRICES DE USO DE LOS SERVICIOS DE MICROSOFT 365 EN CENTROS P\u00daBLICOS DE LA COMUNIDAD DE MADRID<\/h3>\n\n\n\n<p>La Consejer\u00eda de Educaci\u00f3n, Ciencia y Universidades (Consejer\u00eda) pone a disposici\u00f3n de los centros p\u00fablicos de la Comunidad de Madrid, de manera complementaria a la Plataforma Tecnol\u00f3gica EducaMadrid, los <strong>servicios de Microsoft 365<\/strong>. Estos servicios incluyen: Office online, Forms, Teams, Stream, SharePoint y espacio de almacenamiento. A continuaci\u00f3n os dejamos unas directrices b\u00e1sicas de uso de dichos servicios por parte del profesorado:<\/p>\n\n\n<div class=\"wp-block-image\">\n<figure class=\"aligncenter size-full is-resized\"><a href=\"https:\/\/cloud.educa.madrid.org\/s\/94W6cPC5yZsnTZR\" target=\"_blank\" rel=\" noreferrer noopener\"><img loading=\"lazy\" decoding=\"async\" width=\"647\" height=\"911\" src=\"https:\/\/site.educa.madrid.org\/ies.elespinillo.madrid\/\/wp-content\/uploads\/ies.elespinillo.madrid\/2025\/03\/documento3.fw_.png\" alt=\"\" class=\"wp-image-3261\" style=\"width:323px;height:auto\" srcset=\"https:\/\/site.educa.madrid.org\/ies.elespinillo.madrid\/\/wp-content\/uploads\/ies.elespinillo.madrid\/2025\/03\/documento3.fw_.png 647w, https:\/\/site.educa.madrid.org\/ies.elespinillo.madrid\/\/wp-content\/uploads\/ies.elespinillo.madrid\/2025\/03\/documento3.fw_-213x300.png 213w\" sizes=\"auto, (max-width: 647px) 100vw, 647px\" \/><\/a><figcaption class=\"wp-element-caption\"><strong>CLIC <\/strong>para acceder<\/figcaption><\/figure>\n<\/div>\n\n\n<h3 class=\"wp-block-heading\">RESPONSABILIDADES Y OBLIGACIONES EN LA UTILIZACI\u00d3N DE DISPOSITIVOS DIGITALES MOVILES EN LA ENS\u00d1ANZA INFANTIL, PRIMARIA Y SECUNDARIA.<\/h3>\n\n\n\n<p>La <strong>LOPDPGDD <\/strong>configura el Derecho a la educaci\u00f3n digital en el sistema educativo con la finalidad de garantizar la plena inserci\u00f3n del alumnado en la sociedad digital y el aprendizaje de un <strong>consumo responsable y un uso cr\u00edtico y seguro de los medios digitales<\/strong> y respetuoso con la dignidad humana, la justicia social y la sostenibilidad medioambiental, los valores constitucionales, los derechos fundamentales y, particularmente, con el respeto y la garant\u00eda de la intimidad personal y familiar y la protecci\u00f3n de datos personales. A continuaci\u00f3n os dejamos el documento para que lo pod\u00e1is consultar:<\/p>\n\n\n<div class=\"wp-block-image\">\n<figure class=\"aligncenter size-full is-resized\"><a href=\"https:\/\/cloud.educa.madrid.org\/s\/o9xEDgdZTC9xera\" target=\"_blank\" rel=\" noreferrer noopener\"><img loading=\"lazy\" decoding=\"async\" width=\"647\" height=\"911\" src=\"https:\/\/site.educa.madrid.org\/ies.elespinillo.madrid\/\/wp-content\/uploads\/ies.elespinillo.madrid\/2025\/03\/documento5.fw_.png\" alt=\"\" class=\"wp-image-3262\" style=\"width:329px;height:auto\" srcset=\"https:\/\/site.educa.madrid.org\/ies.elespinillo.madrid\/\/wp-content\/uploads\/ies.elespinillo.madrid\/2025\/03\/documento5.fw_.png 647w, https:\/\/site.educa.madrid.org\/ies.elespinillo.madrid\/\/wp-content\/uploads\/ies.elespinillo.madrid\/2025\/03\/documento5.fw_-213x300.png 213w\" sizes=\"auto, (max-width: 647px) 100vw, 647px\" \/><\/a><figcaption class=\"wp-element-caption\"><strong>CLIC <\/strong>para acceder<\/figcaption><\/figure>\n<\/div>","protected":false},"excerpt":{"rendered":"<p>CRITERIOS SOBRE PROTECCI\u00d3N DE DATOS La Delegaci\u00f3n de Protecci\u00f3n de Datos de la Consejer\u00eda de Educaci\u00f3n, Ciencia y Universidades de la Comunidad de Madrid, ha elaborado una nueva versi\u00f3n (Versi\u00f3n &#8230;<\/p>\n","protected":false},"author":2,"featured_media":0,"parent":2017,"menu_order":56,"comment_status":"closed","ping_status":"closed","template":"","meta":{"footnotes":""},"folder":[],"class_list":["post-3249","page","type-page","status-publish","hentry"],"rttpg_featured_image_url":null,"rttpg_author":{"display_name":"tic.ies.elespinillo.madrid","author_link":"https:\/\/site.educa.madrid.org\/ies.elespinillo.madrid\/index.php\/author\/cuenta_tic-ies-elespinillo-madrid\/"},"rttpg_comment":0,"rttpg_category":false,"rttpg_excerpt":"CRITERIOS SOBRE PROTECCI\u00d3N DE DATOS La Delegaci\u00f3n de Protecci\u00f3n de Datos de la Consejer\u00eda de Educaci\u00f3n, Ciencia y Universidades de la Comunidad de Madrid, ha elaborado una nueva versi\u00f3n (Versi\u00f3n ...","post_mailing_queue_ids":[],"_links":{"self":[{"href":"https:\/\/site.educa.madrid.org\/ies.elespinillo.madrid\/index.php\/wp-json\/wp\/v2\/pages\/3249","targetHints":{"allow":["GET"]}}],"collection":[{"href":"https:\/\/site.educa.madrid.org\/ies.elespinillo.madrid\/index.php\/wp-json\/wp\/v2\/pages"}],"about":[{"href":"https:\/\/site.educa.madrid.org\/ies.elespinillo.madrid\/index.php\/wp-json\/wp\/v2\/types\/page"}],"author":[{"embeddable":true,"href":"https:\/\/site.educa.madrid.org\/ies.elespinillo.madrid\/index.php\/wp-json\/wp\/v2\/users\/2"}],"replies":[{"embeddable":true,"href":"https:\/\/site.educa.madrid.org\/ies.elespinillo.madrid\/index.php\/wp-json\/wp\/v2\/comments?post=3249"}],"version-history":[{"count":7,"href":"https:\/\/site.educa.madrid.org\/ies.elespinillo.madrid\/index.php\/wp-json\/wp\/v2\/pages\/3249\/revisions"}],"predecessor-version":[{"id":3701,"href":"https:\/\/site.educa.madrid.org\/ies.elespinillo.madrid\/index.php\/wp-json\/wp\/v2\/pages\/3249\/revisions\/3701"}],"up":[{"embeddable":true,"href":"https:\/\/site.educa.madrid.org\/ies.elespinillo.madrid\/index.php\/wp-json\/wp\/v2\/pages\/2017"}],"wp:attachment":[{"href":"https:\/\/site.educa.madrid.org\/ies.elespinillo.madrid\/index.php\/wp-json\/wp\/v2\/media?parent=3249"}],"wp:term":[{"taxonomy":"folder","embeddable":true,"href":"https:\/\/site.educa.madrid.org\/ies.elespinillo.madrid\/index.php\/wp-json\/wp\/v2\/folder?post=3249"}],"curies":[{"name":"wp","href":"https:\/\/api.w.org\/{rel}","templated":true}]}}