{"id":1138,"date":"2025-05-05T13:22:59","date_gmt":"2025-05-05T11:22:59","guid":{"rendered":"https:\/\/site.educa.madrid.org\/ies.elpinar.alcorcon\/?page_id=1138"},"modified":"2026-03-04T13:15:52","modified_gmt":"2026-03-04T12:15:52","slug":"frances","status":"publish","type":"page","link":"https:\/\/site.educa.madrid.org\/ies.elpinar.alcorcon\/index.php\/quienes-somos\/departamentos\/frances\/","title":{"rendered":"Franc\u00e9s"},"content":{"rendered":"<style type='text\/css' media='all'>#rt-tpg-container-4048367082 .rt-holder .rt-woo-info .price{color:#0693e3;}body .rt-tpg-container .rt-tpg-isotope-buttons .selected,\n\t\t\t\t\t#rt-tpg-container-4048367082 .layout12 .rt-holder:hover .rt-detail,\n\t\t\t\t\t#rt-tpg-container-4048367082 .isotope8 .rt-holder:hover .rt-detail,\n\t\t\t\t\t#rt-tpg-container-4048367082 .carousel8 .rt-holder:hover .rt-detail,\n\t\t\t\t\t#rt-tpg-container-4048367082 .layout13 .rt-holder .overlay .post-info,\n\t\t\t\t\t#rt-tpg-container-4048367082 .isotope9 .rt-holder .overlay .post-info,\n\t\t\t\t\t#rt-tpg-container-4048367082.rt-tpg-container .layout4 .rt-holder .rt-detail,\n\t\t\t\t\t.rt-modal-4048367082 .md-content,\n\t\t\t\t\t.rt-modal-4048367082 .md-content > .rt-md-content-holder .rt-md-content,\n\t\t\t\t\t.rt-popup-wrap-4048367082.rt-popup-wrap .rt-popup-navigation-wrap,\n\t\t\t\t\t#rt-tpg-container-4048367082 .carousel9 .rt-holder .overlay .post-info{background-color:#0693e3;}#rt-tpg-container-4048367082 .layout5 .rt-holder .overlay, #rt-tpg-container-4048367082 .isotope2 .rt-holder .overlay, #rt-tpg-container-4048367082 .carousel2 .rt-holder .overlay,#rt-tpg-container-4048367082 .layout15 .rt-holder h3, #rt-tpg-container-4048367082 .isotope11 .rt-holder h3, #rt-tpg-container-4048367082 .carousel11 .rt-holder h3, #rt-tpg-container-4048367082 .layout16 .rt-holder h3,\n\t\t\t\t\t#rt-tpg-container-4048367082 .isotope12 .rt-holder h3, #rt-tpg-container-4048367082 .carousel12 .rt-holder h3 {background-color:rgba(6,147,227,0.8);}#rt-tpg-container-4048367082 .pagination-list li a,\n\t\t\t\t\trt-tpg-container-4048367082 .pagination-list li span,\n\t\t\t\t\trt-tpg-container-4048367082 .pagination li a,\n\t\t\t\t\t#rt-tpg-container-4048367082 .rt-tpg-isotope-buttons button,\n\t\t\t\t\t#rt-tpg-container-4048367082 .rt-tpg-utility .rt-tpg-load-more button,\n\t\t\t\t\t#rt-tpg-container-4048367082.rt-tpg-container .swiper-navigation .slider-btn,\n\t\t\t\t\t#rt-tpg-container-4048367082.rt-tpg-container .swiper-pagination-bullet,\n\t\t\t\t\t#rt-tpg-container-4048367082 .wc1 .rt-holder .rt-img-holder .overlay .product-more ul li a,\n\t\t\t\t\t#rt-tpg-container-4048367082 .wc2 .rt-detail .rt-wc-add-to-cart,\n\t\t\t\t\t#rt-tpg-container-4048367082 .wc3 .rt-detail .rt-wc-add-to-cart,\n\t\t\t\t\t#rt-tpg-container-4048367082 .wc4 .rt-detail .rt-wc-add-to-cart,\n\t\t\t\t\t#rt-tpg-container-4048367082 .wc-carousel2 .rt-detail .rt-wc-add-to-cart,\n\t\t\t\t\t#rt-tpg-container-4048367082 .wc-isotope2 .rt-detail .rt-wc-add-to-cart,\n\t\t\t\t\t#rt-tpg-container-4048367082 .rt-layout-filter-container .rt-filter-wrap .rt-filter-item-wrap.rt-filter-dropdown-wrap .rt-filter-dropdown,\n\t\t\t\t\t#rt-tpg-container-4048367082 .rt-layout-filter-container .rt-filter-sub-tax.sub-button-group .rt-filter-button-item,\n\t\t\t\t\t#rt-tpg-container-4048367082.rt-tpg-container .rt-pagination-wrap .rt-page-numbers .paginationjs .paginationjs-pages ul li>a,\n\t\t\t\t\t#rt-tpg-container-4048367082 .rt-filter-item-wrap.rt-filter-button-wrap span.rt-filter-button-item,\n\t\t\t\t\t#rt-tpg-container-4048367082.rt-tpg-container .rt-pagination-wrap  .rt-loadmore-btn,\n\t\t\t\t\t#rt-tpg-container-4048367082.rt-tpg-container .rt-pagination-wrap .rt-cb-page-prev-next > *,\n\t\t\t\t\t#rt-tpg-container-4048367082 .rt-read-more,\n\t\t\t\t\t#rt-tooltip-4048367082, #rt-tooltip-4048367082 .rt-tooltip-bottom:after{background-color:#0693e3;}#rt-tpg-container-4048367082 .rt-filter-item-wrap.rt-filter-button-wrap span.rt-filter-button-item,\n\t\t\t\t\t#rt-tpg-container-4048367082 .rt-layout-filter-container .rt-filter-sub-tax.sub-button-group .rt-filter-button-item{border-color:#0693e3;}#rt-tpg-container-4048367082.rt-tpg-container .layout17 .rt-holder .overlay a.tpg-zoom .fa{color:#0693e3;}#rt-tpg-container-4048367082 .rt-holder .read-more a {background-color:#0693e3;padding: 8px 15px;}#rt-tpg-container-4048367082 .pagination-list li a,\n\t\t\t\t\t#rt-tpg-container-4048367082 .pagination li a,\n\t\t\t\t\t#rt-tpg-container-4048367082 .rt-tpg-isotope-buttons button,\n\t\t\t\t\t#rt-tpg-container-4048367082 .rt-holder .read-more a,\n\t\t\t\t\t#rt-tpg-container-4048367082 .rt-tpg-utility .rt-tpg-load-more button,\n\t\t\t\t\t#rt-tpg-container-4048367082.rt-tpg-container .swiper-navigation .slider-btn,\n\t\t\t\t\t#rt-tpg-container-4048367082 .wc1 .rt-holder .rt-img-holder .overlay .product-more ul li a,\n\t\t\t\t\t#rt-tpg-container-4048367082 .edd1 .rt-holder .rt-img-holder .overlay .product-more ul li a,\n\t\t\t\t\t#rt-tpg-container-4048367082 .wc2 .rt-detail .rt-wc-add-to-cart,\n\t\t\t\t\t#rt-tpg-container-4048367082 .wc3 .rt-detail .rt-wc-add-to-cart,\n\t\t\t\t\t#rt-tpg-container-4048367082 .edd2 .rt-detail .rt-wc-add-to-cart,\n\t\t\t\t\t#rt-tpg-container-4048367082 .wc4 .rt-detail .rt-wc-add-to-cart,\n\t\t\t\t\t#rt-tpg-container-4048367082 .edd3 .rt-detail .rt-wc-add-to-cart,\n\t\t\t\t\t#rt-tpg-container-4048367082 .wc-carousel2 .rt-detail .rt-wc-add-to-cart,\n\t\t\t\t\t#rt-tpg-container-4048367082 .wc-isotope2 .rt-detail .rt-wc-add-to-cart,\n\t\t\t\t\t#rt-tpg-container-4048367082 .rt-tpg-utility .rt-tpg-load-more button,\n\t\t\t\t\t#rt-tooltip-4048367082,\n\t\t\t\t\t#rt-tpg-container-4048367082 .rt-filter-item-wrap.rt-filter-button-wrap span.rt-filter-button-item,\n\t\t\t\t\t#rt-tpg-container-4048367082 .rt-layout-filter-container .rt-filter-sub-tax.sub-button-group .rt-filter-button-item,\n\t\t\t\t\t#rt-tpg-container-4048367082 .rt-layout-filter-container .rt-filter-wrap .rt-filter-item-wrap.rt-sort-order-action,\n\t\t\t\t\t#rt-tpg-container-4048367082 .rt-layout-filter-container .rt-filter-wrap .rt-filter-item-wrap.rt-filter-dropdown-wrap .rt-filter-dropdown .rt-filter-dropdown-item,\n\t\t\t\t\t#rt-tpg-container-4048367082.rt-tpg-container .rt-pagination-wrap .rt-page-numbers .paginationjs .paginationjs-pages ul li>a,\n\t\t\t\t\t#rt-tpg-container-4048367082.rt-tpg-container .rt-pagination-wrap .rt-cb-page-prev-next > *,\n\t\t\t\t\t#rt-tpg-container-4048367082.rt-tpg-container .rt-pagination-wrap  .rt-loadmore-btn,\n\t\t\t\t\t#rt-tpg-container-4048367082 .rt-read-more,\n\t\t\t\t\t#rt-tooltip-4048367082 .rt-tooltip-bottom:after{color:#0693e3;}#rt-tpg-container-4048367082 .read-more a{border-radius:px;}#rt-tpg-container-4048367082 .rt-img-holder img.rt-img-responsive,#rt-tpg-container-4048367082 .rt-img-holder,\n\t\t\t\t\t#rt-tpg-container-4048367082 .rt-post-overlay .post-img,\n\t\t\t\t\t#rt-tpg-container-4048367082 .post-sm .post-img,\n\t\t\t\t\t#rt-tpg-container-4048367082 .rt-post-grid .post-img,\n\t\t\t\t\t#rt-tpg-container-4048367082 .post-img img {border-radius:px;}#rt-tpg-container-4048367082 .layout2 .rt-holder h2.entry-title,\n\t\t\t\t\t#rt-tpg-container-4048367082 .layout2 .rt-holder h3.entry-title,\n\t\t\t\t\t#rt-tpg-container-4048367082 .layout2 .rt-holder h4.entry-title,\n\t\t\t\t\t#rt-tpg-container-4048367082 .layout2 .rt-holder h2.entry-title a,\n\t\t\t\t\t#rt-tpg-container-4048367082 .layout2 .rt-holder h3.entry-title a,\n\t\t\t\t\t#rt-tpg-container-4048367082 .layout2 .rt-holder h4.entry-title a,\n\t\t\t\t\t#rt-tpg-container-4048367082 .rt-holder .rt-woo-info h2 a,\n\t\t\t\t\t#rt-tpg-container-4048367082 .rt-holder .rt-woo-info h3 a,\n\t\t\t\t\t#rt-tpg-container-4048367082 .rt-holder .rt-woo-info h4 a,\n\t\t\t\t\t#rt-tpg-container-4048367082 .post-content .post-title,\n\t\t\t\t\t#rt-tpg-container-4048367082 .rt-post-grid .post-title,\n\t\t\t\t\t#rt-tpg-container-4048367082 .rt-post-grid .post-title a,\n\t\t\t\t\t#rt-tpg-container-4048367082 .post-content .post-title a,\n\t\t\t\t\t#rt-tpg-container-4048367082 .rt-holder .rt-woo-info h2,\n\t\t\t\t\t#rt-tpg-container-4048367082 .rt-holder .rt-woo-info h3,\n\t\t\t\t\t#rt-tpg-container-4048367082 .rt-holder .rt-woo-info h4{color:#0693e3;text-align:center;}<\/style><div class='rt-container-fluid rt-tpg-container tpg-shortcode-main-wrapper ' id='rt-tpg-container-4048367082'   data-layout='layout2' data-grid-style='even' data-desktop-col='1'  data-tab-col='2'  data-mobile-col='1' data-sc-id='1140'><div data-title='Loading ...' class='rt-row rt-content-loader   layout2 tpg-even '><div class=\"rt-col-md-12 rt-col-sm-6 rt-col-xs-12 even-grid-item rt-grid-item\" data-id=\"1144\"><div class=\"rt-holder\"><div class=\"rt-row\"><div class='rt-col-xs-12'><div class='rt-detail'><h3 class=\"entry-title\"><a data-id=\"1144\" class=\"\" href=\"https:\/\/site.educa.madrid.org\/ies.elpinar.alcorcon\/index.php\/2025\/04\/05\/viaje-a-francia-2\/\">Viaje a Francia<\/a><\/h3><div class='post-meta-user '><span class='date-meta'><i class='far fa-calendar-alt '><\/i>5 abril, 2025<\/span><\/div><div class='tpg-excerpt'>\n<figure class=\"wp-block-gallery has-nested-images columns-default is-cropped wp-block-gallery-1 is-layout-flex wp-block-gallery-is-layout-flex\">\n<figure class=\"wp-block-image size-large\"><img decoding=\"async\" loading=\"lazy\" width=\"771\" height=\"1024\" data-id=\"1151\" src=\"https:\/\/site.educa.madrid.org\/ies.elpinar.alcorcon\/\/wp-content\/uploads\/ies.elpinar.alcorcon\/2025\/05\/IMG20250402194745-771x1024.jpg\" alt=\"\" class=\"wp-image-1151\" srcset=\"https:\/\/site.educa.madrid.org\/ies.elpinar.alcorcon\/\/wp-content\/uploads\/ies.elpinar.alcorcon\/2025\/05\/IMG20250402194745-771x1024.jpg 771w, https:\/\/site.educa.madrid.org\/ies.elpinar.alcorcon\/\/wp-content\/uploads\/ies.elpinar.alcorcon\/2025\/05\/IMG20250402194745-226x300.jpg 226w, https:\/\/site.educa.madrid.org\/ies.elpinar.alcorcon\/\/wp-content\/uploads\/ies.elpinar.alcorcon\/2025\/05\/IMG20250402194745-768x1020.jpg 768w, https:\/\/site.educa.madrid.org\/ies.elpinar.alcorcon\/\/wp-content\/uploads\/ies.elpinar.alcorcon\/2025\/05\/IMG20250402194745-1157x1536.jpg 1157w, https:\/\/site.educa.madrid.org\/ies.elpinar.alcorcon\/\/wp-content\/uploads\/ies.elpinar.alcorcon\/2025\/05\/IMG20250402194745-1542x2048.jpg 1542w, https:\/\/site.educa.madrid.org\/ies.elpinar.alcorcon\/\/wp-content\/uploads\/ies.elpinar.alcorcon\/2025\/05\/IMG20250402194745-scaled.jpg 1928w\" sizes=\"auto, (max-width: 706px) 89vw, (max-width: 767px) 82vw, 740px\" \/><\/figure>\n\n\n\n<figure class=\"wp-block-image size-large\"><img decoding=\"async\" loading=\"lazy\" width=\"1024\" height=\"771\" data-id=\"1150\" src=\"https:\/\/site.educa.madrid.org\/ies.elpinar.alcorcon\/\/wp-content\/uploads\/ies.elpinar.alcorcon\/2025\/05\/IMG20250404095252-1024x771.jpg\" alt=\"\" class=\"wp-image-1150\" srcset=\"https:\/\/site.educa.madrid.org\/ies.elpinar.alcorcon\/\/wp-content\/uploads\/ies.elpinar.alcorcon\/2025\/05\/IMG20250404095252-1024x771.jpg 1024w, https:\/\/site.educa.madrid.org\/ies.elpinar.alcorcon\/\/wp-content\/uploads\/ies.elpinar.alcorcon\/2025\/05\/IMG20250404095252-300x226.jpg 300w, https:\/\/site.educa.madrid.org\/ies.elpinar.alcorcon\/\/wp-content\/uploads\/ies.elpinar.alcorcon\/2025\/05\/IMG20250404095252-768x578.jpg 768w, https:\/\/site.educa.madrid.org\/ies.elpinar.alcorcon\/\/wp-content\/uploads\/ies.elpinar.alcorcon\/2025\/05\/IMG20250404095252-1536x1157.jpg 1536w, https:\/\/site.educa.madrid.org\/ies.elpinar.alcorcon\/\/wp-content\/uploads\/ies.elpinar.alcorcon\/2025\/05\/IMG20250404095252-2048x1542.jpg 2048w\" sizes=\"auto, (max-width: 706px) 89vw, (max-width: 767px) 82vw, 740px\" \/><\/figure>\n\n\n\n<figure class=\"wp-block-image size-large\"><img decoding=\"async\" loading=\"lazy\" width=\"1024\" height=\"771\" data-id=\"1149\" src=\"https:\/\/site.educa.madrid.org\/ies.elpinar.alcorcon\/\/wp-content\/uploads\/ies.elpinar.alcorcon\/2025\/05\/IMG20250331150753-1-1024x771.jpg\" alt=\"\" class=\"wp-image-1149\" srcset=\"https:\/\/site.educa.madrid.org\/ies.elpinar.alcorcon\/\/wp-content\/uploads\/ies.elpinar.alcorcon\/2025\/05\/IMG20250331150753-1-1024x771.jpg 1024w, https:\/\/site.educa.madrid.org\/ies.elpinar.alcorcon\/\/wp-content\/uploads\/ies.elpinar.alcorcon\/2025\/05\/IMG20250331150753-1-300x226.jpg 300w, https:\/\/site.educa.madrid.org\/ies.elpinar.alcorcon\/\/wp-content\/uploads\/ies.elpinar.alcorcon\/2025\/05\/IMG20250331150753-1-768x578.jpg 768w, https:\/\/site.educa.madrid.org\/ies.elpinar.alcorcon\/\/wp-content\/uploads\/ies.elpinar.alcorcon\/2025\/05\/IMG20250331150753-1-1536x1157.jpg 1536w, https:\/\/site.educa.madrid.org\/ies.elpinar.alcorcon\/\/wp-content\/uploads\/ies.elpinar.alcorcon\/2025\/05\/IMG20250331150753-1-2048x1542.jpg 2048w\" sizes=\"auto, (max-width: 706px) 89vw, (max-width: 767px) 82vw, 740px\" \/><\/figure>\n\n\n\n<figure class=\"wp-block-image size-large\"><img decoding=\"async\" loading=\"lazy\" width=\"1024\" height=\"771\" data-id=\"1148\" src=\"https:\/\/site.educa.madrid.org\/ies.elpinar.alcorcon\/\/wp-content\/uploads\/ies.elpinar.alcorcon\/2025\/05\/IMG20250404135749-1-1024x771.jpg\" alt=\"\" class=\"wp-image-1148\" srcset=\"https:\/\/site.educa.madrid.org\/ies.elpinar.alcorcon\/\/wp-content\/uploads\/ies.elpinar.alcorcon\/2025\/05\/IMG20250404135749-1-1024x771.jpg 1024w, https:\/\/site.educa.madrid.org\/ies.elpinar.alcorcon\/\/wp-content\/uploads\/ies.elpinar.alcorcon\/2025\/05\/IMG20250404135749-1-300x226.jpg 300w, https:\/\/site.educa.madrid.org\/ies.elpinar.alcorcon\/\/wp-content\/uploads\/ies.elpinar.alcorcon\/2025\/05\/IMG20250404135749-1-768x578.jpg 768w, https:\/\/site.educa.madrid.org\/ies.elpinar.alcorcon\/\/wp-content\/uploads\/ies.elpinar.alcorcon\/2025\/05\/IMG20250404135749-1-1536x1157.jpg 1536w, https:\/\/site.educa.madrid.org\/ies.elpinar.alcorcon\/\/wp-content\/uploads\/ies.elpinar.alcorcon\/2025\/05\/IMG20250404135749-1-2048x1542.jpg 2048w\" sizes=\"auto, (max-width: 706px) 89vw, (max-width: 767px) 82vw, 740px\" \/><\/figure>\n\n\n\n<figure class=\"wp-block-image size-large\"><img decoding=\"async\" loading=\"lazy\" width=\"1024\" height=\"771\" data-id=\"1147\" src=\"https:\/\/site.educa.madrid.org\/ies.elpinar.alcorcon\/\/wp-content\/uploads\/ies.elpinar.alcorcon\/2025\/05\/IMG20250404140354-1024x771.jpg\" alt=\"\" class=\"wp-image-1147\" srcset=\"https:\/\/site.educa.madrid.org\/ies.elpinar.alcorcon\/\/wp-content\/uploads\/ies.elpinar.alcorcon\/2025\/05\/IMG20250404140354-1024x771.jpg 1024w, https:\/\/site.educa.madrid.org\/ies.elpinar.alcorcon\/\/wp-content\/uploads\/ies.elpinar.alcorcon\/2025\/05\/IMG20250404140354-300x226.jpg 300w, https:\/\/site.educa.madrid.org\/ies.elpinar.alcorcon\/\/wp-content\/uploads\/ies.elpinar.alcorcon\/2025\/05\/IMG20250404140354-768x578.jpg 768w, https:\/\/site.educa.madrid.org\/ies.elpinar.alcorcon\/\/wp-content\/uploads\/ies.elpinar.alcorcon\/2025\/05\/IMG20250404140354-1536x1157.jpg 1536w, https:\/\/site.educa.madrid.org\/ies.elpinar.alcorcon\/\/wp-content\/uploads\/ies.elpinar.alcorcon\/2025\/05\/IMG20250404140354-2048x1542.jpg 2048w\" sizes=\"auto, (max-width: 706px) 89vw, (max-width: 767px) 82vw, 740px\" \/><\/figure>\n\n\n\n<figure class=\"wp-block-image size-large\"><img decoding=\"async\" loading=\"lazy\" width=\"1024\" height=\"771\" data-id=\"1146\" src=\"https:\/\/site.educa.madrid.org\/ies.elpinar.alcorcon\/\/wp-content\/uploads\/ies.elpinar.alcorcon\/2025\/05\/IMG20250402122601-1-1024x771.jpg\" alt=\"\" class=\"wp-image-1146\" srcset=\"https:\/\/site.educa.madrid.org\/ies.elpinar.alcorcon\/\/wp-content\/uploads\/ies.elpinar.alcorcon\/2025\/05\/IMG20250402122601-1-1024x771.jpg 1024w, https:\/\/site.educa.madrid.org\/ies.elpinar.alcorcon\/\/wp-content\/uploads\/ies.elpinar.alcorcon\/2025\/05\/IMG20250402122601-1-300x226.jpg 300w, https:\/\/site.educa.madrid.org\/ies.elpinar.alcorcon\/\/wp-content\/uploads\/ies.elpinar.alcorcon\/2025\/05\/IMG20250402122601-1-768x578.jpg 768w, https:\/\/site.educa.madrid.org\/ies.elpinar.alcorcon\/\/wp-content\/uploads\/ies.elpinar.alcorcon\/2025\/05\/IMG20250402122601-1-1536x1157.jpg 1536w, https:\/\/site.educa.madrid.org\/ies.elpinar.alcorcon\/\/wp-content\/uploads\/ies.elpinar.alcorcon\/2025\/05\/IMG20250402122601-1-2048x1542.jpg 2048w\" sizes=\"auto, (max-width: 706px) 89vw, (max-width: 767px) 82vw, 740px\" \/><\/figure>\n\n\n\n<figure class=\"wp-block-image size-large\"><img decoding=\"async\" loading=\"lazy\" width=\"771\" height=\"1024\" data-id=\"1145\" src=\"https:\/\/site.educa.madrid.org\/ies.elpinar.alcorcon\/\/wp-content\/uploads\/ies.elpinar.alcorcon\/2025\/05\/IMG20250404135618-1-771x1024.jpg\" alt=\"\" class=\"wp-image-1145\" srcset=\"https:\/\/site.educa.madrid.org\/ies.elpinar.alcorcon\/\/wp-content\/uploads\/ies.elpinar.alcorcon\/2025\/05\/IMG20250404135618-1-771x1024.jpg 771w, https:\/\/site.educa.madrid.org\/ies.elpinar.alcorcon\/\/wp-content\/uploads\/ies.elpinar.alcorcon\/2025\/05\/IMG20250404135618-1-226x300.jpg 226w, https:\/\/site.educa.madrid.org\/ies.elpinar.alcorcon\/\/wp-content\/uploads\/ies.elpinar.alcorcon\/2025\/05\/IMG20250404135618-1-768x1020.jpg 768w, https:\/\/site.educa.madrid.org\/ies.elpinar.alcorcon\/\/wp-content\/uploads\/ies.elpinar.alcorcon\/2025\/05\/IMG20250404135618-1-1157x1536.jpg 1157w, https:\/\/site.educa.madrid.org\/ies.elpinar.alcorcon\/\/wp-content\/uploads\/ies.elpinar.alcorcon\/2025\/05\/IMG20250404135618-1-1542x2048.jpg 1542w, https:\/\/site.educa.madrid.org\/ies.elpinar.alcorcon\/\/wp-content\/uploads\/ies.elpinar.alcorcon\/2025\/05\/IMG20250404135618-1-scaled.jpg 1928w\" sizes=\"auto, (max-width: 706px) 89vw, (max-width: 767px) 82vw, 740px\" \/><figcaption class=\"wp-element-caption\">Dune du Pilat<\/figcaption><\/figure>\n<\/figure>\n\n\n\n<p class=\"has-text-align-center\">Este curso los alumnos de Bachillerato han viajado a Par\u00eds junto a compa\u00f1eros del IES Los Castillos. Pero no s\u00f3lo han conocido Par\u00eds, tambi\u00e9n han pasado un d\u00eda en Futuroscope (Poitiers) ,han visitado Burdeos, han visitado Los Castillos de Loira y han conocido la duna m\u00e1s grande Europa, la Dune du Pilat<\/p>\n<\/div><\/div><\/div><\/div><\/div><\/div><div class=\"rt-col-md-12 rt-col-sm-6 rt-col-xs-12 even-grid-item rt-grid-item\" data-id=\"1202\"><div class=\"rt-holder\"><div class=\"rt-row\"><div class='rt-col-xs-12'><div class='rt-detail'><h3 class=\"entry-title\"><a data-id=\"1202\" class=\"\" href=\"https:\/\/site.educa.madrid.org\/ies.elpinar.alcorcon\/index.php\/2025\/03\/20\/crepes\/\">Cr\u00eapes<\/a><\/h3><div class='post-meta-user '><span class='date-meta'><i class='far fa-calendar-alt '><\/i>20 marzo, 2025<\/span><\/div><div class='tpg-excerpt'>\n<figure class=\"wp-block-gallery has-nested-images columns-default is-cropped wp-block-gallery-2 is-layout-flex wp-block-gallery-is-layout-flex\">\n<figure class=\"wp-block-image size-large\"><img decoding=\"async\" loading=\"lazy\" width=\"1024\" height=\"771\" data-id=\"1201\" src=\"https:\/\/site.educa.madrid.org\/ies.elpinar.alcorcon\/\/wp-content\/uploads\/ies.elpinar.alcorcon\/2025\/05\/crepes2-1024x771.jpg\" alt=\"\" class=\"wp-image-1201\" srcset=\"https:\/\/site.educa.madrid.org\/ies.elpinar.alcorcon\/\/wp-content\/uploads\/ies.elpinar.alcorcon\/2025\/05\/crepes2-1024x771.jpg 1024w, https:\/\/site.educa.madrid.org\/ies.elpinar.alcorcon\/\/wp-content\/uploads\/ies.elpinar.alcorcon\/2025\/05\/crepes2-300x226.jpg 300w, https:\/\/site.educa.madrid.org\/ies.elpinar.alcorcon\/\/wp-content\/uploads\/ies.elpinar.alcorcon\/2025\/05\/crepes2-768x578.jpg 768w, https:\/\/site.educa.madrid.org\/ies.elpinar.alcorcon\/\/wp-content\/uploads\/ies.elpinar.alcorcon\/2025\/05\/crepes2-1536x1157.jpg 1536w, https:\/\/site.educa.madrid.org\/ies.elpinar.alcorcon\/\/wp-content\/uploads\/ies.elpinar.alcorcon\/2025\/05\/crepes2-2048x1542.jpg 2048w\" sizes=\"auto, (max-width: 706px) 89vw, (max-width: 767px) 82vw, 740px\" \/><\/figure>\n\n\n\n<figure class=\"wp-block-image size-large\"><img decoding=\"async\" loading=\"lazy\" width=\"1024\" height=\"771\" data-id=\"1200\" src=\"https:\/\/site.educa.madrid.org\/ies.elpinar.alcorcon\/\/wp-content\/uploads\/ies.elpinar.alcorcon\/2025\/05\/crepes1-1024x771.jpg\" alt=\"\" class=\"wp-image-1200\" srcset=\"https:\/\/site.educa.madrid.org\/ies.elpinar.alcorcon\/\/wp-content\/uploads\/ies.elpinar.alcorcon\/2025\/05\/crepes1-1024x771.jpg 1024w, https:\/\/site.educa.madrid.org\/ies.elpinar.alcorcon\/\/wp-content\/uploads\/ies.elpinar.alcorcon\/2025\/05\/crepes1-300x226.jpg 300w, https:\/\/site.educa.madrid.org\/ies.elpinar.alcorcon\/\/wp-content\/uploads\/ies.elpinar.alcorcon\/2025\/05\/crepes1-768x578.jpg 768w, https:\/\/site.educa.madrid.org\/ies.elpinar.alcorcon\/\/wp-content\/uploads\/ies.elpinar.alcorcon\/2025\/05\/crepes1-1536x1157.jpg 1536w, https:\/\/site.educa.madrid.org\/ies.elpinar.alcorcon\/\/wp-content\/uploads\/ies.elpinar.alcorcon\/2025\/05\/crepes1-2048x1542.jpg 2048w\" sizes=\"auto, (max-width: 706px) 89vw, (max-width: 767px) 82vw, 740px\" \/><\/figure>\n<\/figure>\n\n\n\n<p class=\"has-text-align-center\">Degustaci\u00f3n de Cr\u00eapes con el alumnado de 1\u00ba de Bachillerato.<\/p>\n<\/div><\/div><\/div><\/div><\/div><\/div><div class=\"rt-col-md-12 rt-col-sm-6 rt-col-xs-12 even-grid-item rt-grid-item\" data-id=\"1196\"><div class=\"rt-holder\"><div class=\"rt-row\"><div class='rt-col-xs-12'><div class='rt-detail'><h3 class=\"entry-title\"><a data-id=\"1196\" class=\"\" href=\"https:\/\/site.educa.madrid.org\/ies.elpinar.alcorcon\/index.php\/2025\/03\/13\/teatro-frances\/\">Teatro Franc\u00e9s<\/a><\/h3><div class='post-meta-user '><span class='date-meta'><i class='far fa-calendar-alt '><\/i>13 marzo, 2025<\/span><\/div><div class='tpg-excerpt'>\n<div class=\"wp-block-media-text is-stacked-on-mobile\"><figure class=\"wp-block-media-text__media\"><img decoding=\"async\" loading=\"lazy\" width=\"1024\" height=\"771\" src=\"https:\/\/site.educa.madrid.org\/ies.elpinar.alcorcon\/\/wp-content\/uploads\/ies.elpinar.alcorcon\/2025\/05\/IMG20250313120023-1-1024x771.jpg\" alt=\"\" class=\"wp-image-1198 size-full\" srcset=\"https:\/\/site.educa.madrid.org\/ies.elpinar.alcorcon\/\/wp-content\/uploads\/ies.elpinar.alcorcon\/2025\/05\/IMG20250313120023-1-1024x771.jpg 1024w, https:\/\/site.educa.madrid.org\/ies.elpinar.alcorcon\/\/wp-content\/uploads\/ies.elpinar.alcorcon\/2025\/05\/IMG20250313120023-1-300x226.jpg 300w, https:\/\/site.educa.madrid.org\/ies.elpinar.alcorcon\/\/wp-content\/uploads\/ies.elpinar.alcorcon\/2025\/05\/IMG20250313120023-1-768x578.jpg 768w, https:\/\/site.educa.madrid.org\/ies.elpinar.alcorcon\/\/wp-content\/uploads\/ies.elpinar.alcorcon\/2025\/05\/IMG20250313120023-1-1536x1157.jpg 1536w, https:\/\/site.educa.madrid.org\/ies.elpinar.alcorcon\/\/wp-content\/uploads\/ies.elpinar.alcorcon\/2025\/05\/IMG20250313120023-1-2048x1542.jpg 2048w\" sizes=\"auto, (max-width: 706px) 89vw, (max-width: 767px) 82vw, 740px\" \/><\/figure><div class=\"wp-block-media-text__content\">\n<p>Estuvimos en el teatro viendo la obra Notre Dame de Par\u00eds e interactuamos con Quasimodo y con Esmeralda.<\/p>\n<\/div><\/div>\n\n\n\n<p><\/p>\n<\/div><\/div><\/div><\/div><\/div><\/div><\/div><\/div>\n\n\n<p class=\"has-text-align-center has-vivid-cyan-blue-color has-text-color has-link-color has-medium-font-size wp-elements-86c8e8a8d02a8d29eccaf2417d3e401f\"><\/p>\n","protected":false},"excerpt":{"rendered":"","protected":false},"author":2,"featured_media":0,"parent":896,"menu_order":4,"comment_status":"closed","ping_status":"closed","template":"page-with-submenu.php","meta":{"footnotes":""},"folder":[],"class_list":["post-1138","page","type-page","status-publish","hentry"],"rttpg_featured_image_url":null,"rttpg_author":{"display_name":"tic.ies.elpinar.alcorcon","author_link":"https:\/\/site.educa.madrid.org\/ies.elpinar.alcorcon\/index.php\/author\/cuenta_tic-ies-elpinar-alcorcon\/"},"rttpg_comment":0,"rttpg_category":false,"rttpg_excerpt":null,"post_mailing_queue_ids":[],"_links":{"self":[{"href":"https:\/\/site.educa.madrid.org\/ies.elpinar.alcorcon\/index.php\/wp-json\/wp\/v2\/pages\/1138","targetHints":{"allow":["GET"]}}],"collection":[{"href":"https:\/\/site.educa.madrid.org\/ies.elpinar.alcorcon\/index.php\/wp-json\/wp\/v2\/pages"}],"about":[{"href":"https:\/\/site.educa.madrid.org\/ies.elpinar.alcorcon\/index.php\/wp-json\/wp\/v2\/types\/page"}],"author":[{"embeddable":true,"href":"https:\/\/site.educa.madrid.org\/ies.elpinar.alcorcon\/index.php\/wp-json\/wp\/v2\/users\/2"}],"replies":[{"embeddable":true,"href":"https:\/\/site.educa.madrid.org\/ies.elpinar.alcorcon\/index.php\/wp-json\/wp\/v2\/comments?post=1138"}],"version-history":[{"count":4,"href":"https:\/\/site.educa.madrid.org\/ies.elpinar.alcorcon\/index.php\/wp-json\/wp\/v2\/pages\/1138\/revisions"}],"predecessor-version":[{"id":1165,"href":"https:\/\/site.educa.madrid.org\/ies.elpinar.alcorcon\/index.php\/wp-json\/wp\/v2\/pages\/1138\/revisions\/1165"}],"up":[{"embeddable":true,"href":"https:\/\/site.educa.madrid.org\/ies.elpinar.alcorcon\/index.php\/wp-json\/wp\/v2\/pages\/896"}],"wp:attachment":[{"href":"https:\/\/site.educa.madrid.org\/ies.elpinar.alcorcon\/index.php\/wp-json\/wp\/v2\/media?parent=1138"}],"wp:term":[{"taxonomy":"folder","embeddable":true,"href":"https:\/\/site.educa.madrid.org\/ies.elpinar.alcorcon\/index.php\/wp-json\/wp\/v2\/folder?post=1138"}],"curies":[{"name":"wp","href":"https:\/\/api.w.org\/{rel}","templated":true}]}}