{"id":148,"date":"2022-02-21T11:04:35","date_gmt":"2022-02-21T10:04:35","guid":{"rendered":"https:\/\/site.educa.madrid.org\/ies.elpinar.alcorcon\/?page_id=148"},"modified":"2025-05-31T09:31:51","modified_gmt":"2025-05-31T07:31:51","slug":"secretaria","status":"publish","type":"page","link":"https:\/\/site.educa.madrid.org\/ies.elpinar.alcorcon\/index.php\/secretaria\/","title":{"rendered":"SECRETAR\u00cdA"},"content":{"rendered":"\n<div class=\"wp-block-group\"><div class=\"wp-block-group__inner-container is-layout-flow wp-block-group-is-layout-flow\">\n<div class=\"wp-block-buttons is-horizontal is-content-justification-center is-layout-flex wp-container-core-buttons-is-layout-1891d752 wp-block-buttons-is-layout-flex\"><\/div>\n\n\n\n<p><\/p>\n\n\n\n<div class=\"wp-block-group\"><div class=\"wp-block-group__inner-container is-layout-flow wp-block-group-is-layout-flow\">\n<div class=\"wp-block-group\"><div class=\"wp-block-group__inner-container is-layout-constrained wp-block-group-is-layout-constrained\">\n<p>La secretar\u00eda se encuentra en el vest\u00edbulo del edificio principal.<\/p>\n\n\n\n<p>El horario de atenci\u00f3n es de 10:00 a 12:00 de lunes a viernes.<\/p>\n\n\n\n<p>Y de 16:00 a 17:00 los lunes de <strong>Octubre a Mayo<\/strong>.<\/p>\n\n\n\n<p class=\"has-text-align-center\">Tel\u00e9fono 916439644 <\/p>\n\n\n\n<p>SECRETAR\u00cdA: <a href=\"mailto:secretaria.ies.elpinar.alcorcon@educa.madrid.org\">secretaria.ies.elpinar.alcorcon@educa.madrid.org<\/a><\/p>\n<\/div><\/div>\n<\/div><\/div>\n<\/div><\/div>\n\n\n\n<hr class=\"wp-block-separator aligncenter has-alpha-channel-opacity is-style-wide\"\/>\n\n\n\n<hr class=\"wp-block-separator has-text-color has-cyan-bluish-gray-color has-alpha-channel-opacity has-cyan-bluish-gray-background-color has-background is-style-wide\"\/>\n","protected":false},"excerpt":{"rendered":"<p>La secretar\u00eda se encuentra en el vest\u00edbulo del edificio principal. El horario de atenci\u00f3n es de 10:00 a 12:00 de lunes a viernes. Y de 16:00 a 17:00 los lunes de Octubre a Mayo. Tel\u00e9fono 916439644 SECRETAR\u00cdA: secretaria.ies.elpinar.alcorcon@educa.madrid.org<\/p>\n","protected":false},"author":5,"featured_media":0,"parent":0,"menu_order":4,"comment_status":"closed","ping_status":"closed","template":"page-with-submenu.php","meta":{"footnotes":""},"folder":[],"class_list":["post-148","page","type-page","status-publish","hentry"],"rttpg_featured_image_url":null,"rttpg_author":{"display_name":"Nieves Guti\u00e9rrez de la Concepci\u00f3n","author_link":"https:\/\/site.educa.madrid.org\/ies.elpinar.alcorcon\/index.php\/author\/nieves_gutirrez-de-la-concepcin\/"},"rttpg_comment":0,"rttpg_category":false,"rttpg_excerpt":"La secretar\u00eda se encuentra en el vest\u00edbulo del edificio principal. El horario de atenci\u00f3n es de 10:00 a 12:00 de lunes a viernes. Y de 16:00 a 17:00 los lunes de Octubre a Mayo. Tel\u00e9fono 916439644 SECRETAR\u00cdA: secretaria.ies.elpinar.alcorcon@educa.madrid.org","post_mailing_queue_ids":[],"_links":{"self":[{"href":"https:\/\/site.educa.madrid.org\/ies.elpinar.alcorcon\/index.php\/wp-json\/wp\/v2\/pages\/148","targetHints":{"allow":["GET"]}}],"collection":[{"href":"https:\/\/site.educa.madrid.org\/ies.elpinar.alcorcon\/index.php\/wp-json\/wp\/v2\/pages"}],"about":[{"href":"https:\/\/site.educa.madrid.org\/ies.elpinar.alcorcon\/index.php\/wp-json\/wp\/v2\/types\/page"}],"author":[{"embeddable":true,"href":"https:\/\/site.educa.madrid.org\/ies.elpinar.alcorcon\/index.php\/wp-json\/wp\/v2\/users\/5"}],"replies":[{"embeddable":true,"href":"https:\/\/site.educa.madrid.org\/ies.elpinar.alcorcon\/index.php\/wp-json\/wp\/v2\/comments?post=148"}],"version-history":[{"count":49,"href":"https:\/\/site.educa.madrid.org\/ies.elpinar.alcorcon\/index.php\/wp-json\/wp\/v2\/pages\/148\/revisions"}],"predecessor-version":[{"id":1328,"href":"https:\/\/site.educa.madrid.org\/ies.elpinar.alcorcon\/index.php\/wp-json\/wp\/v2\/pages\/148\/revisions\/1328"}],"wp:attachment":[{"href":"https:\/\/site.educa.madrid.org\/ies.elpinar.alcorcon\/index.php\/wp-json\/wp\/v2\/media?parent=148"}],"wp:term":[{"taxonomy":"folder","embeddable":true,"href":"https:\/\/site.educa.madrid.org\/ies.elpinar.alcorcon\/index.php\/wp-json\/wp\/v2\/folder?post=148"}],"curies":[{"name":"wp","href":"https:\/\/api.w.org\/{rel}","templated":true}]}}