{"id":1533,"date":"2025-06-28T14:55:56","date_gmt":"2025-06-28T12:55:56","guid":{"rendered":"https:\/\/site.educa.madrid.org\/ies.elpinar.alcorcon\/?page_id=1533"},"modified":"2025-09-01T18:39:31","modified_gmt":"2025-09-01T16:39:31","slug":"documentacion-de-matricula-bad","status":"publish","type":"page","link":"https:\/\/site.educa.madrid.org\/ies.elpinar.alcorcon\/index.php\/educacion-a-distancia\/distancia-bachillerato\/documentacion-de-matricula-bad\/","title":{"rendered":"Documentaci\u00f3n de Matr\u00edcula BAD"},"content":{"rendered":"<p style=\"text-align: center;\"><span style=\"color: #3366ff;\">DOCUMENTACI\u00d3N PARA ENTREGAR CON LA MATR\u00cdCULA<\/span><\/p>\n<p>1. Sobre de matr\u00edcula debidamente cumplimentado. Se puede recoger en la secretar\u00eda del centro o puede descargarlo <a href=\"https:\/\/cloud.educa.madrid.org\/s\/TQ8YmTeLYnPWeZq\">aqu\u00ed<\/a> para imprimir.<\/p>\n<p>2. Documentaci\u00f3n acad\u00e9mica:<\/p>\n<ul style=\"list-style-type: square;\">\n<li>Si es la primera vez que se matricula en Bachillerato, deber\u00e1 presentar el original y una fotocopia del T\u00edtulo de Graduado en ESO o su equivalente.<\/li>\n<li>Si ya se ha estado matriculado previamente en el Bachillerato en otro centro, se entregar\u00e1 un\u00a0<strong>certificado de notas por traslado del \u00faltimo centro donde haya estado matriculado<\/strong>.<\/li>\n<li>Alumnos en otras circunstancias: deben consultar en Jefatura de Estudios y\/o en Direcci\u00f3n las condiciones de su matr\u00edcula.<\/li>\n<\/ul>\n<p>4. Los alumnos <b>menores de 28 a\u00f1os deben pagar un recibo \u00fanico e individualizado de 1,12 \u20ac<\/b> en concepto de Seguro Escolar Obligatorio en la cuenta de CaixaBank:<\/p>\n<p style=\"text-align: center;\"><b>IBAN: ES91 2100 7935 6813 0037 8557<\/b><\/p>\n<p>5. Una fotograf\u00eda reciente tama\u00f1o carn\u00e9 (con el nombre completo escrito por detr\u00e1s).<\/p>\n<p>6. Una fotocopia del DNI, Tarjeta de Residencia (NIE) o Pasaporte, en su caso.<\/p>\n<p>7. Los alumnos mayores de 16 a\u00f1os y menores de 18 a\u00f1os deber\u00e1n cumplimentar una instancia solicitando la matr\u00edcula y traer la documentaci\u00f3n necesaria para justificar los motivos por los cuales no pueden matricularse en la ense\u00f1anza presencial.<\/p>\n<p style=\"text-align: center;\"><b>NO SE RECOGER\u00c1 LA MATR\u00cdCULA CARENTE DE ALGUNA DOCUMENTACI\u00d3N O REQUISITO<\/b><\/p>\n","protected":false},"excerpt":{"rendered":"<p>DOCUMENTACI\u00d3N PARA ENTREGAR CON LA MATR\u00cdCULA 1. Sobre de matr\u00edcula debidamente cumplimentado. Se puede recoger en la secretar\u00eda del centro o puede descargarlo aqu\u00ed para imprimir. 2. Documentaci\u00f3n acad\u00e9mica: Si es la primera vez que se matricula en Bachillerato, deber\u00e1 presentar el original y una fotocopia del T\u00edtulo de Graduado en ESO o su equivalente. &hellip; <\/p>\n<p class=\"link-more\"><a href=\"https:\/\/site.educa.madrid.org\/ies.elpinar.alcorcon\/index.php\/educacion-a-distancia\/distancia-bachillerato\/documentacion-de-matricula-bad\/\" class=\"more-link\">Continuar leyendo<span class=\"screen-reader-text\"> \u00abDocumentaci\u00f3n de Matr\u00edcula BAD\u00bb<\/span><\/a><\/p>\n","protected":false},"author":2,"featured_media":0,"parent":496,"menu_order":1,"comment_status":"closed","ping_status":"closed","template":"","meta":{"footnotes":""},"folder":[],"class_list":["post-1533","page","type-page","status-publish","hentry"],"rttpg_featured_image_url":null,"rttpg_author":{"display_name":"tic.ies.elpinar.alcorcon","author_link":"https:\/\/site.educa.madrid.org\/ies.elpinar.alcorcon\/index.php\/author\/cuenta_tic-ies-elpinar-alcorcon\/"},"rttpg_comment":0,"rttpg_category":false,"rttpg_excerpt":"DOCUMENTACI\u00d3N PARA ENTREGAR CON LA MATR\u00cdCULA 1. Sobre de matr\u00edcula debidamente cumplimentado. Se puede recoger en la secretar\u00eda del centro o puede descargarlo aqu\u00ed para imprimir. 2. Documentaci\u00f3n acad\u00e9mica: Si es la primera vez que se matricula en Bachillerato, deber\u00e1 presentar el original y una fotocopia del T\u00edtulo de Graduado en ESO o su equivalente.&hellip;","post_mailing_queue_ids":[],"_links":{"self":[{"href":"https:\/\/site.educa.madrid.org\/ies.elpinar.alcorcon\/index.php\/wp-json\/wp\/v2\/pages\/1533","targetHints":{"allow":["GET"]}}],"collection":[{"href":"https:\/\/site.educa.madrid.org\/ies.elpinar.alcorcon\/index.php\/wp-json\/wp\/v2\/pages"}],"about":[{"href":"https:\/\/site.educa.madrid.org\/ies.elpinar.alcorcon\/index.php\/wp-json\/wp\/v2\/types\/page"}],"author":[{"embeddable":true,"href":"https:\/\/site.educa.madrid.org\/ies.elpinar.alcorcon\/index.php\/wp-json\/wp\/v2\/users\/2"}],"replies":[{"embeddable":true,"href":"https:\/\/site.educa.madrid.org\/ies.elpinar.alcorcon\/index.php\/wp-json\/wp\/v2\/comments?post=1533"}],"version-history":[{"count":4,"href":"https:\/\/site.educa.madrid.org\/ies.elpinar.alcorcon\/index.php\/wp-json\/wp\/v2\/pages\/1533\/revisions"}],"predecessor-version":[{"id":1621,"href":"https:\/\/site.educa.madrid.org\/ies.elpinar.alcorcon\/index.php\/wp-json\/wp\/v2\/pages\/1533\/revisions\/1621"}],"up":[{"embeddable":true,"href":"https:\/\/site.educa.madrid.org\/ies.elpinar.alcorcon\/index.php\/wp-json\/wp\/v2\/pages\/496"}],"wp:attachment":[{"href":"https:\/\/site.educa.madrid.org\/ies.elpinar.alcorcon\/index.php\/wp-json\/wp\/v2\/media?parent=1533"}],"wp:term":[{"taxonomy":"folder","embeddable":true,"href":"https:\/\/site.educa.madrid.org\/ies.elpinar.alcorcon\/index.php\/wp-json\/wp\/v2\/folder?post=1533"}],"curies":[{"name":"wp","href":"https:\/\/api.w.org\/{rel}","templated":true}]}}