{"id":1536,"date":"2025-06-28T14:58:33","date_gmt":"2025-06-28T12:58:33","guid":{"rendered":"https:\/\/site.educa.madrid.org\/ies.elpinar.alcorcon\/?page_id=1536"},"modified":"2025-11-14T09:51:28","modified_gmt":"2025-11-14T08:51:28","slug":"profesorado-espad","status":"publish","type":"page","link":"https:\/\/site.educa.madrid.org\/ies.elpinar.alcorcon\/index.php\/educacion-a-distancia\/espad\/profesorado-espad\/","title":{"rendered":"Profesorado"},"content":{"rendered":"\n<figure class=\"wp-block-table is-style-stripes has-small-font-size\"><table class=\"has-black-color has-text-color has-link-color has-fixed-layout\"><thead><tr><th class=\"has-text-align-left\" data-align=\"left\"><strong><mark style=\"background-color:rgba(0, 0, 0, 0)\" class=\"has-inline-color has-vivid-cyan-blue-color\">Profesorado de Nivel II de ESPAD (curso 2025-2026)<\/mark><\/strong><\/th><\/tr><\/thead><tbody><tr><td class=\"has-text-align-left\" data-align=\"left\"><strong>Ingl\u00e9s<\/strong>:                   D\u00f1a. In\u00e9s Lorenzo Rial<\/td><\/tr><tr><td class=\"has-text-align-left\" data-align=\"left\"><strong>Lengua<\/strong>:                 D\u00f1a. Margarita Hidalgo Hidalgo<\/td><\/tr><tr><td class=\"has-text-align-left\" data-align=\"left\"><strong>Matem\u00e1ticas<\/strong>:     D. Amalio Calleja Moral<\/td><\/tr><tr><td class=\"has-text-align-left\" data-align=\"left\"><strong>Sociedad<\/strong>:              D\u00f1a. Margarita Hidalgo Hidalgo<\/td><\/tr><tr><td class=\"has-text-align-left\" data-align=\"left\"><strong>Tecnolog\u00eda<\/strong>:           D. Amalio Calleja Moral<\/td><\/tr><\/tbody><\/table><\/figure>\n\n\n\n<p><\/p>\n","protected":false},"excerpt":{"rendered":"<p>Profesorado de Nivel II de ESPAD (curso 2025-2026) Ingl\u00e9s: D\u00f1a. In\u00e9s Lorenzo Rial Lengua: D\u00f1a. Margarita Hidalgo Hidalgo Matem\u00e1ticas: D. Amalio Calleja Moral Sociedad: D\u00f1a. Margarita Hidalgo Hidalgo Tecnolog\u00eda: D. Amalio Calleja Moral<\/p>\n","protected":false},"author":2,"featured_media":0,"parent":479,"menu_order":2,"comment_status":"closed","ping_status":"closed","template":"","meta":{"footnotes":""},"folder":[],"class_list":["post-1536","page","type-page","status-publish","hentry"],"rttpg_featured_image_url":null,"rttpg_author":{"display_name":"tic.ies.elpinar.alcorcon","author_link":"https:\/\/site.educa.madrid.org\/ies.elpinar.alcorcon\/index.php\/author\/cuenta_tic-ies-elpinar-alcorcon\/"},"rttpg_comment":0,"rttpg_category":false,"rttpg_excerpt":"Profesorado de Nivel II de ESPAD (curso 2025-2026) Ingl\u00e9s: D\u00f1a. In\u00e9s Lorenzo Rial Lengua: D\u00f1a. Margarita Hidalgo Hidalgo Matem\u00e1ticas: D. Amalio Calleja Moral Sociedad: D\u00f1a. Margarita Hidalgo Hidalgo Tecnolog\u00eda: D. Amalio Calleja Moral","post_mailing_queue_ids":[],"_links":{"self":[{"href":"https:\/\/site.educa.madrid.org\/ies.elpinar.alcorcon\/index.php\/wp-json\/wp\/v2\/pages\/1536","targetHints":{"allow":["GET"]}}],"collection":[{"href":"https:\/\/site.educa.madrid.org\/ies.elpinar.alcorcon\/index.php\/wp-json\/wp\/v2\/pages"}],"about":[{"href":"https:\/\/site.educa.madrid.org\/ies.elpinar.alcorcon\/index.php\/wp-json\/wp\/v2\/types\/page"}],"author":[{"embeddable":true,"href":"https:\/\/site.educa.madrid.org\/ies.elpinar.alcorcon\/index.php\/wp-json\/wp\/v2\/users\/2"}],"replies":[{"embeddable":true,"href":"https:\/\/site.educa.madrid.org\/ies.elpinar.alcorcon\/index.php\/wp-json\/wp\/v2\/comments?post=1536"}],"version-history":[{"count":5,"href":"https:\/\/site.educa.madrid.org\/ies.elpinar.alcorcon\/index.php\/wp-json\/wp\/v2\/pages\/1536\/revisions"}],"predecessor-version":[{"id":1859,"href":"https:\/\/site.educa.madrid.org\/ies.elpinar.alcorcon\/index.php\/wp-json\/wp\/v2\/pages\/1536\/revisions\/1859"}],"up":[{"embeddable":true,"href":"https:\/\/site.educa.madrid.org\/ies.elpinar.alcorcon\/index.php\/wp-json\/wp\/v2\/pages\/479"}],"wp:attachment":[{"href":"https:\/\/site.educa.madrid.org\/ies.elpinar.alcorcon\/index.php\/wp-json\/wp\/v2\/media?parent=1536"}],"wp:term":[{"taxonomy":"folder","embeddable":true,"href":"https:\/\/site.educa.madrid.org\/ies.elpinar.alcorcon\/index.php\/wp-json\/wp\/v2\/folder?post=1536"}],"curies":[{"name":"wp","href":"https:\/\/api.w.org\/{rel}","templated":true}]}}