{"id":1595,"date":"2025-09-01T17:52:34","date_gmt":"2025-09-01T15:52:34","guid":{"rendered":"https:\/\/site.educa.madrid.org\/ies.elpinar.alcorcon\/?page_id=1595"},"modified":"2025-09-01T17:52:34","modified_gmt":"2025-09-01T15:52:34","slug":"distancia-calendario","status":"publish","type":"page","link":"https:\/\/site.educa.madrid.org\/ies.elpinar.alcorcon\/index.php\/educacion-a-distancia\/distancia-informacion\/distancia-calendario\/","title":{"rendered":"CALENDARIO ANUAL EDUCACI\u00d3N A DISTANCIA"},"content":{"rendered":"\n<p class=\"has-text-align-center has-vivid-cyan-blue-color has-text-color has-link-color has-large-font-size wp-elements-c83fcf500ea706beda30c15af85ffbff\">Calendario Anual Curso 2025\/2026<\/p>\n\n\n\n<figure class=\"wp-block-table is-style-stripes\"><table><thead><tr><th class=\"has-text-align-center\" data-align=\"center\">FECHA<\/th><th class=\"has-text-align-left\" data-align=\"left\">ACTIVIDADES<\/th><\/tr><\/thead><tbody><tr><td class=\"has-text-align-center\" data-align=\"center\">Lunes 1 de<br>septiembre<\/td><td class=\"has-text-align-left\" data-align=\"left\">Publicaci\u00f3n en la web del centro del calendario del curso y el comienzo de actividades lectivas.<\/td><\/tr><tr><td class=\"has-text-align-center\" data-align=\"center\">Martes 2 de<br>septiembre<\/td><td class=\"has-text-align-left\" data-align=\"left\">9:30 Reuni\u00f3n de profesores para el reparto de la asignaci\u00f3n lectiva y otras cuestiones.<\/td><\/tr><tr><td class=\"has-text-align-center\" data-align=\"center\">Jueves 4 de<br>septiembre<\/td><td class=\"has-text-align-left\" data-align=\"left\">11:00 Reuni\u00f3n con los profesores que imparten Educaci\u00f3n a Distancia.<\/td><\/tr><tr><td class=\"has-text-align-center\" data-align=\"center\">Martes 9 de<br>septiembre<\/td><td class=\"has-text-align-left\" data-align=\"left\">Reuniones informativas para los alumnos que cursar\u00e1n Educaci\u00f3n a Distancia:<br>                         \u27a2 ESPAD (18:00 horas)<br>                         \u27a2 BAD (19:00 horas)<\/td><\/tr><tr><td class=\"has-text-align-center\" data-align=\"center\">Jueves 11 de<br>septiembre<\/td><td class=\"has-text-align-left\" data-align=\"left\">D\u00eda de matriculaci\u00f3n para alumnos de ESPAD y BAD de 16 a 19 horas y pruebas VIA de valoraci\u00f3n inicial para alumnos de ESPAD (17 horas)<\/td><\/tr><tr><td class=\"has-text-align-center\" data-align=\"center\">Mi\u00e9rcoles 17 de<br>septiembre<\/td><td class=\"has-text-align-left\" data-align=\"left\">Entrega de los horarios de Educaci\u00f3n a Distancia a los profesores correspondientes.<\/td><\/tr><tr><td class=\"has-text-align-center\" data-align=\"center\">Jueves 18 de<br>septiembre<\/td><td class=\"has-text-align-left\" data-align=\"left\">Inicio per\u00edodo lectivo:<br>\u27a2 Semanas pares (coloreadas en azul en el calendario de E. Distancia):<br>tutor\u00edas individuales quincenales para 2\u00ba BAD.<br>\u27a2 Semanas impares (coloreadas en naranja): tutor\u00edas individuales<br>quincenales para 1\u00ba BAD.<\/td><\/tr><tr><td class=\"has-text-align-center\" data-align=\"center\">26, 27 de<br>noviembre y 1, 2, 3<br>y 4 de diciembre<br>2025<\/td><td class=\"has-text-align-left\" data-align=\"left\"><strong>Ex\u00e1menes 1\u00aa evaluaci\u00f3n<\/strong> de ESPAD y BAD.<\/td><\/tr><tr><td class=\"has-text-align-center\" data-align=\"center\">Martes 10 de<br>diciembre 2025<\/td><td class=\"has-text-align-left\" data-align=\"left\">Sesi\u00f3n de 1\u00aa evaluaci\u00f3n.<\/td><\/tr><tr><td class=\"has-text-align-center\" data-align=\"center\">16, 17, 18, 19, 23, 24<br>de febrero 2026<\/td><td class=\"has-text-align-left\" data-align=\"left\"><strong>Ex\u00e1menes 2\u00aa evaluaci\u00f3n<\/strong> de ESPAD y BAD.<\/td><\/tr><tr><td class=\"has-text-align-center\" data-align=\"center\">Mi\u00e9rcoles 25 de<br>febrero 2026<\/td><td class=\"has-text-align-left\" data-align=\"left\">Sesi\u00f3n de 2\u00aa evaluaci\u00f3n.<\/td><\/tr><tr><td class=\"has-text-align-center\" data-align=\"center\">29, 30 de abril y<br>4, 5, 6 y 7 de mayo<br>2026<\/td><td class=\"has-text-align-left\" data-align=\"left\"><strong>Ex\u00e1menes 3\u00aa evaluaci\u00f3n<\/strong> y final ordinaria de 1\u00ba y 2\u00ba <strong>BAD<\/strong>.<\/td><\/tr><tr><td class=\"has-text-align-center\" data-align=\"center\">Lunes 11 de mayo<br>2026<\/td><td class=\"has-text-align-left\" data-align=\"left\">Sesi\u00f3n de 3\u00aa evaluaci\u00f3n y final ordinaria de 1\u00ba y 2\u00ba BAD.<\/td><\/tr><tr><td class=\"has-text-align-center\" data-align=\"center\">1, 2, 3 y 4 de junio<br>2026<\/td><td class=\"has-text-align-left\" data-align=\"left\"><strong>Ex\u00e1menes 3\u00aa evaluaci\u00f3n<\/strong> y final ordinaria de <strong>ESPAD<\/strong>.<\/td><\/tr><tr><td class=\"has-text-align-center\" data-align=\"center\">Lunes 8 de junio<br>2026<\/td><td class=\"has-text-align-left\" data-align=\"left\">Sesi\u00f3n de 3\u00aa evaluaci\u00f3n y final ordinaria de ESPAD.<\/td><\/tr><tr><td class=\"has-text-align-center\" data-align=\"center\">9, 10, 11, 15, 16 y 17<br>de junio 2026<\/td><td class=\"has-text-align-left\" data-align=\"left\"><strong>Ex\u00e1menes evaluaci\u00f3n extraordinaria<\/strong> ESPAD y BAD.<\/td><\/tr><tr><td class=\"has-text-align-center\" data-align=\"center\">Jueves 18 de<br>junio 2026<\/td><td class=\"has-text-align-left\" data-align=\"left\">Sesi\u00f3n evaluaci\u00f3n extraordinaria ESPAD y BAD.<\/td><\/tr><\/tbody><tfoot><tr><td class=\"has-text-align-center\" data-align=\"center\"><\/td><td class=\"has-text-align-left\" data-align=\"left\"><strong>Es posible <\/strong>que a lo largo del a\u00f1o pueda haber <strong>alg\u00fan cambio<\/strong>, si es as\u00ed se os comunicar\u00e1 a su debido tiempo.<\/td><\/tr><\/tfoot><\/table><\/figure>\n\n\n\n<div data-wp-interactive=\"core\/file\" class=\"wp-block-file has-vivid-cyan-blue-background-color has-background\"><object data-wp-bind--hidden=\"!state.hasPdfPreview\" hidden class=\"wp-block-file__embed\" data=\"https:\/\/site.educa.madrid.org\/ies.elpinar.alcorcon\/\/wp-content\/uploads\/ies.elpinar.alcorcon\/2025\/09\/Calendario_escolar_Distancia_2025-2026.pdf\" type=\"application\/pdf\" style=\"width:100%;height:600px\" aria-label=\"Incrustado de &lt;strong&gt;Calendario_escolar_Distancia_2025-2026&lt;\/strong&gt;.\"><\/object><a id=\"wp-block-file--media-213f2588-2584-4641-b774-84c9cfb08983\" href=\"https:\/\/site.educa.madrid.org\/ies.elpinar.alcorcon\/\/wp-content\/uploads\/ies.elpinar.alcorcon\/2025\/09\/Calendario_escolar_Distancia_2025-2026.pdf\"><strong>Calendario_escolar_Distancia_2025-2026<\/strong><\/a><\/div>\n","protected":false},"excerpt":{"rendered":"<p>Calendario Anual Curso 2025\/2026 FECHA ACTIVIDADES Lunes 1 deseptiembre Publicaci\u00f3n en la web del centro del calendario del curso y el comienzo de actividades lectivas. Martes 2 deseptiembre 9:30 Reuni\u00f3n de profesores para el reparto de la asignaci\u00f3n lectiva y otras cuestiones. Jueves 4 deseptiembre 11:00 Reuni\u00f3n con los profesores que imparten Educaci\u00f3n a Distancia. &hellip; <\/p>\n<p class=\"link-more\"><a href=\"https:\/\/site.educa.madrid.org\/ies.elpinar.alcorcon\/index.php\/educacion-a-distancia\/distancia-informacion\/distancia-calendario\/\" class=\"more-link\">Continuar leyendo<span class=\"screen-reader-text\"> \u00abCALENDARIO ANUAL EDUCACI\u00d3N A DISTANCIA\u00bb<\/span><\/a><\/p>\n","protected":false},"author":2,"featured_media":0,"parent":1523,"menu_order":0,"comment_status":"closed","ping_status":"closed","template":"","meta":{"footnotes":""},"folder":[],"class_list":["post-1595","page","type-page","status-publish","hentry"],"rttpg_featured_image_url":null,"rttpg_author":{"display_name":"tic.ies.elpinar.alcorcon","author_link":"https:\/\/site.educa.madrid.org\/ies.elpinar.alcorcon\/index.php\/author\/cuenta_tic-ies-elpinar-alcorcon\/"},"rttpg_comment":0,"rttpg_category":false,"rttpg_excerpt":"Calendario Anual Curso 2025\/2026 FECHA ACTIVIDADES Lunes 1 deseptiembre Publicaci\u00f3n en la web del centro del calendario del curso y el comienzo de actividades lectivas. Martes 2 deseptiembre 9:30 Reuni\u00f3n de profesores para el reparto de la asignaci\u00f3n lectiva y otras cuestiones. Jueves 4 deseptiembre 11:00 Reuni\u00f3n con los profesores que imparten Educaci\u00f3n a Distancia.&hellip;","post_mailing_queue_ids":[],"_links":{"self":[{"href":"https:\/\/site.educa.madrid.org\/ies.elpinar.alcorcon\/index.php\/wp-json\/wp\/v2\/pages\/1595","targetHints":{"allow":["GET"]}}],"collection":[{"href":"https:\/\/site.educa.madrid.org\/ies.elpinar.alcorcon\/index.php\/wp-json\/wp\/v2\/pages"}],"about":[{"href":"https:\/\/site.educa.madrid.org\/ies.elpinar.alcorcon\/index.php\/wp-json\/wp\/v2\/types\/page"}],"author":[{"embeddable":true,"href":"https:\/\/site.educa.madrid.org\/ies.elpinar.alcorcon\/index.php\/wp-json\/wp\/v2\/users\/2"}],"replies":[{"embeddable":true,"href":"https:\/\/site.educa.madrid.org\/ies.elpinar.alcorcon\/index.php\/wp-json\/wp\/v2\/comments?post=1595"}],"version-history":[{"count":2,"href":"https:\/\/site.educa.madrid.org\/ies.elpinar.alcorcon\/index.php\/wp-json\/wp\/v2\/pages\/1595\/revisions"}],"predecessor-version":[{"id":1597,"href":"https:\/\/site.educa.madrid.org\/ies.elpinar.alcorcon\/index.php\/wp-json\/wp\/v2\/pages\/1595\/revisions\/1597"}],"up":[{"embeddable":true,"href":"https:\/\/site.educa.madrid.org\/ies.elpinar.alcorcon\/index.php\/wp-json\/wp\/v2\/pages\/1523"}],"wp:attachment":[{"href":"https:\/\/site.educa.madrid.org\/ies.elpinar.alcorcon\/index.php\/wp-json\/wp\/v2\/media?parent=1595"}],"wp:term":[{"taxonomy":"folder","embeddable":true,"href":"https:\/\/site.educa.madrid.org\/ies.elpinar.alcorcon\/index.php\/wp-json\/wp\/v2\/folder?post=1595"}],"curies":[{"name":"wp","href":"https:\/\/api.w.org\/{rel}","templated":true}]}}