{"id":1711,"date":"2025-10-01T17:01:16","date_gmt":"2025-10-01T15:01:16","guid":{"rendered":"https:\/\/site.educa.madrid.org\/ies.elpinar.alcorcon\/?page_id=1711"},"modified":"2026-05-11T17:04:56","modified_gmt":"2026-05-11T15:04:56","slug":"seguro_escolar","status":"publish","type":"page","link":"https:\/\/site.educa.madrid.org\/ies.elpinar.alcorcon\/index.php\/informacion-a-las-familias\/seguro_escolar\/","title":{"rendered":"Seguro Escolar"},"content":{"rendered":"\n<div class=\"wp-block-group\"><div class=\"wp-block-group__inner-container is-layout-constrained wp-block-group-is-layout-constrained\">\n<p>El seguro escolar es <strong>obligatorio para todo el alumnado a partir de 3\u00ba de ESO<\/strong> (hasta los 28 a\u00f1os)<\/p>\n\n\n\n<p>Otorga prestaciones m\u00e9dicas, farmac\u00e9uticas o econ\u00f3micas, dependiendo del caso.<\/p>\n\n\n\n<p>Pinchando <a href=\"https:\/\/www.seg-social.es\/wps\/portal\/wss\/internet\/InformacionUtil\/44539\/45073\">aqu\u00ed <\/a>encontrar\u00e1 informaci\u00f3n sobre su cobertura y el procedimiento a seguir en caso de que fuera necesario.<\/p>\n<\/div><\/div>\n\n\n\n<p><\/p>\n","protected":false},"excerpt":{"rendered":"<p>El seguro escolar es obligatorio para todo el alumnado a partir de 3\u00ba de ESO (hasta los 28 a\u00f1os) Otorga prestaciones m\u00e9dicas, farmac\u00e9uticas o econ\u00f3micas, dependiendo del caso. Pinchando aqu\u00ed encontrar\u00e1 informaci\u00f3n sobre su cobertura y el procedimiento a seguir en caso de que fuera necesario.<\/p>\n","protected":false},"author":2,"featured_media":0,"parent":554,"menu_order":3,"comment_status":"closed","ping_status":"closed","template":"","meta":{"footnotes":""},"folder":[],"class_list":["post-1711","page","type-page","status-publish","hentry"],"rttpg_featured_image_url":null,"rttpg_author":{"display_name":"tic.ies.elpinar.alcorcon","author_link":"https:\/\/site.educa.madrid.org\/ies.elpinar.alcorcon\/index.php\/author\/cuenta_tic-ies-elpinar-alcorcon\/"},"rttpg_comment":0,"rttpg_category":false,"rttpg_excerpt":"El seguro escolar es obligatorio para todo el alumnado a partir de 3\u00ba de ESO (hasta los 28 a\u00f1os) Otorga prestaciones m\u00e9dicas, farmac\u00e9uticas o econ\u00f3micas, dependiendo del caso. Pinchando aqu\u00ed encontrar\u00e1 informaci\u00f3n sobre su cobertura y el procedimiento a seguir en caso de que fuera necesario.","post_mailing_queue_ids":[],"_links":{"self":[{"href":"https:\/\/site.educa.madrid.org\/ies.elpinar.alcorcon\/index.php\/wp-json\/wp\/v2\/pages\/1711","targetHints":{"allow":["GET"]}}],"collection":[{"href":"https:\/\/site.educa.madrid.org\/ies.elpinar.alcorcon\/index.php\/wp-json\/wp\/v2\/pages"}],"about":[{"href":"https:\/\/site.educa.madrid.org\/ies.elpinar.alcorcon\/index.php\/wp-json\/wp\/v2\/types\/page"}],"author":[{"embeddable":true,"href":"https:\/\/site.educa.madrid.org\/ies.elpinar.alcorcon\/index.php\/wp-json\/wp\/v2\/users\/2"}],"replies":[{"embeddable":true,"href":"https:\/\/site.educa.madrid.org\/ies.elpinar.alcorcon\/index.php\/wp-json\/wp\/v2\/comments?post=1711"}],"version-history":[{"count":2,"href":"https:\/\/site.educa.madrid.org\/ies.elpinar.alcorcon\/index.php\/wp-json\/wp\/v2\/pages\/1711\/revisions"}],"predecessor-version":[{"id":1713,"href":"https:\/\/site.educa.madrid.org\/ies.elpinar.alcorcon\/index.php\/wp-json\/wp\/v2\/pages\/1711\/revisions\/1713"}],"up":[{"embeddable":true,"href":"https:\/\/site.educa.madrid.org\/ies.elpinar.alcorcon\/index.php\/wp-json\/wp\/v2\/pages\/554"}],"wp:attachment":[{"href":"https:\/\/site.educa.madrid.org\/ies.elpinar.alcorcon\/index.php\/wp-json\/wp\/v2\/media?parent=1711"}],"wp:term":[{"taxonomy":"folder","embeddable":true,"href":"https:\/\/site.educa.madrid.org\/ies.elpinar.alcorcon\/index.php\/wp-json\/wp\/v2\/folder?post=1711"}],"curies":[{"name":"wp","href":"https:\/\/api.w.org\/{rel}","templated":true}]}}