{"id":1729,"date":"2025-10-06T17:30:25","date_gmt":"2025-10-06T15:30:25","guid":{"rendered":"https:\/\/site.educa.madrid.org\/ies.elpinar.alcorcon\/?page_id=1729"},"modified":"2026-03-04T13:16:10","modified_gmt":"2026-03-04T12:16:10","slug":"latin","status":"publish","type":"page","link":"https:\/\/site.educa.madrid.org\/ies.elpinar.alcorcon\/index.php\/quienes-somos\/departamentos\/latin\/","title":{"rendered":"Lat\u00edn"},"content":{"rendered":"<style type='text\/css' media='all'>#rt-tpg-container-2504668723 .rt-holder .rt-woo-info .price{color:#0693e3;}body .rt-tpg-container .rt-tpg-isotope-buttons .selected,\n\t\t\t\t\t#rt-tpg-container-2504668723 .layout12 .rt-holder:hover .rt-detail,\n\t\t\t\t\t#rt-tpg-container-2504668723 .isotope8 .rt-holder:hover .rt-detail,\n\t\t\t\t\t#rt-tpg-container-2504668723 .carousel8 .rt-holder:hover .rt-detail,\n\t\t\t\t\t#rt-tpg-container-2504668723 .layout13 .rt-holder .overlay .post-info,\n\t\t\t\t\t#rt-tpg-container-2504668723 .isotope9 .rt-holder .overlay .post-info,\n\t\t\t\t\t#rt-tpg-container-2504668723.rt-tpg-container .layout4 .rt-holder .rt-detail,\n\t\t\t\t\t.rt-modal-2504668723 .md-content,\n\t\t\t\t\t.rt-modal-2504668723 .md-content > .rt-md-content-holder .rt-md-content,\n\t\t\t\t\t.rt-popup-wrap-2504668723.rt-popup-wrap .rt-popup-navigation-wrap,\n\t\t\t\t\t#rt-tpg-container-2504668723 .carousel9 .rt-holder .overlay .post-info{background-color:#0693e3;}#rt-tpg-container-2504668723 .layout5 .rt-holder .overlay, #rt-tpg-container-2504668723 .isotope2 .rt-holder .overlay, #rt-tpg-container-2504668723 .carousel2 .rt-holder .overlay,#rt-tpg-container-2504668723 .layout15 .rt-holder h3, #rt-tpg-container-2504668723 .isotope11 .rt-holder h3, #rt-tpg-container-2504668723 .carousel11 .rt-holder h3, #rt-tpg-container-2504668723 .layout16 .rt-holder h3,\n\t\t\t\t\t#rt-tpg-container-2504668723 .isotope12 .rt-holder h3, #rt-tpg-container-2504668723 .carousel12 .rt-holder h3 {background-color:rgba(6,147,227,0.8);}#rt-tpg-container-2504668723 .pagination-list li a,\n\t\t\t\t\trt-tpg-container-2504668723 .pagination-list li span,\n\t\t\t\t\trt-tpg-container-2504668723 .pagination li a,\n\t\t\t\t\t#rt-tpg-container-2504668723 .rt-tpg-isotope-buttons button,\n\t\t\t\t\t#rt-tpg-container-2504668723 .rt-tpg-utility .rt-tpg-load-more button,\n\t\t\t\t\t#rt-tpg-container-2504668723.rt-tpg-container .swiper-navigation .slider-btn,\n\t\t\t\t\t#rt-tpg-container-2504668723.rt-tpg-container .swiper-pagination-bullet,\n\t\t\t\t\t#rt-tpg-container-2504668723 .wc1 .rt-holder .rt-img-holder .overlay .product-more ul li a,\n\t\t\t\t\t#rt-tpg-container-2504668723 .wc2 .rt-detail .rt-wc-add-to-cart,\n\t\t\t\t\t#rt-tpg-container-2504668723 .wc3 .rt-detail .rt-wc-add-to-cart,\n\t\t\t\t\t#rt-tpg-container-2504668723 .wc4 .rt-detail .rt-wc-add-to-cart,\n\t\t\t\t\t#rt-tpg-container-2504668723 .wc-carousel2 .rt-detail .rt-wc-add-to-cart,\n\t\t\t\t\t#rt-tpg-container-2504668723 .wc-isotope2 .rt-detail .rt-wc-add-to-cart,\n\t\t\t\t\t#rt-tpg-container-2504668723 .rt-layout-filter-container .rt-filter-wrap .rt-filter-item-wrap.rt-filter-dropdown-wrap .rt-filter-dropdown,\n\t\t\t\t\t#rt-tpg-container-2504668723 .rt-layout-filter-container .rt-filter-sub-tax.sub-button-group .rt-filter-button-item,\n\t\t\t\t\t#rt-tpg-container-2504668723.rt-tpg-container .rt-pagination-wrap .rt-page-numbers .paginationjs .paginationjs-pages ul li>a,\n\t\t\t\t\t#rt-tpg-container-2504668723 .rt-filter-item-wrap.rt-filter-button-wrap span.rt-filter-button-item,\n\t\t\t\t\t#rt-tpg-container-2504668723.rt-tpg-container .rt-pagination-wrap  .rt-loadmore-btn,\n\t\t\t\t\t#rt-tpg-container-2504668723.rt-tpg-container .rt-pagination-wrap .rt-cb-page-prev-next > *,\n\t\t\t\t\t#rt-tpg-container-2504668723 .rt-read-more,\n\t\t\t\t\t#rt-tooltip-2504668723, #rt-tooltip-2504668723 .rt-tooltip-bottom:after{background-color:#0693e3;}#rt-tpg-container-2504668723 .rt-filter-item-wrap.rt-filter-button-wrap span.rt-filter-button-item,\n\t\t\t\t\t#rt-tpg-container-2504668723 .rt-layout-filter-container .rt-filter-sub-tax.sub-button-group .rt-filter-button-item{border-color:#0693e3;}#rt-tpg-container-2504668723.rt-tpg-container .layout17 .rt-holder .overlay a.tpg-zoom .fa{color:#0693e3;}#rt-tpg-container-2504668723 .rt-holder .read-more a {background-color:#0693e3;padding: 8px 15px;}#rt-tpg-container-2504668723 .pagination-list li a,\n\t\t\t\t\t#rt-tpg-container-2504668723 .pagination li a,\n\t\t\t\t\t#rt-tpg-container-2504668723 .rt-tpg-isotope-buttons button,\n\t\t\t\t\t#rt-tpg-container-2504668723 .rt-holder .read-more a,\n\t\t\t\t\t#rt-tpg-container-2504668723 .rt-tpg-utility .rt-tpg-load-more button,\n\t\t\t\t\t#rt-tpg-container-2504668723.rt-tpg-container .swiper-navigation .slider-btn,\n\t\t\t\t\t#rt-tpg-container-2504668723 .wc1 .rt-holder .rt-img-holder .overlay .product-more ul li a,\n\t\t\t\t\t#rt-tpg-container-2504668723 .edd1 .rt-holder .rt-img-holder .overlay .product-more ul li a,\n\t\t\t\t\t#rt-tpg-container-2504668723 .wc2 .rt-detail .rt-wc-add-to-cart,\n\t\t\t\t\t#rt-tpg-container-2504668723 .wc3 .rt-detail .rt-wc-add-to-cart,\n\t\t\t\t\t#rt-tpg-container-2504668723 .edd2 .rt-detail .rt-wc-add-to-cart,\n\t\t\t\t\t#rt-tpg-container-2504668723 .wc4 .rt-detail .rt-wc-add-to-cart,\n\t\t\t\t\t#rt-tpg-container-2504668723 .edd3 .rt-detail .rt-wc-add-to-cart,\n\t\t\t\t\t#rt-tpg-container-2504668723 .wc-carousel2 .rt-detail .rt-wc-add-to-cart,\n\t\t\t\t\t#rt-tpg-container-2504668723 .wc-isotope2 .rt-detail .rt-wc-add-to-cart,\n\t\t\t\t\t#rt-tpg-container-2504668723 .rt-tpg-utility .rt-tpg-load-more button,\n\t\t\t\t\t#rt-tooltip-2504668723,\n\t\t\t\t\t#rt-tpg-container-2504668723 .rt-filter-item-wrap.rt-filter-button-wrap span.rt-filter-button-item,\n\t\t\t\t\t#rt-tpg-container-2504668723 .rt-layout-filter-container .rt-filter-sub-tax.sub-button-group .rt-filter-button-item,\n\t\t\t\t\t#rt-tpg-container-2504668723 .rt-layout-filter-container .rt-filter-wrap .rt-filter-item-wrap.rt-sort-order-action,\n\t\t\t\t\t#rt-tpg-container-2504668723 .rt-layout-filter-container .rt-filter-wrap .rt-filter-item-wrap.rt-filter-dropdown-wrap .rt-filter-dropdown .rt-filter-dropdown-item,\n\t\t\t\t\t#rt-tpg-container-2504668723.rt-tpg-container .rt-pagination-wrap .rt-page-numbers .paginationjs .paginationjs-pages ul li>a,\n\t\t\t\t\t#rt-tpg-container-2504668723.rt-tpg-container .rt-pagination-wrap .rt-cb-page-prev-next > *,\n\t\t\t\t\t#rt-tpg-container-2504668723.rt-tpg-container .rt-pagination-wrap  .rt-loadmore-btn,\n\t\t\t\t\t#rt-tpg-container-2504668723 .rt-read-more,\n\t\t\t\t\t#rt-tooltip-2504668723 .rt-tooltip-bottom:after{color:#0693e3;}#rt-tpg-container-2504668723 .read-more a{border-radius:px;}#rt-tpg-container-2504668723 .rt-img-holder img.rt-img-responsive,#rt-tpg-container-2504668723 .rt-img-holder,\n\t\t\t\t\t#rt-tpg-container-2504668723 .rt-post-overlay .post-img,\n\t\t\t\t\t#rt-tpg-container-2504668723 .post-sm .post-img,\n\t\t\t\t\t#rt-tpg-container-2504668723 .rt-post-grid .post-img,\n\t\t\t\t\t#rt-tpg-container-2504668723 .post-img img {border-radius:px;}#rt-tpg-container-2504668723 .layout2 .rt-holder h2.entry-title,\n\t\t\t\t\t#rt-tpg-container-2504668723 .layout2 .rt-holder h3.entry-title,\n\t\t\t\t\t#rt-tpg-container-2504668723 .layout2 .rt-holder h4.entry-title,\n\t\t\t\t\t#rt-tpg-container-2504668723 .layout2 .rt-holder h2.entry-title a,\n\t\t\t\t\t#rt-tpg-container-2504668723 .layout2 .rt-holder h3.entry-title a,\n\t\t\t\t\t#rt-tpg-container-2504668723 .layout2 .rt-holder h4.entry-title a,\n\t\t\t\t\t#rt-tpg-container-2504668723 .rt-holder .rt-woo-info h2 a,\n\t\t\t\t\t#rt-tpg-container-2504668723 .rt-holder .rt-woo-info h3 a,\n\t\t\t\t\t#rt-tpg-container-2504668723 .rt-holder .rt-woo-info h4 a,\n\t\t\t\t\t#rt-tpg-container-2504668723 .post-content .post-title,\n\t\t\t\t\t#rt-tpg-container-2504668723 .rt-post-grid .post-title,\n\t\t\t\t\t#rt-tpg-container-2504668723 .rt-post-grid .post-title a,\n\t\t\t\t\t#rt-tpg-container-2504668723 .post-content .post-title a,\n\t\t\t\t\t#rt-tpg-container-2504668723 .rt-holder .rt-woo-info h2,\n\t\t\t\t\t#rt-tpg-container-2504668723 .rt-holder .rt-woo-info h3,\n\t\t\t\t\t#rt-tpg-container-2504668723 .rt-holder .rt-woo-info h4{color:#0693e3;text-align:center;}<\/style><div class='rt-container-fluid rt-tpg-container tpg-shortcode-main-wrapper ' id='rt-tpg-container-2504668723'   data-layout='layout2' data-grid-style='even' data-desktop-col='1'  data-tab-col='2'  data-mobile-col='1' data-sc-id='1731'><div data-title='Loading ...' class='rt-row rt-content-loader   layout2 tpg-even '><div class=\"rt-col-md-12 rt-col-sm-6 rt-col-xs-12 even-grid-item rt-grid-item\" data-id=\"2567\"><div class=\"rt-holder\"><div class=\"rt-row\"><div class='rt-col-xs-12'><div class='rt-detail'><h3 class=\"entry-title\"><a data-id=\"2567\" class=\"\" href=\"https:\/\/site.educa.madrid.org\/ies.elpinar.alcorcon\/index.php\/2026\/05\/04\/podcast_mundo_romano\/\">Podcast sobre el mundo romano<\/a><\/h3><div class='post-meta-user '><span class='date-meta'><i class='far fa-calendar-alt '><\/i>4 mayo, 2026<\/span><\/div><div class='tpg-excerpt'><p><a href=\"https:\/\/site.educa.madrid.org\/ies.elpinar.alcorcon\/\/wp-content\/uploads\/ies.elpinar.alcorcon\/2026\/02\/Portada-Podcast.png\"><img decoding=\"async\" loading=\"lazy\" class=\"alignnone wp-image-2328 size-medium alignleft\" src=\"https:\/\/site.educa.madrid.org\/ies.elpinar.alcorcon\/\/wp-content\/uploads\/ies.elpinar.alcorcon\/2026\/02\/Portada-Podcast-212x300.png\" alt=\"\" width=\"212\" height=\"300\" srcset=\"https:\/\/site.educa.madrid.org\/ies.elpinar.alcorcon\/\/wp-content\/uploads\/ies.elpinar.alcorcon\/2026\/02\/Portada-Podcast-212x300.png 212w, https:\/\/site.educa.madrid.org\/ies.elpinar.alcorcon\/\/wp-content\/uploads\/ies.elpinar.alcorcon\/2026\/02\/Portada-Podcast-724x1024.png 724w, https:\/\/site.educa.madrid.org\/ies.elpinar.alcorcon\/\/wp-content\/uploads\/ies.elpinar.alcorcon\/2026\/02\/Portada-Podcast-768x1086.png 768w, https:\/\/site.educa.madrid.org\/ies.elpinar.alcorcon\/\/wp-content\/uploads\/ies.elpinar.alcorcon\/2026\/02\/Portada-Podcast-1086x1536.png 1086w, https:\/\/site.educa.madrid.org\/ies.elpinar.alcorcon\/\/wp-content\/uploads\/ies.elpinar.alcorcon\/2026\/02\/Portada-Podcast-1448x2048.png 1448w, https:\/\/site.educa.madrid.org\/ies.elpinar.alcorcon\/\/wp-content\/uploads\/ies.elpinar.alcorcon\/2026\/02\/Portada-Podcast.png 1587w\" sizes=\"auto, (max-width: 212px) 100vw, 212px\" \/><\/a><\/p>\n<p style=\"text-align: left\">En Lat\u00edn, en 1\u00ba de Bachillerato, nuestro alumnado est\u00e1 elaborando un Blog sobre curiosidades del mundo romano.<\/p>\n<p>La \u00faltima entrega ya est\u00e1 publicada.<\/p>\n<p style=\"text-align: left\">Puedes escuchar todos los Podcast <a href=\"https:\/\/site.educa.madrid.org\/ies.elpinar.alcorcon\/index.php\/quienes-somos\/departamentos\/latin\/podcast_mundo_romano\/\">aqu\u00ed<\/a>.<\/p>\n<\/div><\/div><\/div><\/div><\/div><\/div><div class=\"rt-col-md-12 rt-col-sm-6 rt-col-xs-12 even-grid-item rt-grid-item\" data-id=\"2392\"><div class=\"rt-holder\"><div class=\"rt-row\"><div class='rt-col-xs-12'><div class='rt-detail'><h3 class=\"entry-title\"><a data-id=\"2392\" class=\"\" href=\"https:\/\/site.educa.madrid.org\/ies.elpinar.alcorcon\/index.php\/2026\/03\/04\/curiosidades_mundo_romano\/\">Curiosidades del mundo romano<\/a><\/h3><div class='post-meta-user '><span class='date-meta'><i class='far fa-calendar-alt '><\/i>4 marzo, 2026<\/span><\/div><div class='tpg-excerpt'><p><a href=\"https:\/\/site.educa.madrid.org\/ies.elpinar.alcorcon\/\/wp-content\/uploads\/ies.elpinar.alcorcon\/2026\/02\/Portada-Podcast.png\"><img decoding=\"async\" loading=\"lazy\" class=\"alignnone wp-image-2328 size-medium alignleft\" src=\"https:\/\/site.educa.madrid.org\/ies.elpinar.alcorcon\/\/wp-content\/uploads\/ies.elpinar.alcorcon\/2026\/02\/Portada-Podcast-212x300.png\" alt=\"\" width=\"212\" height=\"300\" srcset=\"https:\/\/site.educa.madrid.org\/ies.elpinar.alcorcon\/\/wp-content\/uploads\/ies.elpinar.alcorcon\/2026\/02\/Portada-Podcast-212x300.png 212w, https:\/\/site.educa.madrid.org\/ies.elpinar.alcorcon\/\/wp-content\/uploads\/ies.elpinar.alcorcon\/2026\/02\/Portada-Podcast-724x1024.png 724w, https:\/\/site.educa.madrid.org\/ies.elpinar.alcorcon\/\/wp-content\/uploads\/ies.elpinar.alcorcon\/2026\/02\/Portada-Podcast-768x1086.png 768w, https:\/\/site.educa.madrid.org\/ies.elpinar.alcorcon\/\/wp-content\/uploads\/ies.elpinar.alcorcon\/2026\/02\/Portada-Podcast-1086x1536.png 1086w, https:\/\/site.educa.madrid.org\/ies.elpinar.alcorcon\/\/wp-content\/uploads\/ies.elpinar.alcorcon\/2026\/02\/Portada-Podcast-1448x2048.png 1448w, https:\/\/site.educa.madrid.org\/ies.elpinar.alcorcon\/\/wp-content\/uploads\/ies.elpinar.alcorcon\/2026\/02\/Portada-Podcast.png 1587w\" sizes=\"auto, (max-width: 212px) 100vw, 212px\" \/><\/a><\/p>\n<p style=\"text-align: left\">En Lat\u00edn, en 1\u00ba de Bachillerato, nuestro alumnado est\u00e1 elaborando un Blog sobre curiosidades del mundo romano.<\/p>\n<p style=\"text-align: left\">Publicaremos todos los Podcast <a href=\"https:\/\/site.educa.madrid.org\/ies.elpinar.alcorcon\/index.php\/quienes-somos\/departamentos\/latin\/podcast_mundo_romano\/\">aqu\u00ed<\/a>.<\/p>\n<\/div><\/div><\/div><\/div><\/div><\/div><div class=\"rt-col-md-12 rt-col-sm-6 rt-col-xs-12 even-grid-item rt-grid-item\" data-id=\"2016\"><div class=\"rt-holder\"><div class=\"rt-row\"><div class='rt-col-xs-12'><div class='rt-detail'><h3 class=\"entry-title\"><a data-id=\"2016\" class=\"\" href=\"https:\/\/site.educa.madrid.org\/ies.elpinar.alcorcon\/index.php\/2026\/01\/16\/odisea\/\">La Odisea<\/a><\/h3><div class='post-meta-user '><span class='date-meta'><i class='far fa-calendar-alt '><\/i>16 enero, 2026<\/span><\/div><div class='tpg-excerpt'><div class=\"wp-block-image\">\n<figure class=\"aligncenter size-large is-resized\"><a href=\"https:\/\/site.educa.madrid.org\/ies.elpinar.alcorcon\/\/wp-content\/uploads\/ies.elpinar.alcorcon\/2026\/01\/Representacion-teatral.-La-Odisea.jpeg\"><img decoding=\"async\" loading=\"lazy\" width=\"1024\" height=\"1024\" src=\"https:\/\/site.educa.madrid.org\/ies.elpinar.alcorcon\/\/wp-content\/uploads\/ies.elpinar.alcorcon\/2026\/01\/Representacion-teatral.-La-Odisea-1024x1024.jpeg\" alt=\"\" class=\"wp-image-2014\" style=\"width:448px;height:auto\" srcset=\"https:\/\/site.educa.madrid.org\/ies.elpinar.alcorcon\/\/wp-content\/uploads\/ies.elpinar.alcorcon\/2026\/01\/Representacion-teatral.-La-Odisea-1024x1024.jpeg 1024w, https:\/\/site.educa.madrid.org\/ies.elpinar.alcorcon\/\/wp-content\/uploads\/ies.elpinar.alcorcon\/2026\/01\/Representacion-teatral.-La-Odisea-300x300.jpeg 300w, https:\/\/site.educa.madrid.org\/ies.elpinar.alcorcon\/\/wp-content\/uploads\/ies.elpinar.alcorcon\/2026\/01\/Representacion-teatral.-La-Odisea-150x150.jpeg 150w, https:\/\/site.educa.madrid.org\/ies.elpinar.alcorcon\/\/wp-content\/uploads\/ies.elpinar.alcorcon\/2026\/01\/Representacion-teatral.-La-Odisea-768x768.jpeg 768w, https:\/\/site.educa.madrid.org\/ies.elpinar.alcorcon\/\/wp-content\/uploads\/ies.elpinar.alcorcon\/2026\/01\/Representacion-teatral.-La-Odisea-500x500.jpeg 500w, https:\/\/site.educa.madrid.org\/ies.elpinar.alcorcon\/\/wp-content\/uploads\/ies.elpinar.alcorcon\/2026\/01\/Representacion-teatral.-La-Odisea-1536x1536.jpeg 1536w, https:\/\/site.educa.madrid.org\/ies.elpinar.alcorcon\/\/wp-content\/uploads\/ies.elpinar.alcorcon\/2026\/01\/Representacion-teatral.-La-Odisea-100x100.jpeg 100w, https:\/\/site.educa.madrid.org\/ies.elpinar.alcorcon\/\/wp-content\/uploads\/ies.elpinar.alcorcon\/2026\/01\/Representacion-teatral.-La-Odisea.jpeg 2048w\" sizes=\"auto, (max-width: 706px) 89vw, (max-width: 767px) 82vw, 740px\" \/><\/a><\/figure>\n<\/div>\n\n\n<p class=\"has-text-align-center\">Los alumnos de Cultura Cl\u00e1sica del IES El Pinar asistieron en diciembre a la representaci\u00f3n teatral de La Odisea, de la compa\u00f1\u00eda El Aedo en el Peque\u00f1o Teatro Gran V\u00eda de Madrid. <\/p>\n\n\n\n<p class=\"has-text-align-center\">Disfrutaron de la representaci\u00f3n en la que conocieron a un aedo contando las aventuras de la guerra de Troya, a Ulises narrando su odiseico viaje y a Tel\u00e9maco mostrando su dolor por la larga ausencia de su padre.<\/p>\n\n\n\n<p class=\"has-text-align-center\"><\/p>\n\n\n\n<p><\/p>\n<\/div><\/div><\/div><\/div><\/div><\/div><div class=\"rt-col-md-12 rt-col-sm-6 rt-col-xs-12 even-grid-item rt-grid-item\" data-id=\"2011\"><div class=\"rt-holder\"><div class=\"rt-row\"><div class='rt-col-xs-12'><div class='rt-detail'><h3 class=\"entry-title\"><a data-id=\"2011\" class=\"\" href=\"https:\/\/site.educa.madrid.org\/ies.elpinar.alcorcon\/index.php\/2025\/12\/19\/juego-oca\/\">El juego de la Oca<\/a><\/h3><div class='post-meta-user '><span class='date-meta'><i class='far fa-calendar-alt '><\/i>19 diciembre, 2025<\/span><\/div><div class='tpg-excerpt'><div class=\"wp-block-image\">\n<figure class=\"aligncenter size-large is-resized\"><a href=\"https:\/\/site.educa.madrid.org\/ies.elpinar.alcorcon\/\/wp-content\/uploads\/ies.elpinar.alcorcon\/2026\/01\/El-juego-de-la-Oca.jpeg\"><img decoding=\"async\" loading=\"lazy\" width=\"1024\" height=\"1013\" src=\"https:\/\/site.educa.madrid.org\/ies.elpinar.alcorcon\/\/wp-content\/uploads\/ies.elpinar.alcorcon\/2026\/01\/El-juego-de-la-Oca-1024x1013.jpeg\" alt=\"\" class=\"wp-image-2013\" style=\"width:448px;height:auto\" srcset=\"https:\/\/site.educa.madrid.org\/ies.elpinar.alcorcon\/\/wp-content\/uploads\/ies.elpinar.alcorcon\/2026\/01\/El-juego-de-la-Oca-1024x1013.jpeg 1024w, https:\/\/site.educa.madrid.org\/ies.elpinar.alcorcon\/\/wp-content\/uploads\/ies.elpinar.alcorcon\/2026\/01\/El-juego-de-la-Oca-300x297.jpeg 300w, https:\/\/site.educa.madrid.org\/ies.elpinar.alcorcon\/\/wp-content\/uploads\/ies.elpinar.alcorcon\/2026\/01\/El-juego-de-la-Oca-768x759.jpeg 768w, https:\/\/site.educa.madrid.org\/ies.elpinar.alcorcon\/\/wp-content\/uploads\/ies.elpinar.alcorcon\/2026\/01\/El-juego-de-la-Oca-100x100.jpeg 100w, https:\/\/site.educa.madrid.org\/ies.elpinar.alcorcon\/\/wp-content\/uploads\/ies.elpinar.alcorcon\/2026\/01\/El-juego-de-la-Oca.jpeg 1080w\" sizes=\"auto, (max-width: 706px) 89vw, (max-width: 767px) 82vw, 740px\" \/><\/a><\/figure>\n<\/div>\n\n\n<p class=\"has-text-align-center\">Los alumnos de Cultura Cl\u00e1sica del IES El Pinar han creado \u00abEl Juego de la Oca\u00bb bas\u00e1ndose en\u00a0<em>La Odisea<\/em>, la historia del viaje de Ulises hasta llegar a \u00cdtaca. <\/p>\n\n\n\n<p class=\"has-text-align-center\">Han descubierto al c\u00edclope Polifemo, la isla de los Lot\u00f3fagos, la maga Circe, los escollos Escila y Caribdis, la preciosa Calipso, la adorada Pen\u00e9lope,&#8230; <\/p>\n\n\n\n<p class=\"has-text-align-center\">Ha sido un proyecto apasionante porque han elaborado un trabajo muy creativo reflejando todas estas aventuras<\/p>\n<\/div><\/div><\/div><\/div><\/div><\/div><\/div><div class='rt-pagination-wrap' data-total-pages='2' data-posts-per-page='4' data-type='pagination'  ><div class=\"rt-pagination\" ><ul class=\"pagination-list\"><li class=\"active\"><span>1<\/span><\/li><li><a data-paged='2' href='https:\/\/site.educa.madrid.org\/ies.elpinar.alcorcon\/index.php\/wp-json\/wp\/v2\/pages\/1729\/page\/2\/'>2<\/a><\/li><\/ul><\/div><\/div><\/div>","protected":false},"excerpt":{"rendered":"","protected":false},"author":2,"featured_media":0,"parent":896,"menu_order":6,"comment_status":"closed","ping_status":"closed","template":"page-with-submenu.php","meta":{"footnotes":""},"folder":[],"class_list":["post-1729","page","type-page","status-publish","hentry"],"rttpg_featured_image_url":null,"rttpg_author":{"display_name":"tic.ies.elpinar.alcorcon","author_link":"https:\/\/site.educa.madrid.org\/ies.elpinar.alcorcon\/index.php\/author\/cuenta_tic-ies-elpinar-alcorcon\/"},"rttpg_comment":0,"rttpg_category":false,"rttpg_excerpt":null,"post_mailing_queue_ids":[],"_links":{"self":[{"href":"https:\/\/site.educa.madrid.org\/ies.elpinar.alcorcon\/index.php\/wp-json\/wp\/v2\/pages\/1729","targetHints":{"allow":["GET"]}}],"collection":[{"href":"https:\/\/site.educa.madrid.org\/ies.elpinar.alcorcon\/index.php\/wp-json\/wp\/v2\/pages"}],"about":[{"href":"https:\/\/site.educa.madrid.org\/ies.elpinar.alcorcon\/index.php\/wp-json\/wp\/v2\/types\/page"}],"author":[{"embeddable":true,"href":"https:\/\/site.educa.madrid.org\/ies.elpinar.alcorcon\/index.php\/wp-json\/wp\/v2\/users\/2"}],"replies":[{"embeddable":true,"href":"https:\/\/site.educa.madrid.org\/ies.elpinar.alcorcon\/index.php\/wp-json\/wp\/v2\/comments?post=1729"}],"version-history":[{"count":2,"href":"https:\/\/site.educa.madrid.org\/ies.elpinar.alcorcon\/index.php\/wp-json\/wp\/v2\/pages\/1729\/revisions"}],"predecessor-version":[{"id":1732,"href":"https:\/\/site.educa.madrid.org\/ies.elpinar.alcorcon\/index.php\/wp-json\/wp\/v2\/pages\/1729\/revisions\/1732"}],"up":[{"embeddable":true,"href":"https:\/\/site.educa.madrid.org\/ies.elpinar.alcorcon\/index.php\/wp-json\/wp\/v2\/pages\/896"}],"wp:attachment":[{"href":"https:\/\/site.educa.madrid.org\/ies.elpinar.alcorcon\/index.php\/wp-json\/wp\/v2\/media?parent=1729"}],"wp:term":[{"taxonomy":"folder","embeddable":true,"href":"https:\/\/site.educa.madrid.org\/ies.elpinar.alcorcon\/index.php\/wp-json\/wp\/v2\/folder?post=1729"}],"curies":[{"name":"wp","href":"https:\/\/api.w.org\/{rel}","templated":true}]}}