{"id":479,"date":"2022-03-26T12:16:34","date_gmt":"2022-03-26T11:16:34","guid":{"rendered":"https:\/\/site.educa.madrid.org\/ies.elpinar.alcorcon\/?page_id=479"},"modified":"2025-06-28T14:34:03","modified_gmt":"2025-06-28T12:34:03","slug":"espad","status":"publish","type":"page","link":"https:\/\/site.educa.madrid.org\/ies.elpinar.alcorcon\/index.php\/educacion-a-distancia\/espad\/","title":{"rendered":"ESPAD"},"content":{"rendered":"<header class=\"header options\">La ense\u00f1anza secundaria para personas adultas se estructura en dos niveles, Nivel I y Nivel II, <b><u>ofreci\u00e9ndose solamente el Nivel II en el IES El Pinar<\/u><\/b>.<\/p>\n<p>En cada nivel se cursar\u00e1n tres \u00e1mbitos: <b>\u00e1mbito Cient\u00edfico-Tecnol\u00f3gico<\/b>, <b>\u00e1mbito de la Comunicaci\u00f3n<\/b> y <b>\u00e1mbito Social<\/b>, integrados por m\u00f3dulos relacionados con las materias que los constituyen.<\/p>\n<p>En el <b>Nivel II<\/b> los \u00e1mbitos est\u00e1n integrados en: \u00a0<b>Ense\u00f1anzas Aplicadas<\/b>, seg\u00fan la normativa vigente que establece para la Comunidad de Madrid el curr\u00edculo de la Educaci\u00f3n Secundaria Obligatoria, en cuanto a los cursos tercero y cuarto de la etapa.<\/p>\n<p>Su organizaci\u00f3n ser\u00e1 la siguiente:<\/p>\n<table style=\"width: 100%;\">\n<tbody>\n<tr>\n<td style=\"text-align: center; vertical-align: middle;\" colspan=\"2\"><b>ENSE\u00d1ANZAS APLICADAS<\/b><\/td>\n<\/tr>\n<tr>\n<td style=\"text-align: center; vertical-align: middle;\" rowspan=\"2\"><b>\u00c1mbito de la Comunicaci\u00f3n\u00a0<\/b><\/td>\n<td>M\u00f3dulo de Lengua Castellana y Literatura<\/td>\n<\/tr>\n<tr>\n<td>M\u00f3dulo de Primera Lengua Extranjera (Ingl\u00e9s)<\/td>\n<\/tr>\n<tr>\n<td style=\"text-align: center; vertical-align: middle;\"><b>\u00c1mbito Social<\/b><\/td>\n<td>M\u00f3dulo de Sociedad<\/td>\n<\/tr>\n<tr>\n<td style=\"text-align: center; vertical-align: middle;\" rowspan=\"2\"><b>\u00c1mbito Cient\u00edfico-Tecnol\u00f3gico\u00a0<\/b><\/td>\n<td>M\u00f3dulo de Matem\u00e1ticas Aplicadas<\/td>\n<\/tr>\n<tr>\n<td>M\u00f3dulo de Tecnolog\u00eda<\/td>\n<\/tr>\n<\/tbody>\n<\/table>\n<\/header>\n","protected":false},"excerpt":{"rendered":"<p>La ense\u00f1anza secundaria para personas adultas se estructura en dos niveles, Nivel I y Nivel II, ofreci\u00e9ndose solamente el Nivel II en el IES El Pinar. En cada nivel se cursar\u00e1n tres \u00e1mbitos: \u00e1mbito Cient\u00edfico-Tecnol\u00f3gico, \u00e1mbito de la Comunicaci\u00f3n y \u00e1mbito Social, integrados por m\u00f3dulos relacionados con las materias que los constituyen. En el Nivel &hellip; <\/p>\n<p class=\"link-more\"><a href=\"https:\/\/site.educa.madrid.org\/ies.elpinar.alcorcon\/index.php\/educacion-a-distancia\/espad\/\" class=\"more-link\">Continuar leyendo<span class=\"screen-reader-text\"> \u00abESPAD\u00bb<\/span><\/a><\/p>\n","protected":false},"author":4,"featured_media":0,"parent":154,"menu_order":1,"comment_status":"closed","ping_status":"closed","template":"page-with-submenu.php","meta":{"footnotes":""},"folder":[],"class_list":["post-479","page","type-page","status-publish","hentry"],"rttpg_featured_image_url":null,"rttpg_author":{"display_name":"Fuencisla G\u00f3mez G\u00f3mez","author_link":"https:\/\/site.educa.madrid.org\/ies.elpinar.alcorcon\/index.php\/author\/m-fuencisla_gomez-gomez\/"},"rttpg_comment":0,"rttpg_category":false,"rttpg_excerpt":"La ense\u00f1anza secundaria para personas adultas se estructura en dos niveles, Nivel I y Nivel II, ofreci\u00e9ndose solamente el Nivel II en el IES El Pinar. En cada nivel se cursar\u00e1n tres \u00e1mbitos: \u00e1mbito Cient\u00edfico-Tecnol\u00f3gico, \u00e1mbito de la Comunicaci\u00f3n y \u00e1mbito Social, integrados por m\u00f3dulos relacionados con las materias que los constituyen. En el Nivel&hellip;","post_mailing_queue_ids":[],"_links":{"self":[{"href":"https:\/\/site.educa.madrid.org\/ies.elpinar.alcorcon\/index.php\/wp-json\/wp\/v2\/pages\/479","targetHints":{"allow":["GET"]}}],"collection":[{"href":"https:\/\/site.educa.madrid.org\/ies.elpinar.alcorcon\/index.php\/wp-json\/wp\/v2\/pages"}],"about":[{"href":"https:\/\/site.educa.madrid.org\/ies.elpinar.alcorcon\/index.php\/wp-json\/wp\/v2\/types\/page"}],"author":[{"embeddable":true,"href":"https:\/\/site.educa.madrid.org\/ies.elpinar.alcorcon\/index.php\/wp-json\/wp\/v2\/users\/4"}],"replies":[{"embeddable":true,"href":"https:\/\/site.educa.madrid.org\/ies.elpinar.alcorcon\/index.php\/wp-json\/wp\/v2\/comments?post=479"}],"version-history":[{"count":2,"href":"https:\/\/site.educa.madrid.org\/ies.elpinar.alcorcon\/index.php\/wp-json\/wp\/v2\/pages\/479\/revisions"}],"predecessor-version":[{"id":1510,"href":"https:\/\/site.educa.madrid.org\/ies.elpinar.alcorcon\/index.php\/wp-json\/wp\/v2\/pages\/479\/revisions\/1510"}],"up":[{"embeddable":true,"href":"https:\/\/site.educa.madrid.org\/ies.elpinar.alcorcon\/index.php\/wp-json\/wp\/v2\/pages\/154"}],"wp:attachment":[{"href":"https:\/\/site.educa.madrid.org\/ies.elpinar.alcorcon\/index.php\/wp-json\/wp\/v2\/media?parent=479"}],"wp:term":[{"taxonomy":"folder","embeddable":true,"href":"https:\/\/site.educa.madrid.org\/ies.elpinar.alcorcon\/index.php\/wp-json\/wp\/v2\/folder?post=479"}],"curies":[{"name":"wp","href":"https:\/\/api.w.org\/{rel}","templated":true}]}}