{"id":594,"date":"2025-03-05T19:59:46","date_gmt":"2025-03-05T18:59:46","guid":{"rendered":"https:\/\/site.educa.madrid.org\/ies.elpinar.alcorcon\/?page_id=594"},"modified":"2025-05-19T17:18:26","modified_gmt":"2025-05-19T15:18:26","slug":"servicio-de-apoyo-a-la-escolarizacion","status":"publish","type":"page","link":"https:\/\/site.educa.madrid.org\/ies.elpinar.alcorcon\/index.php\/secretaria\/servicio-de-apoyo-a-la-escolarizacion\/","title":{"rendered":"Servicio de Apoyo a la Escolarizaci\u00f3n"},"content":{"rendered":"<h4 style=\"text-align: left;\">SAE Alcorc\u00f3n<\/h4>\n<p><strong>Sede<\/strong> EOI Alcorc\u00f3n<\/p>\n<p><strong>Ubicaci\u00f3n<\/strong> C\/ PARQUE GRANDE, 7<br \/>\n28924-ALCORC\u00d3N<\/p>\n<p><strong>Tel\u00e9fono<\/strong>\u00a0 916197817<\/p>\n<p><strong>Correo electr\u00f3nico<\/strong> <a href=\"mailto:sae.alcorcon@madrid.org\">sae.alcorcon@madrid.org<\/a><\/p>\n","protected":false},"excerpt":{"rendered":"<p>SAE Alcorc\u00f3n Sede EOI Alcorc\u00f3n Ubicaci\u00f3n C\/ PARQUE GRANDE, 7 28924-ALCORC\u00d3N Tel\u00e9fono\u00a0 916197817 Correo electr\u00f3nico sae.alcorcon@madrid.org<\/p>\n","protected":false},"author":2,"featured_media":0,"parent":148,"menu_order":2,"comment_status":"closed","ping_status":"closed","template":"page-with-siblings-submenu.php","meta":{"footnotes":""},"folder":[],"class_list":["post-594","page","type-page","status-publish","hentry"],"rttpg_featured_image_url":null,"rttpg_author":{"display_name":"tic.ies.elpinar.alcorcon","author_link":"https:\/\/site.educa.madrid.org\/ies.elpinar.alcorcon\/index.php\/author\/cuenta_tic-ies-elpinar-alcorcon\/"},"rttpg_comment":0,"rttpg_category":false,"rttpg_excerpt":"SAE Alcorc\u00f3n Sede EOI Alcorc\u00f3n Ubicaci\u00f3n C\/ PARQUE GRANDE, 7 28924-ALCORC\u00d3N Tel\u00e9fono\u00a0 916197817 Correo electr\u00f3nico sae.alcorcon@madrid.org","post_mailing_queue_ids":[],"_links":{"self":[{"href":"https:\/\/site.educa.madrid.org\/ies.elpinar.alcorcon\/index.php\/wp-json\/wp\/v2\/pages\/594","targetHints":{"allow":["GET"]}}],"collection":[{"href":"https:\/\/site.educa.madrid.org\/ies.elpinar.alcorcon\/index.php\/wp-json\/wp\/v2\/pages"}],"about":[{"href":"https:\/\/site.educa.madrid.org\/ies.elpinar.alcorcon\/index.php\/wp-json\/wp\/v2\/types\/page"}],"author":[{"embeddable":true,"href":"https:\/\/site.educa.madrid.org\/ies.elpinar.alcorcon\/index.php\/wp-json\/wp\/v2\/users\/2"}],"replies":[{"embeddable":true,"href":"https:\/\/site.educa.madrid.org\/ies.elpinar.alcorcon\/index.php\/wp-json\/wp\/v2\/comments?post=594"}],"version-history":[{"count":3,"href":"https:\/\/site.educa.madrid.org\/ies.elpinar.alcorcon\/index.php\/wp-json\/wp\/v2\/pages\/594\/revisions"}],"predecessor-version":[{"id":599,"href":"https:\/\/site.educa.madrid.org\/ies.elpinar.alcorcon\/index.php\/wp-json\/wp\/v2\/pages\/594\/revisions\/599"}],"up":[{"embeddable":true,"href":"https:\/\/site.educa.madrid.org\/ies.elpinar.alcorcon\/index.php\/wp-json\/wp\/v2\/pages\/148"}],"wp:attachment":[{"href":"https:\/\/site.educa.madrid.org\/ies.elpinar.alcorcon\/index.php\/wp-json\/wp\/v2\/media?parent=594"}],"wp:term":[{"taxonomy":"folder","embeddable":true,"href":"https:\/\/site.educa.madrid.org\/ies.elpinar.alcorcon\/index.php\/wp-json\/wp\/v2\/folder?post=594"}],"curies":[{"name":"wp","href":"https:\/\/api.w.org\/{rel}","templated":true}]}}