{"id":772,"date":"2025-03-07T00:22:44","date_gmt":"2025-03-06T23:22:44","guid":{"rendered":"https:\/\/site.educa.madrid.org\/ies.elpinar.alcorcon\/?page_id=772"},"modified":"2026-05-11T17:18:49","modified_gmt":"2026-05-11T15:18:49","slug":"pau-26","status":"publish","type":"page","link":"https:\/\/site.educa.madrid.org\/ies.elpinar.alcorcon\/index.php\/secretaria\/pau-26\/","title":{"rendered":"Pruebas de Acceso a la Universidad 2026"},"content":{"rendered":"\n<div class=\"wp-block-group\"><div class=\"wp-block-group__inner-container is-layout-flow wp-block-group-is-layout-flow\">\n<div class=\"wp-block-buttons is-horizontal is-content-justification-center is-layout-flex wp-container-core-buttons-is-layout-1891d752 wp-block-buttons-is-layout-flex\"><\/div>\n\n\n\t\t<div class=\"rttpg-block-postgrid rttpg-block-wrapper rttpg-block-c943db section-title-style-style1\">\n\t\t\t<div class=\"rt-container-fluid rt-tpg-container tpg-el-main-wrapper tpg-gutenberg clearfix\">\n\t\t\t\t<div class='tpg-header-wrapper'>\n\t\t\t\t\t\n        <div class=\"tpg-widget-heading-wrapper rt-clear heading-style1 \">\n            <span class=\"tpg-widget-heading-line line-left\"><\/span>\n\t\t\t<h2 class='tpg-widget-heading'>\n\t\t\t            <a href=\"#\"  target=&quot;_self&quot; >\n\t\t\t\t\n\t\t\t\t                    <span>\n\t\t\t\t\t\tConvocatoria Ordinaria\t\t\t\t\t<\/span>\n\t\t\t\t\t\n\t\t\t\t            <\/a>\n\n\t\t\t\t\t<\/h2>            <span class=\"tpg-widget-heading-line line-right\"><\/span>\n\n\t\t\t\n        <\/div>\n\n\t\t\n\t\t\t\t\t\t<\/div>\n\t\t\t<\/div>\n\t\t<\/div>\n\t\t\n\n\n<div class=\"wp-block-group\"><div class=\"wp-block-group__inner-container is-layout-flow wp-block-group-is-layout-flow\">\n<div class=\"wp-block-group\"><div class=\"wp-block-group__inner-container is-layout-constrained wp-block-group-is-layout-constrained\">\n<p>Toda la informaci\u00f3n sobre el calendario y la organizaci\u00f3n de la PAU 2026, se puede consultar en&nbsp;la <a href=\"https:\/\/www.urjc.es\/estudiar-en-la-urjc\/admision\/407-estudiantesde-bachillerato-y-formacion-profesional-lomce\">p\u00e1gina web de la Universidad Rey Juan Carlos<\/a>.<\/p>\n\n\n\n<p class=\"has-text-align-center has-black-color has-text-color has-background has-link-color has-small-font-size wp-elements-291eefe2490a4dd9f55ca1dbf81a7fdf\" style=\"background:linear-gradient(290deg,rgb(238,238,238) 0%,rgb(169,184,195) 100%)\"><a href=\"https:\/\/www.urjc.es\/images\/EstudiarURJC\/Admision_matricula\/grado\/pruebas_acceso\/PAU_2026\/2026.01.23%20Acuerdo%20Aprobaci%C3%B3n%20Horario%20Convocatoria%20ordinaria.pdf\"><strong>HORARIO <\/strong>CONVOCATORIA ORDINARIA PAU 2026<\/a><\/p>\n\n\n\n<p>El alumnado que desee participar en la PAU en la Convocatoria Ordinaria de Junio deber\u00e1 pasar por la secretar\u00eda del centro:<\/p>\n\n\n\n<p class=\"has-text-align-center has-very-light-gray-to-cyan-bluish-gray-gradient-background has-background has-medium-font-size\"><strong>ANTES DEL D\u00cdA 18 DE MAYO A LAS 14:00<\/strong><\/p>\n<\/div><\/div>\n<\/div><\/div>\n<\/div><\/div>\n\n\n\n<p>Aportando la documentaci\u00f3n correspondiente:<\/p>\n\n\n\n<figure class=\"wp-block-table is-style-stripes has-small-font-size\"><table><thead><tr><th class=\"has-text-align-center\" data-align=\"center\">ALUMNADO<\/th><th>DOCUMENTACI\u00d3N<\/th><\/tr><\/thead><tbody><tr><td class=\"has-text-align-center\" data-align=\"center\">Matriculado en 2\u00ba de Bachillerato en el curso 2025-2026<\/td><td>&#8211; Solicitud y resguardo del pago del t\u00edtulo de Bachillerato.<br>&#8211; Fotocopia del DNI.<br>&#8211; Impreso de inscripci\u00f3n en la PAU con las materias de las que se quiere examinar.<\/td><\/tr><tr><td class=\"has-text-align-center\" data-align=\"center\">Con el t\u00edtulo de Bachillerato obtenido en cursos anteriores<\/td><td>&#8211; Fotocopia del DNI.<br>&#8211; Impreso de inscripci\u00f3n en la PAU con las materias de las que se quiere examinar.<\/td><\/tr><tr><td class=\"has-text-align-center\" data-align=\"center\">Con la Prueba de Acceso a la Universidad realizada en a\u00f1os anteriores (suspensa o aprobada y que deseen subir nota)<\/td><td>&#8211; Fotocopia del DNI.<br>&#8211; Impreso de inscripci\u00f3n en la PAU con las materias de las que se quiere examinar.<\/td><\/tr><\/tbody><\/table><\/figure>\n\n\n\n<div class=\"wp-block-buttons is-layout-flex wp-block-buttons-is-layout-flex\">\n<div class=\"wp-block-button has-custom-width wp-block-button__width-100\"><a class=\"wp-block-button__link wp-element-button\" href=\"https:\/\/site.educa.madrid.org\/ies.elpinar.alcorcon\/\/wp-content\/uploads\/ies.elpinar.alcorcon\/2025\/05\/FORMULARIO-MATRICULA-PAU-2.pdf\">Impreso de inscripci\u00f3n en la PAU<\/a><\/div>\n<\/div>\n\n\n\n<div style=\"height:40px\" aria-hidden=\"true\" class=\"wp-block-spacer\"><\/div>\n\n\n\n<p class=\"has-text-align-center\" style=\"font-size:15px\"><strong>Los impresos de pago de las tasas de PAU se recoger\u00e1n en Secretar\u00eda<\/strong><\/p>\n\n\n\n<p class=\"has-text-align-center has-very-light-gray-to-cyan-bluish-gray-gradient-background has-background\" style=\"font-size:15px\">el d\u00eda 19 de Mayo de 10:00 a 12:00<\/p>\n\n\n\n<p class=\"has-text-align-center\" style=\"font-size:15px\"><strong>Se pagar\u00e1n  en el Banco o Caja<\/strong><\/p>\n\n\n\n<p class=\"has-text-align-center has-very-light-gray-to-cyan-bluish-gray-gradient-background has-background\" style=\"font-size:15px\">antes del 25 de Mayo<\/p>\n\n\n\n<p class=\"has-text-align-center\" style=\"font-size:15px\"><strong>Se devolver\u00e1n a Secretar\u00eda, una vez efectuado el pago en el Banco o Caja<\/strong>,<\/p>\n\n\n\n<p class=\"has-text-align-center has-very-light-gray-to-cyan-bluish-gray-gradient-background has-background\" style=\"font-size:15px\">como muy tarde el 26 de Mayo antes de las 12:00<\/p>\n\n\n\n<p><strong>Precios de las Pruebas de Acceso a los estudios Universitarios oficiales de grado.<\/strong><\/p>\n\n\n\n<div class=\"wp-block-group\"><div class=\"wp-block-group__inner-container is-layout-constrained wp-block-group-is-layout-constrained\">\n<ul class=\"wp-block-list\">\n<li>Por inscripci\u00f3n en la prueba: 93,02 euros, m\u00e1s 11,63 euros por cada materia de la fase espec\u00edfica en la que se matricule el alumno.<\/li>\n<\/ul>\n\n\n\n<ul class=\"wp-block-list\">\n<li>Por inscripci\u00f3n \u00fanicamente en la fase espec\u00edfica de la prueba:&nbsp;46,51 euros, m\u00e1s 11,63 euros por cada materia en la que se matricule el alumno<\/li>\n\n\n\n<li>Pagos en el&nbsp;<strong>Banco Santander<\/strong>: a trav\u00e9s de Banca Electr\u00f3nica, cajeros autom\u00e1ticos o ventanilla.&nbsp;<\/li>\n\n\n\n<li>O en <strong>Caixabank<\/strong>: a trav\u00e9s de Banca Electr\u00f3nica o cajeros autom\u00e1ticos. No se admiten pagos en ventanilla.<\/li>\n<\/ul>\n\n\n\n<ul class=\"wp-block-list\">\n<li>Resto de exenciones: consultar&nbsp;el&nbsp;<a href=\"https:\/\/www.bocm.es\/boletin\/CM_Orden_BOCM\/2022\/07\/01\/BOCM-20220701-1.PDF\" target=\"_blank\" rel=\"noreferrer noopener\">DECRETO 43\/2022, de 29 de junio<\/a>\n<ul class=\"wp-block-list\">\n<li>Familia Numerosa Categor\u00eda General: abonar\u00e1n el 50% del importe ordinario*.<\/li>\n\n\n\n<li>Familia Numerosa Categor\u00eda Especial y de Honor, y V\u00edctimas del Terrorismo**: estar\u00e1n exentos del abono de las tasas. <\/li>\n\n\n\n<li>Estudiantes con discapacidad*** con grado mayor o igual al 33%: exentos del abono de las tasas. <\/li>\n<\/ul>\n<\/li>\n<\/ul>\n\n\n\n<div class=\"wp-block-group\"><div class=\"wp-block-group__inner-container is-layout-constrained wp-block-group-is-layout-constrained\">\n<p class=\"has-text-align-left\">* En caso de ser Familia Numerosa, se aportar\u00e1 fotocopia y original o  fotocopia compulsada del T\u00edtulo de Familia Numerosa.<\/p>\n\n\n\n<p class=\"has-text-align-left\">* *En caso de ser V\u00edctima del Terrorismo, se aportar\u00e1 fotocopia y original o  fotocopia compulsada de la certificaci\u00f3n expedida a tal efecto por el Ministerio del Interior.<\/p>\n\n\n\n<p class=\"has-text-align-left\">* **En caso de discapacidad, se aportar\u00e1 fotocopia y original o  fotocopia compulsada del certificado de reconocimiento del grado de discapacidad.<\/p>\n<\/div><\/div>\n<\/div><\/div>\n\n\n\n<div class=\"wp-block-columns is-layout-flex wp-container-core-columns-is-layout-9d6595d7 wp-block-columns-is-layout-flex\">\n<div class=\"wp-block-column is-layout-flow wp-block-column-is-layout-flow\">\n<div class=\"wp-block-buttons is-layout-flex wp-block-buttons-is-layout-flex\"><\/div>\n<\/div>\n<\/div>\n\n\n\n<p><\/p>\n","protected":false},"excerpt":{"rendered":"<p>Toda la informaci\u00f3n sobre el calendario y la organizaci\u00f3n de la PAU 2026, se puede consultar en&nbsp;la p\u00e1gina web de la Universidad Rey Juan Carlos. HORARIO CONVOCATORIA ORDINARIA PAU 2026 El alumnado que desee participar en la PAU en la Convocatoria Ordinaria de Junio deber\u00e1 pasar por la secretar\u00eda del centro: ANTES DEL D\u00cdA 18 &hellip; <\/p>\n<p class=\"link-more\"><a href=\"https:\/\/site.educa.madrid.org\/ies.elpinar.alcorcon\/index.php\/secretaria\/pau-26\/\" class=\"more-link\">Continuar leyendo<span class=\"screen-reader-text\"> \u00abPruebas de Acceso a la Universidad 2026\u00bb<\/span><\/a><\/p>\n","protected":false},"author":2,"featured_media":0,"parent":148,"menu_order":0,"comment_status":"closed","ping_status":"closed","template":"page-with-siblings-submenu.php","meta":{"footnotes":""},"folder":[],"class_list":["post-772","page","type-page","status-publish","hentry"],"rttpg_featured_image_url":null,"rttpg_author":{"display_name":"tic.ies.elpinar.alcorcon","author_link":"https:\/\/site.educa.madrid.org\/ies.elpinar.alcorcon\/index.php\/author\/cuenta_tic-ies-elpinar-alcorcon\/"},"rttpg_comment":0,"rttpg_category":false,"rttpg_excerpt":"Toda la informaci\u00f3n sobre el calendario y la organizaci\u00f3n de la PAU 2026, se puede consultar en&nbsp;la p\u00e1gina web de la Universidad Rey Juan Carlos. HORARIO CONVOCATORIA ORDINARIA PAU 2026 El alumnado que desee participar en la PAU en la Convocatoria Ordinaria de Junio deber\u00e1 pasar por la secretar\u00eda del centro: ANTES DEL D\u00cdA 18&hellip;","post_mailing_queue_ids":[],"_links":{"self":[{"href":"https:\/\/site.educa.madrid.org\/ies.elpinar.alcorcon\/index.php\/wp-json\/wp\/v2\/pages\/772","targetHints":{"allow":["GET"]}}],"collection":[{"href":"https:\/\/site.educa.madrid.org\/ies.elpinar.alcorcon\/index.php\/wp-json\/wp\/v2\/pages"}],"about":[{"href":"https:\/\/site.educa.madrid.org\/ies.elpinar.alcorcon\/index.php\/wp-json\/wp\/v2\/types\/page"}],"author":[{"embeddable":true,"href":"https:\/\/site.educa.madrid.org\/ies.elpinar.alcorcon\/index.php\/wp-json\/wp\/v2\/users\/2"}],"replies":[{"embeddable":true,"href":"https:\/\/site.educa.madrid.org\/ies.elpinar.alcorcon\/index.php\/wp-json\/wp\/v2\/comments?post=772"}],"version-history":[{"count":19,"href":"https:\/\/site.educa.madrid.org\/ies.elpinar.alcorcon\/index.php\/wp-json\/wp\/v2\/pages\/772\/revisions"}],"predecessor-version":[{"id":2584,"href":"https:\/\/site.educa.madrid.org\/ies.elpinar.alcorcon\/index.php\/wp-json\/wp\/v2\/pages\/772\/revisions\/2584"}],"up":[{"embeddable":true,"href":"https:\/\/site.educa.madrid.org\/ies.elpinar.alcorcon\/index.php\/wp-json\/wp\/v2\/pages\/148"}],"wp:attachment":[{"href":"https:\/\/site.educa.madrid.org\/ies.elpinar.alcorcon\/index.php\/wp-json\/wp\/v2\/media?parent=772"}],"wp:term":[{"taxonomy":"folder","embeddable":true,"href":"https:\/\/site.educa.madrid.org\/ies.elpinar.alcorcon\/index.php\/wp-json\/wp\/v2\/folder?post=772"}],"curies":[{"name":"wp","href":"https:\/\/api.w.org\/{rel}","templated":true}]}}