{"id":4200,"date":"2026-08-31T20:14:42","date_gmt":"2026-08-31T18:14:42","guid":{"rendered":"https:\/\/site.educa.madrid.org\/ies.gomezmoreno.madrid\/?post_type=mec-events&#038;p=4200"},"modified":"2026-08-31T22:29:28","modified_gmt":"2026-08-31T20:29:28","slug":"inicio-de-curso-2025-26","status":"publish","type":"mec-events","link":"https:\/\/site.educa.madrid.org\/ies.gomezmoreno.madrid\/index.php\/events\/inicio-de-curso-2025-26\/","title":{"rendered":"Inicio de curso (alumnado)"},"content":{"rendered":"<p>Esperamos que hay\u00e1is pasado un buen verano y est\u00e9is listos para comenzar el curso 2026\/27. Este a\u00f1o simplificamos el proceso de acogida y todo el alumnado de ESO se incorporar\u00e1 a las clases el d\u00eda 8 de septiembre.\u00a0 A continuaci\u00f3n, indicamos los lugares en los que cada curso ser\u00e1 recibido.<\/p>\n<table width=\"500\">\n<tbody>\n<tr>\n<td style=\"text-align: center;\" width=\"132\"><span style=\"color: #000000;\"><strong>CURSO<\/strong><\/span><\/td>\n<td style=\"text-align: center;\" width=\"130\"><span style=\"color: #000000;\"><strong>HORA<\/strong><\/span><\/td>\n<td style=\"text-align: center;\" width=\"238\"><span style=\"color: #000000;\"><strong>FECHA Y LUGAR<\/strong><\/span><\/td>\n<\/tr>\n<tr>\n<td style=\"text-align: center;\" width=\"132\"><span style=\"color: #ff0000;\"><strong>1\u00ba ESO<\/strong><\/span><\/td>\n<td style=\"text-align: center;\" width=\"130\"><span style=\"color: #ff0000;\">8.15 \u2013 15.20<\/span><\/td>\n<td style=\"text-align: center;\" width=\"238\"><span style=\"color: #ff0000;\"><strong>Martes 8<\/strong>\u00a0de septiembre &#8211; Usos M\u00faltiples<\/span><\/td>\n<\/tr>\n<tr>\n<td style=\"text-align: center;\" width=\"132\"><span style=\"color: #ff9900;\"><strong>2\u00ba ESO<\/strong><\/span><\/td>\n<td style=\"text-align: center;\" width=\"130\"><span style=\"color: #ff9900;\">8.15 \u2013 15.20<\/span><\/td>\n<td style=\"text-align: center;\" width=\"238\"><span style=\"color: #ff9900;\"><strong>Martes 8<\/strong>\u00a0de septiembre\u00a0 &#8211; Aulas 2\u00baESO<\/span><\/td>\n<\/tr>\n<tr>\n<td style=\"text-align: center;\" width=\"132\"><span style=\"color: #339966;\"><strong>3\u00baESO + 1\u00baDIV<\/strong><\/span><\/td>\n<td style=\"text-align: center;\" width=\"130\"><span style=\"color: #339966;\">8.15 \u2013 15.20<\/span><\/td>\n<td style=\"text-align: center;\" width=\"238\"><span style=\"color: #339966;\"><strong>Martes 8<\/strong> de septiembre &#8211; Aulas 3\u00baESO<\/span><\/td>\n<\/tr>\n<tr>\n<td style=\"text-align: center;\" width=\"132\"><span style=\"color: #800080;\"><strong>4\u00baESO + 2\u00ba DIV<\/strong><\/span><\/td>\n<td style=\"text-align: center;\" width=\"130\"><span style=\"color: #800080;\">8.15 \u2013 15.20<\/span><\/td>\n<td style=\"text-align: center;\" width=\"238\"><span style=\"color: #800080;\"><strong>Martes 8 <\/strong>de septiembre &#8211; Aulas 4\u00baEO<\/span><\/td>\n<\/tr>\n<\/tbody>\n<\/table>\n<p><strong>Todo el alumnado de ESO debe acudir al centro provisto de mochila y estuche, con el material imprescindible para escribir. Adem\u00e1s, en el caso de 1\u00ba y 2\u00baESO ser\u00e1 necesarios l\u00e1pices de colores y\/o rotuladres. traer papel y boli<\/strong>.<\/p>\n<p>Por su parte, el alumnado de <strong>BACHILLERATO<\/strong> se incorporar\u00e1 a las clases el mi\u00e9rcoles 9 conforme al siguiente horario y tambi\u00e9n deber\u00e1 traer material para tomar apuntes y escribir:<\/p>\n<table width=\"500\">\n<tbody>\n<tr>\n<td style=\"text-align: center;\" width=\"132\"><span style=\"color: #000000;\"><strong>CURSO\u00a0<\/strong><\/span><\/td>\n<td style=\"text-align: center;\" width=\"130\"><span style=\"color: #000000;\"><strong>HORA<\/strong><\/span><\/td>\n<td style=\"text-align: center;\" width=\"238\"><span style=\"color: #000000;\"><strong>FECHA Y LUGAR<\/strong><\/span><\/td>\n<\/tr>\n<tr>\n<td style=\"text-align: center;\" width=\"132\"><span style=\"color: #00ccff;\"><strong>1\u00ba BACH<\/strong><\/span><\/td>\n<td style=\"text-align: center;\" width=\"130\"><span style=\"color: #00ccff;\">11.30 \u2013 14.10<\/span><\/td>\n<td style=\"text-align: center;\" width=\"238\"><span style=\"color: #00ccff;\"><strong>Mi\u00e9rcoles 9<\/strong> de septiembre &#8211; Usos M\u00faltiples<\/span><\/td>\n<\/tr>\n<tr>\n<td style=\"text-align: center;\" width=\"132\"><span style=\"color: #3366ff;\"><strong>2\u00ba BACH<\/strong><\/span><\/td>\n<td style=\"text-align: center;\" width=\"130\"><span style=\"color: #3366ff;\">10.00 \u2013 13.30<\/span><\/td>\n<td style=\"text-align: center;\" width=\"238\"><span style=\"color: #3366ff;\"><strong>Mi\u00e9rcoles 9<\/strong> de septiembre &#8211; Usos M\u00faltiples<\/span><\/td>\n<\/tr>\n<\/tbody>\n<\/table>\n<p>Recomendamos, no obstante, <strong>comprobar el lunes 8 de septiembre que no ha habido ninguna variaci\u00f3n con respecto a los horarios.<\/strong><\/p>\n<p>Disfrutad esta \u00faltima semana. \u00a1Os vemos en unos d\u00edas!<\/p>\n","protected":false},"excerpt":{"rendered":"<p>Esperamos que hay\u00e1is pasado un buen verano y est\u00e9is listos para comenzar el curso 2026\/27. Este a\u00f1o simplificamos el proceso de acogida y todo el alumnado de ESO se incorporar\u00e1 a las clases el d\u00eda 8 de septiembre.\u00a0 A continuaci\u00f3n, indicamos los lugares en los que cada curso ser\u00e1 recibido. CURSO HORA FECHA Y LUGAR [&hellip;]<\/p>\n","protected":false},"author":7,"featured_media":6598,"comment_status":"open","ping_status":"closed","template":"","tags":[],"mec_category":[157],"mec_speaker":[],"class_list":["post-4200","mec-events","type-mec-events","status-publish","has-post-thumbnail","hentry","mec_category-calendarios"],"rttpg_featured_image_url":{"full":["https:\/\/site.educa.madrid.org\/ies.gomezmoreno.madrid\/\/wp-content\/uploads\/ies.gomezmoreno.madrid\/2025\/07\/26-27_Inicio-alumnado.webp",300,300,false],"landscape":["https:\/\/site.educa.madrid.org\/ies.gomezmoreno.madrid\/\/wp-content\/uploads\/ies.gomezmoreno.madrid\/2025\/07\/26-27_Inicio-alumnado.webp",300,300,false],"portraits":["https:\/\/site.educa.madrid.org\/ies.gomezmoreno.madrid\/\/wp-content\/uploads\/ies.gomezmoreno.madrid\/2025\/07\/26-27_Inicio-alumnado.webp",300,300,false],"thumbnail":["https:\/\/site.educa.madrid.org\/ies.gomezmoreno.madrid\/\/wp-content\/uploads\/ies.gomezmoreno.madrid\/2025\/07\/26-27_Inicio-alumnado-150x150.webp",150,150,true],"medium":["https:\/\/site.educa.madrid.org\/ies.gomezmoreno.madrid\/\/wp-content\/uploads\/ies.gomezmoreno.madrid\/2025\/07\/26-27_Inicio-alumnado.webp",300,300,false],"large":["https:\/\/site.educa.madrid.org\/ies.gomezmoreno.madrid\/\/wp-content\/uploads\/ies.gomezmoreno.madrid\/2025\/07\/26-27_Inicio-alumnado.webp",300,300,false],"thumblist":["https:\/\/site.educa.madrid.org\/ies.gomezmoreno.madrid\/\/wp-content\/uploads\/ies.gomezmoreno.madrid\/2025\/07\/26-27_Inicio-alumnado.webp",300,300,false],"thumbrelated":["https:\/\/site.educa.madrid.org\/ies.gomezmoreno.madrid\/\/wp-content\/uploads\/ies.gomezmoreno.madrid\/2025\/07\/26-27_Inicio-alumnado.webp",300,300,false],"meccarouselthumb":["https:\/\/site.educa.madrid.org\/ies.gomezmoreno.madrid\/\/wp-content\/uploads\/ies.gomezmoreno.madrid\/2025\/07\/26-27_Inicio-alumnado.webp",300,300,false],"gridsquare":["https:\/\/site.educa.madrid.org\/ies.gomezmoreno.madrid\/\/wp-content\/uploads\/ies.gomezmoreno.madrid\/2025\/07\/26-27_Inicio-alumnado-300x260.webp",300,260,true],"tileview":["https:\/\/site.educa.madrid.org\/ies.gomezmoreno.madrid\/\/wp-content\/uploads\/ies.gomezmoreno.madrid\/2025\/07\/26-27_Inicio-alumnado.webp",300,300,false],"1536x1536":["https:\/\/site.educa.madrid.org\/ies.gomezmoreno.madrid\/\/wp-content\/uploads\/ies.gomezmoreno.madrid\/2025\/07\/26-27_Inicio-alumnado.webp",300,300,false],"2048x2048":["https:\/\/site.educa.madrid.org\/ies.gomezmoreno.madrid\/\/wp-content\/uploads\/ies.gomezmoreno.madrid\/2025\/07\/26-27_Inicio-alumnado.webp",300,300,false],"total-portfolio-thumb":["https:\/\/site.educa.madrid.org\/ies.gomezmoreno.madrid\/\/wp-content\/uploads\/ies.gomezmoreno.madrid\/2025\/07\/26-27_Inicio-alumnado.webp",300,300,false],"total-team-thumb":["https:\/\/site.educa.madrid.org\/ies.gomezmoreno.madrid\/\/wp-content\/uploads\/ies.gomezmoreno.madrid\/2025\/07\/26-27_Inicio-alumnado.webp",300,300,false],"total-blog-thumb":["https:\/\/site.educa.madrid.org\/ies.gomezmoreno.madrid\/\/wp-content\/uploads\/ies.gomezmoreno.madrid\/2025\/07\/26-27_Inicio-alumnado-300x280.webp",300,280,true],"total-thumb":["https:\/\/site.educa.madrid.org\/ies.gomezmoreno.madrid\/\/wp-content\/uploads\/ies.gomezmoreno.madrid\/2025\/07\/26-27_Inicio-alumnado-100x100.webp",100,100,true],"total-blog-header":["https:\/\/site.educa.madrid.org\/ies.gomezmoreno.madrid\/\/wp-content\/uploads\/ies.gomezmoreno.madrid\/2025\/07\/26-27_Inicio-alumnado.webp",300,300,false],"sow-carousel-default":["https:\/\/site.educa.madrid.org\/ies.gomezmoreno.madrid\/\/wp-content\/uploads\/ies.gomezmoreno.madrid\/2025\/07\/26-27_Inicio-alumnado-272x182.webp",272,182,true],"sow-post-carousel-overlay-theme":["https:\/\/site.educa.madrid.org\/ies.gomezmoreno.madrid\/\/wp-content\/uploads\/ies.gomezmoreno.madrid\/2025\/07\/26-27_Inicio-alumnado.webp",300,300,false],"sow-post-carousel-cards-theme":["https:\/\/site.educa.madrid.org\/ies.gomezmoreno.madrid\/\/wp-content\/uploads\/ies.gomezmoreno.madrid\/2025\/07\/26-27_Inicio-alumnado-300x240.webp",300,240,true],"rt_custom":["https:\/\/site.educa.madrid.org\/ies.gomezmoreno.madrid\/\/wp-content\/uploads\/ies.gomezmoreno.madrid\/2025\/07\/26-27_Inicio-alumnado.webp",300,300,false]},"rttpg_author":{"display_name":"Cristina Barja Sobrino","author_link":"https:\/\/site.educa.madrid.org\/ies.gomezmoreno.madrid\/index.php\/author\/cristina_barja-sobrino\/"},"rttpg_comment":0,"rttpg_category":false,"rttpg_excerpt":"Esperamos que hay\u00e1is pasado un buen verano y est\u00e9is listos para comenzar el curso 2026\/27. Este a\u00f1o simplificamos el proceso de acogida y todo el alumnado de ESO se incorporar\u00e1 a las clases el d\u00eda 8 de septiembre.\u00a0 A continuaci\u00f3n, indicamos los lugares en los que cada curso ser\u00e1 recibido. CURSO HORA FECHA Y LUGAR&hellip;","post_mailing_queue_ids":[],"_links":{"self":[{"href":"https:\/\/site.educa.madrid.org\/ies.gomezmoreno.madrid\/index.php\/wp-json\/wp\/v2\/mec-events\/4200","targetHints":{"allow":["GET"]}}],"collection":[{"href":"https:\/\/site.educa.madrid.org\/ies.gomezmoreno.madrid\/index.php\/wp-json\/wp\/v2\/mec-events"}],"about":[{"href":"https:\/\/site.educa.madrid.org\/ies.gomezmoreno.madrid\/index.php\/wp-json\/wp\/v2\/types\/mec-events"}],"author":[{"embeddable":true,"href":"https:\/\/site.educa.madrid.org\/ies.gomezmoreno.madrid\/index.php\/wp-json\/wp\/v2\/users\/7"}],"replies":[{"embeddable":true,"href":"https:\/\/site.educa.madrid.org\/ies.gomezmoreno.madrid\/index.php\/wp-json\/wp\/v2\/comments?post=4200"}],"wp:featuredmedia":[{"embeddable":true,"href":"https:\/\/site.educa.madrid.org\/ies.gomezmoreno.madrid\/index.php\/wp-json\/wp\/v2\/media\/6598"}],"wp:attachment":[{"href":"https:\/\/site.educa.madrid.org\/ies.gomezmoreno.madrid\/index.php\/wp-json\/wp\/v2\/media?parent=4200"}],"wp:term":[{"taxonomy":"post_tag","embeddable":true,"href":"https:\/\/site.educa.madrid.org\/ies.gomezmoreno.madrid\/index.php\/wp-json\/wp\/v2\/tags?post=4200"},{"taxonomy":"mec_category","embeddable":true,"href":"https:\/\/site.educa.madrid.org\/ies.gomezmoreno.madrid\/index.php\/wp-json\/wp\/v2\/mec_category?post=4200"},{"taxonomy":"mec_speaker","embeddable":true,"href":"https:\/\/site.educa.madrid.org\/ies.gomezmoreno.madrid\/index.php\/wp-json\/wp\/v2\/mec_speaker?post=4200"}],"curies":[{"name":"wp","href":"https:\/\/api.w.org\/{rel}","templated":true}]}}

<p>Esperamos que hayáis pasado un buen verano y estéis listos para comenzar el curso 2026/27. Este año simplificamos el proceso de acogida y todo el alumnado de ESO se incorporará a las clases el día 8 de septiembre.  A continuación, indicamos los lugares en los que cada curso será recibido.</p>
<table width="500">
<tbody>
<tr>
<td style="text-align: center;" width="132"><span style="color: #000000;"><strong>CURSO</strong></span></td>
<td style="text-align: center;" width="130"><span style="color: #000000;"><strong>HORA</strong></span></td>
<td style="text-align: center;" width="238"><span style="color: #000000;"><strong>FECHA Y LUGAR</strong></span></td>
</tr>
<tr>
<td style="text-align: center;" width="132"><span style="color: #ff0000;"><strong>1º ESO</strong></span></td>
<td style="text-align: center;" width="130"><span style="color: #ff0000;">8.15 – 15.20</span></td>
<td style="text-align: center;" width="238"><span style="color: #ff0000;"><strong>Martes 8</strong> de septiembre &#8211; Usos Múltiples</span></td>
</tr>
<tr>
<td style="text-align: center;" width="132"><span style="color: #ff9900;"><strong>2º ESO</strong></span></td>
<td style="text-align: center;" width="130"><span style="color: #ff9900;">8.15 – 15.20</span></td>
<td style="text-align: center;" width="238"><span style="color: #ff9900;"><strong>Martes 8</strong> de septiembre  &#8211; Aulas 2ºESO</span></td>
</tr>
<tr>
<td style="text-align: center;" width="132"><span style="color: #339966;"><strong>3ºESO + 1ºDIV</strong></span></td>
<td style="text-align: center;" width="130"><span style="color: #339966;">8.15 – 15.20</span></td>
<td style="text-align: center;" width="238"><span style="color: #339966;"><strong>Martes 8</strong> de septiembre &#8211; Aulas 3ºESO</span></td>
</tr>
<tr>
<td style="text-align: center;" width="132"><span style="color: #800080;"><strong>4ºESO + 2º DIV</strong></span></td>
<td style="text-align: center;" width="130"><span style="color: #800080;">8.15 – 15.20</span></td>
<td style="text-align: center;" width="238"><span style="color: #800080;"><strong>Martes 8 </strong>de septiembre &#8211; Aulas 4ºEO</span></td>
</tr>
</tbody>
</table>
<p><strong>Todo el alumnado de ESO debe acudir al centro provisto de mochila y estuche, con el material imprescindible para escribir. Además, en el caso de 1º y 2ºESO será necesarios lápices de colores y/o rotuladres. traer papel y boli</strong>.</p>
<p>Por su parte, el alumnado de <strong>BACHILLERATO</strong> se incorporará a las clases el miércoles 9 conforme al siguiente horario y también deberá traer material para tomar apuntes y escribir:</p>
<table width="500">
<tbody>
<tr>
<td style="text-align: center;" width="132"><span style="color: #000000;"><strong>CURSO </strong></span></td>
<td style="text-align: center;" width="130"><span style="color: #000000;"><strong>HORA</strong></span></td>
<td style="text-align: center;" width="238"><span style="color: #000000;"><strong>FECHA Y LUGAR</strong></span></td>
</tr>
<tr>
<td style="text-align: center;" width="132"><span style="color: #00ccff;"><strong>1º BACH</strong></span></td>
<td style="text-align: center;" width="130"><span style="color: #00ccff;">11.30 – 14.10</span></td>
<td style="text-align: center;" width="238"><span style="color: #00ccff;"><strong>Miércoles 9</strong> de septiembre &#8211; Usos Múltiples</span></td>
</tr>
<tr>
<td style="text-align: center;" width="132"><span style="color: #3366ff;"><strong>2º BACH</strong></span></td>
<td style="text-align: center;" width="130"><span style="color: #3366ff;">10.00 – 13.30</span></td>
<td style="text-align: center;" width="238"><span style="color: #3366ff;"><strong>Miércoles 9</strong> de septiembre &#8211; Usos Múltiples</span></td>
</tr>
</tbody>
</table>
<p>Recomendamos, no obstante, <strong>comprobar el lunes 8 de septiembre que no ha habido ninguna variación con respecto a los horarios.</strong></p>
<p>Disfrutad esta última semana. ¡Os vemos en unos días!</p>

<p>Esperamos que hayáis pasado un buen verano y estéis listos para comenzar el curso 2026/27. Este año simplificamos el proceso de acogida y todo el alumnado de ESO se incorporará a las clases el día 8 de septiembre.  A continuación, indicamos los lugares en los que cada curso será recibido. CURSO HORA FECHA Y LUGAR [&hellip;]</p>

Esperamos que hayáis pasado un buen verano y estéis listos para comenzar el curso 2026/27. Este año simplificamos el proceso de acogida y todo el alumnado de ESO se incorporará a las clases el día 8 de septiembre.  A continuación, indicamos los lugares en los que cada curso será recibido. CURSO HORA FECHA Y LUGAR&hellip;
