{"id":48,"date":"2021-03-01T18:56:52","date_gmt":"2021-03-01T18:56:52","guid":{"rendered":"https:\/\/ignacioellacuria.es\/?page_id=48"},"modified":"2026-09-02T16:02:57","modified_gmt":"2026-09-02T14:02:57","slug":"empresas","status":"publish","type":"page","link":"https:\/\/site.educa.madrid.org\/ies.ignacioellacuria.alcorcon\/index.php\/empresas\/","title":{"rendered":"Empresas"},"content":{"rendered":"<p class=\"isSelectedEnd\">La <strong>Fase de Formaci\u00f3n en Empresa u Organismo Equiparado (FFE)<\/strong> forma parte de la formaci\u00f3n de los Ciclos Formativos de Formaci\u00f3n Profesional y permite al alumnado completar su aprendizaje en un entorno profesional real.<\/p>\n<p class=\"isSelectedEnd\">Es lo que habitualmente conocemos como <strong>formaci\u00f3n o pr\u00e1cticas en empresa<\/strong>.<\/p>\n<p class=\"isSelectedEnd\">La FFE <strong>no es un m\u00f3dulo profesional independiente<\/strong>, sino una parte integrada en el desarrollo de los distintos m\u00f3dulos profesionales del ciclo formativo.<\/p>\n<p class=\"isSelectedEnd\">Durante este periodo, el alumnado contin\u00faa su proceso de aprendizaje en una empresa u organismo equiparado, de acuerdo con un <strong>plan de formaci\u00f3n<\/strong> previamente establecido y coordinado entre el centro educativo y la entidad colaboradora.<\/p>\n<p class=\"isSelectedEnd\">La formaci\u00f3n en empresa permitir\u00e1 al alumnado:<\/p>\n<ul data-spread=\"false\">\n<li>Completar y desarrollar los resultados de aprendizaje y competencias profesionales trabajados durante el ciclo formativo.<\/li>\n<li>Aplicar en un entorno real los conocimientos y habilidades adquiridos durante su formaci\u00f3n.<\/li>\n<li>Conocer el funcionamiento, la organizaci\u00f3n y los procesos propios de una empresa.<\/li>\n<li>Desarrollar competencias personales y profesionales relacionadas con el trabajo en equipo, la responsabilidad, la autonom\u00eda y la adaptaci\u00f3n al entorno laboral.<\/li>\n<li>Mejorar su conocimiento del sector profesional y favorecer su futura incorporaci\u00f3n al mercado laboral.<\/li>\n<\/ul>\n<p><img loading=\"lazy\" decoding=\"async\" class=\"alignnone wp-image-3406 size-large\" src=\"https:\/\/site.educa.madrid.org\/ies.ignacioellacuria.alcorcon\/\/wp-content\/uploads\/ies.ignacioellacuria.alcorcon\/2024\/06\/beneficios-1024x349.jpg\" alt=\"\" width=\"800\" height=\"273\" srcset=\"https:\/\/site.educa.madrid.org\/ies.ignacioellacuria.alcorcon\/\/wp-content\/uploads\/ies.ignacioellacuria.alcorcon\/2024\/06\/beneficios-1024x349.jpg 1024w, https:\/\/site.educa.madrid.org\/ies.ignacioellacuria.alcorcon\/\/wp-content\/uploads\/ies.ignacioellacuria.alcorcon\/2024\/06\/beneficios-300x102.jpg 300w, https:\/\/site.educa.madrid.org\/ies.ignacioellacuria.alcorcon\/\/wp-content\/uploads\/ies.ignacioellacuria.alcorcon\/2024\/06\/beneficios-768x261.jpg 768w, https:\/\/site.educa.madrid.org\/ies.ignacioellacuria.alcorcon\/\/wp-content\/uploads\/ies.ignacioellacuria.alcorcon\/2024\/06\/beneficios-1536x523.jpg 1536w, https:\/\/site.educa.madrid.org\/ies.ignacioellacuria.alcorcon\/\/wp-content\/uploads\/ies.ignacioellacuria.alcorcon\/2024\/06\/beneficios.jpg 1936w\" sizes=\"auto, (max-width: 800px) 100vw, 800px\" \/><\/p>\n<h2>\u00bfQu\u00e9 beneficios obtiene mi empresa?<\/h2>\n<p class=\"isSelectedEnd\">La colaboraci\u00f3n en la FFE permite a las empresas participar directamente en la formaci\u00f3n de los futuros profesionales de su sector.<\/p>\n<p class=\"isSelectedEnd\">Entre sus principales beneficios se encuentran:<\/p>\n<ul>\n<li style=\"list-style-type: none;\">\n<ul data-spread=\"false\">\n<li>Acercar el mundo educativo y el entorno productivo.<\/li>\n<li>Participar en la formaci\u00f3n de futuros profesionales y contribuir a que adquieran las competencias que demanda el sector.<\/li>\n<li>Conocer durante el periodo formativo las capacidades, competencias y actitud profesional del alumnado.<\/li>\n<li>Facilitar la identificaci\u00f3n de posibles candidatos para futuras incorporaciones a la empresa.<\/li>\n<li>Reforzar la imagen de la empresa como organizaci\u00f3n comprometida con la formaci\u00f3n y el desarrollo profesional.<\/li>\n<li>Establecer una colaboraci\u00f3n estable con el centro educativo y contribuir a mejorar la adecuaci\u00f3n de la Formaci\u00f3n Profesional a las necesidades reales de las empresas.<\/li>\n<\/ul>\n<\/li>\n<\/ul>\n","protected":false},"excerpt":{"rendered":"<p>La Fase de Formaci\u00f3n en Empresa u Organismo Equiparado (FFE) forma parte de la formaci\u00f3n de los Ciclos Formativos de Formaci\u00f3n Profesional y permite al alumnado completar su aprendizaje en &#8230;<\/p>\n","protected":false},"author":2,"featured_media":0,"parent":0,"menu_order":0,"comment_status":"closed","ping_status":"closed","template":"","meta":{"footnotes":""},"folder":[],"class_list":["post-48","page","type-page","status-publish","hentry"],"rttpg_featured_image_url":null,"rttpg_author":{"display_name":"tic.ies.ignacioellacuria.alcorcon","author_link":"https:\/\/site.educa.madrid.org\/ies.ignacioellacuria.alcorcon\/index.php\/author\/cuenta_tic-ies-ignacioellacuria-alcorcon\/"},"rttpg_comment":0,"rttpg_category":false,"rttpg_excerpt":"La Fase de Formaci\u00f3n en Empresa u Organismo Equiparado (FFE) forma parte de la formaci\u00f3n de los Ciclos Formativos de Formaci\u00f3n Profesional y permite al alumnado completar su aprendizaje en ...","post_mailing_queue_ids":[],"_links":{"self":[{"href":"https:\/\/site.educa.madrid.org\/ies.ignacioellacuria.alcorcon\/index.php\/wp-json\/wp\/v2\/pages\/48","targetHints":{"allow":["GET"]}}],"collection":[{"href":"https:\/\/site.educa.madrid.org\/ies.ignacioellacuria.alcorcon\/index.php\/wp-json\/wp\/v2\/pages"}],"about":[{"href":"https:\/\/site.educa.madrid.org\/ies.ignacioellacuria.alcorcon\/index.php\/wp-json\/wp\/v2\/types\/page"}],"author":[{"embeddable":true,"href":"https:\/\/site.educa.madrid.org\/ies.ignacioellacuria.alcorcon\/index.php\/wp-json\/wp\/v2\/users\/2"}],"replies":[{"embeddable":true,"href":"https:\/\/site.educa.madrid.org\/ies.ignacioellacuria.alcorcon\/index.php\/wp-json\/wp\/v2\/comments?post=48"}],"version-history":[{"count":2,"href":"https:\/\/site.educa.madrid.org\/ies.ignacioellacuria.alcorcon\/index.php\/wp-json\/wp\/v2\/pages\/48\/revisions"}],"predecessor-version":[{"id":6021,"href":"https:\/\/site.educa.madrid.org\/ies.ignacioellacuria.alcorcon\/index.php\/wp-json\/wp\/v2\/pages\/48\/revisions\/6021"}],"wp:attachment":[{"href":"https:\/\/site.educa.madrid.org\/ies.ignacioellacuria.alcorcon\/index.php\/wp-json\/wp\/v2\/media?parent=48"}],"wp:term":[{"taxonomy":"folder","embeddable":true,"href":"https:\/\/site.educa.madrid.org\/ies.ignacioellacuria.alcorcon\/index.php\/wp-json\/wp\/v2\/folder?post=48"}],"curies":[{"name":"wp","href":"https:\/\/api.w.org\/{rel}","templated":true}]}}

<p class="isSelectedEnd">La <strong>Fase de Formación en Empresa u Organismo Equiparado (FFE)</strong> forma parte de la formación de los Ciclos Formativos de Formación Profesional y permite al alumnado completar su aprendizaje en un entorno profesional real.</p>
<p class="isSelectedEnd">Es lo que habitualmente conocemos como <strong>formación o prácticas en empresa</strong>.</p>
<p class="isSelectedEnd">La FFE <strong>no es un módulo profesional independiente</strong>, sino una parte integrada en el desarrollo de los distintos módulos profesionales del ciclo formativo.</p>
<p class="isSelectedEnd">Durante este periodo, el alumnado continúa su proceso de aprendizaje en una empresa u organismo equiparado, de acuerdo con un <strong>plan de formación</strong> previamente establecido y coordinado entre el centro educativo y la entidad colaboradora.</p>
<p class="isSelectedEnd">La formación en empresa permitirá al alumnado:</p>
<ul data-spread="false">
<li>Completar y desarrollar los resultados de aprendizaje y competencias profesionales trabajados durante el ciclo formativo.</li>
<li>Aplicar en un entorno real los conocimientos y habilidades adquiridos durante su formación.</li>
<li>Conocer el funcionamiento, la organización y los procesos propios de una empresa.</li>
<li>Desarrollar competencias personales y profesionales relacionadas con el trabajo en equipo, la responsabilidad, la autonomía y la adaptación al entorno laboral.</li>
<li>Mejorar su conocimiento del sector profesional y favorecer su futura incorporación al mercado laboral.</li>
</ul>
<p><img loading="lazy" decoding="async" class="alignnone wp-image-3406 size-large" src="https://site.educa.madrid.org/ies.ignacioellacuria.alcorcon//wp-content/uploads/ies.ignacioellacuria.alcorcon/2024/06/beneficios-1024x349.jpg" alt="" width="800" height="273" srcset="https://site.educa.madrid.org/ies.ignacioellacuria.alcorcon//wp-content/uploads/ies.ignacioellacuria.alcorcon/2024/06/beneficios-1024x349.jpg 1024w, https://site.educa.madrid.org/ies.ignacioellacuria.alcorcon//wp-content/uploads/ies.ignacioellacuria.alcorcon/2024/06/beneficios-300x102.jpg 300w, https://site.educa.madrid.org/ies.ignacioellacuria.alcorcon//wp-content/uploads/ies.ignacioellacuria.alcorcon/2024/06/beneficios-768x261.jpg 768w, https://site.educa.madrid.org/ies.ignacioellacuria.alcorcon//wp-content/uploads/ies.ignacioellacuria.alcorcon/2024/06/beneficios-1536x523.jpg 1536w, https://site.educa.madrid.org/ies.ignacioellacuria.alcorcon//wp-content/uploads/ies.ignacioellacuria.alcorcon/2024/06/beneficios.jpg 1936w" sizes="auto, (max-width: 800px) 100vw, 800px" /></p>
<h2>¿Qué beneficios obtiene mi empresa?</h2>
<p class="isSelectedEnd">La colaboración en la FFE permite a las empresas participar directamente en la formación de los futuros profesionales de su sector.</p>
<p class="isSelectedEnd">Entre sus principales beneficios se encuentran:</p>
<ul>
<li style="list-style-type: none;">
<ul data-spread="false">
<li>Acercar el mundo educativo y el entorno productivo.</li>
<li>Participar en la formación de futuros profesionales y contribuir a que adquieran las competencias que demanda el sector.</li>
<li>Conocer durante el periodo formativo las capacidades, competencias y actitud profesional del alumnado.</li>
<li>Facilitar la identificación de posibles candidatos para futuras incorporaciones a la empresa.</li>
<li>Reforzar la imagen de la empresa como organización comprometida con la formación y el desarrollo profesional.</li>
<li>Establecer una colaboración estable con el centro educativo y contribuir a mejorar la adecuación de la Formación Profesional a las necesidades reales de las empresas.</li>
</ul>
</li>
</ul>

<p>La Fase de Formación en Empresa u Organismo Equiparado (FFE) forma parte de la formación de los Ciclos Formativos de Formación Profesional y permite al alumnado completar su aprendizaje en &#8230;</p>

La Fase de Formación en Empresa u Organismo Equiparado (FFE) forma parte de la formación de los Ciclos Formativos de Formación Profesional y permite al alumnado completar su aprendizaje en ...
