{"id":3000,"date":"2021-12-08T10:35:09","date_gmt":"2021-12-08T09:35:09","guid":{"rendered":"https:\/\/site.educa.madrid.org\/ies.infantaelena.galapagar\/?page_id=3000"},"modified":"2023-08-24T21:33:38","modified_gmt":"2023-08-24T19:33:38","slug":"erasmus","status":"publish","type":"page","link":"https:\/\/site.educa.madrid.org\/ies.infantaelena.galapagar\/programas-y-proyectos\/erasmus\/","title":{"rendered":"Erasmus+"},"content":{"rendered":"<div id=\"pl-3000\"  class=\"panel-layout\" ><div id=\"pg-3000-0\"  class=\"panel-grid panel-has-style\" ><div class=\"panel-row-style panel-row-style-for-3000-0\" ><div id=\"pgc-3000-0-0\"  class=\"panel-grid-cell\" ><div id=\"panel-3000-0-0-0\" class=\"so-panel widget widget_sow-image panel-first-child panel-last-child\" data-index=\"0\" ><div\n\t\t\t\n\t\t\tclass=\"so-widget-sow-image so-widget-sow-image-default-c67d20f9f743-3000\"\n\t\t\t\n\t\t>\n\n<div class=\"sow-image-container\">\n\t\t<img loading=\"lazy\" decoding=\"async\" src=\"https:\/\/site.educa.madrid.org\/ies.infantaelena.galapagar\/\/wp-content\/uploads\/ies.infantaelena.galapagar\/2021\/12\/youth-erasmus.jpg\" width=\"1000\" height=\"300\" srcset=\"https:\/\/site.educa.madrid.org\/ies.infantaelena.galapagar\/\/wp-content\/uploads\/ies.infantaelena.galapagar\/2021\/12\/youth-erasmus.jpg 984w, https:\/\/site.educa.madrid.org\/ies.infantaelena.galapagar\/\/wp-content\/uploads\/ies.infantaelena.galapagar\/2021\/12\/youth-erasmus-300x85.jpg 300w, https:\/\/site.educa.madrid.org\/ies.infantaelena.galapagar\/\/wp-content\/uploads\/ies.infantaelena.galapagar\/2021\/12\/youth-erasmus-768x219.jpg 768w\" sizes=\"auto, (max-width: 984px) 100vw, 984px\" alt=\"Erasmus +\" \t\tclass=\"so-widget-image\"\/>\n\t<\/div>\n\n<\/div><\/div><\/div><\/div><\/div><div id=\"pg-3000-1\"  class=\"panel-grid panel-has-style\" ><div class=\"siteorigin-panels-stretch panel-row-style panel-row-style-for-3000-1\" data-stretch-type=\"full-stretched\" ><div id=\"pgc-3000-1-0\"  class=\"panel-grid-cell panel-grid-cell-empty\" ><\/div><div id=\"pgc-3000-1-1\"  class=\"panel-grid-cell panel-grid-cell-mobile-last\" ><div id=\"panel-3000-1-1-0\" class=\"so-panel widget widget_widget_tpg_post_grid widget_tpg_post_grid panel-first-child panel-last-child\" data-index=\"1\" ><style type='text\/css' media='all'>#rt-tpg-container-3428501065 .rt-holder .rt-woo-info .price{color:#0367bf;}body .rt-tpg-container .rt-tpg-isotope-buttons .selected,\n\t\t\t\t\t#rt-tpg-container-3428501065 .layout12 .rt-holder:hover .rt-detail,\n\t\t\t\t\t#rt-tpg-container-3428501065 .isotope8 .rt-holder:hover .rt-detail,\n\t\t\t\t\t#rt-tpg-container-3428501065 .carousel8 .rt-holder:hover .rt-detail,\n\t\t\t\t\t#rt-tpg-container-3428501065 .layout13 .rt-holder .overlay .post-info,\n\t\t\t\t\t#rt-tpg-container-3428501065 .isotope9 .rt-holder .overlay .post-info,\n\t\t\t\t\t#rt-tpg-container-3428501065.rt-tpg-container .layout4 .rt-holder .rt-detail,\n\t\t\t\t\t.rt-modal-3428501065 .md-content,\n\t\t\t\t\t.rt-modal-3428501065 .md-content > .rt-md-content-holder .rt-md-content,\n\t\t\t\t\t.rt-popup-wrap-3428501065.rt-popup-wrap .rt-popup-navigation-wrap,\n\t\t\t\t\t#rt-tpg-container-3428501065 .carousel9 .rt-holder .overlay .post-info{background-color:#0367bf;}#rt-tpg-container-3428501065 .layout5 .rt-holder .overlay, #rt-tpg-container-3428501065 .isotope2 .rt-holder .overlay, #rt-tpg-container-3428501065 .carousel2 .rt-holder .overlay,#rt-tpg-container-3428501065 .layout15 .rt-holder h3, #rt-tpg-container-3428501065 .isotope11 .rt-holder h3, #rt-tpg-container-3428501065 .carousel11 .rt-holder h3, #rt-tpg-container-3428501065 .layout16 .rt-holder h3,\n\t\t\t\t\t#rt-tpg-container-3428501065 .isotope12 .rt-holder h3, #rt-tpg-container-3428501065 .carousel12 .rt-holder h3 {background-color:rgba(3,103,191,0.8);}#rt-tpg-container-3428501065 .read-more a{border-radius:px;}#rt-tpg-container-3428501065 .rt-img-holder img.rt-img-responsive,#rt-tpg-container-3428501065 .rt-img-holder,\n\t\t\t\t\t#rt-tpg-container-3428501065 .rt-post-overlay .post-img,\n\t\t\t\t\t#rt-tpg-container-3428501065 .post-sm .post-img,\n\t\t\t\t\t#rt-tpg-container-3428501065 .rt-post-grid .post-img,\n\t\t\t\t\t#rt-tpg-container-3428501065 .post-img img {border-radius:px;}<\/style><div class='rt-container-fluid rt-tpg-container tpg-shortcode-main-wrapper ' id='rt-tpg-container-3428501065'   data-layout='layout1' data-grid-style='even' data-desktop-col='3'  data-tab-col='2'  data-mobile-col='1' data-sc-id='8065'><div class=\"tpg-widget-heading-wrapper heading-style1 \"><span class=\"tpg-widget-heading-line line-left\"><\/span><h2 class=\"tpg-widget-heading\">Erasmus+<\/h2><span class=\"tpg-widget-heading-line\"><\/span><\/div><div data-title='Loading ...' class='rt-row rt-content-loader   layout1 tpg-even '><div class=\"rt-col-md-4 rt-col-sm-6 rt-col-xs-12 even-grid-item rt-grid-item\" data-id=\"8333\"><div class=\"rt-holder\"><div class=\"rt-img-holder\"><a data-id=\"8333\" class=\"\" href=\"https:\/\/site.educa.madrid.org\/ies.infantaelena.galapagar\/erasmus\/participacion-en-el-programa-erasmus-2022-23-2\/\" target='_blank'><img loading=\"lazy\" decoding=\"async\" width=\"1758\" height=\"358\" src=\"https:\/\/site.educa.madrid.org\/ies.infantaelena.galapagar\/\/wp-content\/uploads\/ies.infantaelena.galapagar\/2022\/11\/logo-erasmus-plus.png\" class=\"rt-img-responsive \" alt=\"erasmus-ies infanta elena\" \/><\/a><\/div><div class='rt-detail'><h3 class=\"entry-title\"><a data-id=\"8333\" class=\"\" href=\"https:\/\/site.educa.madrid.org\/ies.infantaelena.galapagar\/erasmus\/participacion-en-el-programa-erasmus-2022-23-2\/\" target='_blank'>Participaci\u00f3n en el Programa Erasmus+ 2023\/24<\/a><\/h3><div class='post-meta-user  '><span class='date'><i class='far fa-calendar-alt '><\/i>15 noviembre, 2023<\/span><span class='categories-links'><i class='fas fa-folder-open '><\/i><a class=\"erasmus\" href=\"https:\/\/site.educa.madrid.org\/ies.infantaelena.galapagar\/category\/erasmus\/\" rel=\"tag\">Erasmus +<\/a><\/span><\/div><div class='tpg-excerpt'>Requisitos de participaci\u00f3n en el programa Erasmus + (Estudiantes) Ser estudiante de 2\u00ba curso. Tener...<\/div><div class='post-meta '><span class='read-more'><a data-id='8333' class='' href='https:\/\/site.educa.madrid.org\/ies.infantaelena.galapagar\/erasmus\/participacion-en-el-programa-erasmus-2022-23-2\/' target='_blank'>Leer m\u00e1s<\/a><\/span><\/div><\/div><\/div><\/div><div class=\"rt-col-md-4 rt-col-sm-6 rt-col-xs-12 even-grid-item rt-grid-item\" data-id=\"7403\"><div class=\"rt-holder\"><div class='rt-detail'><h3 class=\"entry-title\"><a data-id=\"7403\" class=\"\" href=\"https:\/\/site.educa.madrid.org\/ies.infantaelena.galapagar\/erasmus\/reflexiones-de-aaron-quesada-sobre-su-experiencia-vivida\/\" target='_blank'>Reflexiones de Aar\u00f3n Quesada sobre su experiencia vivida<\/a><\/h3><div class='post-meta-user  '><span class='date'><i class='far fa-calendar-alt '><\/i>4 junio, 2023<\/span><span class='categories-links'><i class='fas fa-folder-open '><\/i><a class=\"erasmus\" href=\"https:\/\/site.educa.madrid.org\/ies.infantaelena.galapagar\/category\/erasmus\/\" rel=\"tag\">Erasmus +<\/a><\/span><\/div><div class='tpg-excerpt'>Trasladamos la opini\u00f3n de uno de nuestros \"erasmistas\", Aar\u00f3n Quesada, participantes en El Erasmus+, sobre...<\/div><div class='post-meta '><span class='read-more'><a data-id='7403' class='' href='https:\/\/site.educa.madrid.org\/ies.infantaelena.galapagar\/erasmus\/reflexiones-de-aaron-quesada-sobre-su-experiencia-vivida\/' target='_blank'>Leer m\u00e1s<\/a><\/span><\/div><\/div><\/div><\/div><div class=\"rt-col-md-4 rt-col-sm-6 rt-col-xs-12 even-grid-item rt-grid-item\" data-id=\"7297\"><div class=\"rt-holder\"><div class='rt-detail'><h3 class=\"entry-title\"><a data-id=\"7297\" class=\"\" href=\"https:\/\/site.educa.madrid.org\/ies.infantaelena.galapagar\/erasmus\/presentacion-erasmus-maia-2023\/\" target='_blank'>Presentaci\u00f3n Erasmus+: Maia 2023<\/a><\/h3><div class='post-meta-user  '><span class='date'><i class='far fa-calendar-alt '><\/i>22 mayo, 2023<\/span><span class='categories-links'><i class='fas fa-folder-open '><\/i><a class=\"erasmus\" href=\"https:\/\/site.educa.madrid.org\/ies.infantaelena.galapagar\/category\/erasmus\/\" rel=\"tag\">Erasmus +<\/a><\/span><\/div><div class='tpg-excerpt'>Los alumnos Jos\u00e9 Armando Villatoro y Aar\u00f3n Quesada, de 2\u00ba de Sistemas Microinform\u00e1ticos y Redes...<\/div><div class='post-meta '><span class='read-more'><a data-id='7297' class='' href='https:\/\/site.educa.madrid.org\/ies.infantaelena.galapagar\/erasmus\/presentacion-erasmus-maia-2023\/' target='_blank'>Leer m\u00e1s<\/a><\/span><\/div><\/div><\/div><\/div><div class=\"rt-col-md-4 rt-col-sm-6 rt-col-xs-12 even-grid-item rt-grid-item\" data-id=\"7275\"><div class=\"rt-holder\"><div class='rt-detail'><h3 class=\"entry-title\"><a data-id=\"7275\" class=\"\" href=\"https:\/\/site.educa.madrid.org\/ies.infantaelena.galapagar\/erasmus\/relato-de-una-experiencia-en-portugal\/\" target='_blank'>Relato de una experiencia en Portugal<\/a><\/h3><div class='post-meta-user  '><span class='date'><i class='far fa-calendar-alt '><\/i>17 mayo, 2023<\/span><span class='categories-links'><i class='fas fa-folder-open '><\/i><a class=\"erasmus\" href=\"https:\/\/site.educa.madrid.org\/ies.infantaelena.galapagar\/category\/erasmus\/\" rel=\"tag\">Erasmus +<\/a><\/span><\/div><div class='tpg-excerpt'>Jos\u00e9 Armando Villatoro Canales nos relata brevemente su experiencia vital y laboral en su pr\u00e1ctica...<\/div><div class='post-meta '><span class='read-more'><a data-id='7275' class='' href='https:\/\/site.educa.madrid.org\/ies.infantaelena.galapagar\/erasmus\/relato-de-una-experiencia-en-portugal\/' target='_blank'>Leer m\u00e1s<\/a><\/span><\/div><\/div><\/div><\/div><div class=\"rt-col-md-4 rt-col-sm-6 rt-col-xs-12 even-grid-item rt-grid-item\" data-id=\"6456\"><div class=\"rt-holder\"><div class='rt-detail'><h3 class=\"entry-title\"><a data-id=\"6456\" class=\"\" href=\"https:\/\/site.educa.madrid.org\/ies.infantaelena.galapagar\/erasmus\/entrevista-en-la-cadena-casi100-a-jose-y-aaron-en-el-marco-del-programa-erasmus\/\" target='_blank'>Entrevista en la Cadena Casi100 a Jos\u00e9 y Aar\u00f3n en el marco del programa Erasmus+<\/a><\/h3><div class='post-meta-user  '><span class='date'><i class='far fa-calendar-alt '><\/i>12 marzo, 2023<\/span><span class='categories-links'><i class='fas fa-folder-open '><\/i><a class=\"erasmus\" href=\"https:\/\/site.educa.madrid.org\/ies.infantaelena.galapagar\/category\/erasmus\/\" rel=\"tag\">Erasmus +<\/a><\/span><\/div><div class='tpg-excerpt'>En el marco del Programa Erasmus+, el coordinador del programa, Javier Prada, ha preparado una...<\/div><div class='post-meta '><span class='read-more'><a data-id='6456' class='' href='https:\/\/site.educa.madrid.org\/ies.infantaelena.galapagar\/erasmus\/entrevista-en-la-cadena-casi100-a-jose-y-aaron-en-el-marco-del-programa-erasmus\/' target='_blank'>Leer m\u00e1s<\/a><\/span><\/div><\/div><\/div><\/div><div class=\"rt-col-md-4 rt-col-sm-6 rt-col-xs-12 even-grid-item rt-grid-item\" data-id=\"6348\"><div class=\"rt-holder\"><div class='rt-detail'><h3 class=\"entry-title\"><a data-id=\"6348\" class=\"\" href=\"https:\/\/site.educa.madrid.org\/ies.infantaelena.galapagar\/erasmus\/6348\/\" target='_blank'>Seleccionados para participar en el programa Erasmus+ 2022\/23<\/a><\/h3><div class='post-meta-user  '><span class='date'><i class='far fa-calendar-alt '><\/i>5 febrero, 2023<\/span><span class='categories-links'><i class='fas fa-folder-open '><\/i><a class=\"erasmus\" href=\"https:\/\/site.educa.madrid.org\/ies.infantaelena.galapagar\/category\/erasmus\/\" rel=\"tag\">Erasmus +<\/a><\/span><\/div><div class='tpg-excerpt'>Una vez finalizado el proceso de selecci\u00f3n y validaci\u00f3n con el gestor del consorcio, Jos\u00e9...<\/div><div class='post-meta '><span class='read-more'><a data-id='6348' class='' href='https:\/\/site.educa.madrid.org\/ies.infantaelena.galapagar\/erasmus\/6348\/' target='_blank'>Leer m\u00e1s<\/a><\/span><\/div><\/div><\/div><\/div><div class=\"rt-col-md-4 rt-col-sm-6 rt-col-xs-12 even-grid-item rt-grid-item\" data-id=\"5746\"><div class=\"rt-holder\"><div class=\"rt-img-holder\"><a data-id=\"5746\" class=\"\" href=\"https:\/\/site.educa.madrid.org\/ies.infantaelena.galapagar\/erasmus\/participacion-en-el-programa-erasmus-2022-23\/\" target='_blank'><img loading=\"lazy\" decoding=\"async\" width=\"1758\" height=\"358\" src=\"https:\/\/site.educa.madrid.org\/ies.infantaelena.galapagar\/\/wp-content\/uploads\/ies.infantaelena.galapagar\/2022\/11\/logo-erasmus-plus.png\" class=\"rt-img-responsive \" alt=\"erasmus-ies infanta elena\" \/><\/a><\/div><div class='rt-detail'><h3 class=\"entry-title\"><a data-id=\"5746\" class=\"\" href=\"https:\/\/site.educa.madrid.org\/ies.infantaelena.galapagar\/erasmus\/participacion-en-el-programa-erasmus-2022-23\/\" target='_blank'>Participaci\u00f3n en el Programa Erasmus+ 2022\/23<\/a><\/h3><div class='post-meta-user  '><span class='date'><i class='far fa-calendar-alt '><\/i>3 noviembre, 2022<\/span><span class='categories-links'><i class='fas fa-folder-open '><\/i><a class=\"erasmus\" href=\"https:\/\/site.educa.madrid.org\/ies.infantaelena.galapagar\/category\/erasmus\/\" rel=\"tag\">Erasmus +<\/a><\/span><\/div><div class='tpg-excerpt'>Requisitos de participaci\u00f3n en el programa Erasmus + (Estudiantes) Ser estudiante de 2\u00ba curso. Tener...<\/div><div class='post-meta '><span class='read-more'><a data-id='5746' class='' href='https:\/\/site.educa.madrid.org\/ies.infantaelena.galapagar\/erasmus\/participacion-en-el-programa-erasmus-2022-23\/' target='_blank'>Leer m\u00e1s<\/a><\/span><\/div><\/div><\/div><\/div><div class=\"rt-col-md-4 rt-col-sm-6 rt-col-xs-12 even-grid-item rt-grid-item\" data-id=\"5492\"><div class=\"rt-holder\"><div class='rt-detail'><h3 class=\"entry-title\"><a data-id=\"5492\" class=\"\" href=\"https:\/\/site.educa.madrid.org\/ies.infantaelena.galapagar\/erasmus\/reportaje-en-imagenes-sobre-la-movilidad-erasmus-en-italia\/\" target='_blank'>Reportaje en im\u00e1genes sobre la movilidad Erasmus+ 2021\/22  en Italia<\/a><\/h3><div class='post-meta-user  '><span class='date'><i class='far fa-calendar-alt '><\/i>5 julio, 2022<\/span><span class='categories-links'><i class='fas fa-folder-open '><\/i><a class=\"erasmus\" href=\"https:\/\/site.educa.madrid.org\/ies.infantaelena.galapagar\/category\/erasmus\/\" rel=\"tag\">Erasmus +<\/a><\/span><\/div><div class='tpg-excerpt'>...<\/div><div class='post-meta '><span class='read-more'><a data-id='5492' class='' href='https:\/\/site.educa.madrid.org\/ies.infantaelena.galapagar\/erasmus\/reportaje-en-imagenes-sobre-la-movilidad-erasmus-en-italia\/' target='_blank'>Leer m\u00e1s<\/a><\/span><\/div><\/div><\/div><\/div><div class=\"rt-col-md-4 rt-col-sm-6 rt-col-xs-12 even-grid-item rt-grid-item\" data-id=\"3290\"><div class=\"rt-holder\"><div class='rt-detail'><h3 class=\"entry-title\"><a data-id=\"3290\" class=\"\" href=\"https:\/\/site.educa.madrid.org\/ies.infantaelena.galapagar\/erasmus\/concesion-del-programa-erasmus\/\" target='_blank'>Concesi\u00f3n del programa Erasmus+ 2021\/22<\/a><\/h3><div class='post-meta-user  '><span class='date'><i class='far fa-calendar-alt '><\/i>29 octubre, 2021<\/span><span class='categories-links'><i class='fas fa-folder-open '><\/i><a class=\"erasmus\" href=\"https:\/\/site.educa.madrid.org\/ies.infantaelena.galapagar\/category\/erasmus\/\" rel=\"tag\">Erasmus +<\/a><\/span><\/div><div class='tpg-excerpt'>Esta semana hemos recibido con satisfacci\u00f3n la noticia de que el IES Infanta Elena participar\u00e1...<\/div><div class='post-meta '><span class='read-more'><a data-id='3290' class='' href='https:\/\/site.educa.madrid.org\/ies.infantaelena.galapagar\/erasmus\/concesion-del-programa-erasmus\/' target='_blank'>Leer m\u00e1s<\/a><\/span><\/div><\/div><\/div><\/div><\/div><div class='rt-pagination-wrap' data-total-pages='2' data-posts-per-page='9' data-type='pagination'  ><div class=\"rt-pagination\" ><ul class=\"pagination-list\"><li class=\"active\"><span>1<\/span><\/li><li><a data-paged='2' href='https:\/\/site.educa.madrid.org\/ies.infantaelena.galapagar\/wp-json\/wp\/v2\/pages\/3000\/page\/2\/'>2<\/a><\/li><\/ul><\/div><\/div><\/div><\/div><\/div><div id=\"pgc-3000-1-2\"  class=\"panel-grid-cell panel-grid-cell-empty\" ><\/div><\/div><\/div><div id=\"pg-3000-2\"  class=\"panel-grid panel-has-style\" ><div class=\"siteorigin-panels-stretch panel-row-style panel-row-style-for-3000-2\" data-stretch-type=\"full-stretched\" ><div id=\"pgc-3000-2-0\"  class=\"panel-grid-cell\" ><div id=\"panel-3000-2-0-0\" class=\"so-panel widget widget_sow-headline panel-first-child panel-last-child\" data-index=\"2\" ><div\n\t\t\t\n\t\t\tclass=\"so-widget-sow-headline so-widget-sow-headline-default-3c20fcb07bcf-3290\"\n\t\t\t\n\t\t><div class=\"sow-headline-container \">\n\t\t\t\t\t\t<div class=\"decoration\">\n\t\t\t\t\t\t<div class=\"decoration-inside\"><\/div>\n\t\t\t\t\t<\/div>\n\t\t\t\t\t<\/div>\n<\/div><\/div><\/div><\/div><\/div><div id=\"pg-3000-3\"  class=\"panel-grid panel-no-style\" ><div id=\"pgc-3000-3-0\"  class=\"panel-grid-cell\" ><div id=\"panel-3000-3-0-0\" class=\"so-panel widget widget_sow-image panel-first-child panel-last-child\" data-index=\"3\" ><div\n\t\t\t\n\t\t\tclass=\"so-widget-sow-image so-widget-sow-image-default-e4c2d9f6c920-3290\"\n\t\t\t\n\t\t>\n\n<div class=\"sow-image-container\">\n\t\t<img loading=\"lazy\" decoding=\"async\" src=\"https:\/\/site.educa.madrid.org\/ies.infantaelena.galapagar\/\/wp-content\/uploads\/ies.infantaelena.galapagar\/2021\/12\/cofinanciado-300x73.png\" width=\"300\" height=\"73\" srcset=\"https:\/\/site.educa.madrid.org\/ies.infantaelena.galapagar\/\/wp-content\/uploads\/ies.infantaelena.galapagar\/2021\/12\/cofinanciado-300x73.png 300w, https:\/\/site.educa.madrid.org\/ies.infantaelena.galapagar\/\/wp-content\/uploads\/ies.infantaelena.galapagar\/2021\/12\/cofinanciado-1024x249.png 1024w, https:\/\/site.educa.madrid.org\/ies.infantaelena.galapagar\/\/wp-content\/uploads\/ies.infantaelena.galapagar\/2021\/12\/cofinanciado-768x187.png 768w, https:\/\/site.educa.madrid.org\/ies.infantaelena.galapagar\/\/wp-content\/uploads\/ies.infantaelena.galapagar\/2021\/12\/cofinanciado-1536x373.png 1536w, https:\/\/site.educa.madrid.org\/ies.infantaelena.galapagar\/\/wp-content\/uploads\/ies.infantaelena.galapagar\/2021\/12\/cofinanciado.png 1659w\" sizes=\"auto, (max-width: 300px) 100vw, 300px\" alt=\"\" \t\tclass=\"so-widget-image\"\/>\n\t<\/div>\n\n<\/div><\/div><\/div><\/div><div id=\"pg-3000-4\"  class=\"panel-grid panel-no-style\" ><div id=\"pgc-3000-4-0\"  class=\"panel-grid-cell panel-grid-cell-empty\" ><\/div><\/div><\/div>","protected":false},"excerpt":{"rendered":"","protected":false},"author":3,"featured_media":0,"parent":2967,"menu_order":0,"comment_status":"closed","ping_status":"closed","template":"fullwidth-template.php","meta":{"footnotes":""},"folder":[],"class_list":["post-3000","page","type-page","status-publish","hentry"],"rttpg_featured_image_url":null,"rttpg_author":{"display_name":"Cuenta","author_link":"https:\/\/site.educa.madrid.org\/ies.infantaelena.galapagar\/author\/cuenta_ies-infantaelena-galapagar\/"},"rttpg_comment":0,"rttpg_category":"","rttpg_excerpt":null,"post_mailing_queue_ids":[],"_links":{"self":[{"href":"https:\/\/site.educa.madrid.org\/ies.infantaelena.galapagar\/wp-json\/wp\/v2\/pages\/3000","targetHints":{"allow":["GET"]}}],"collection":[{"href":"https:\/\/site.educa.madrid.org\/ies.infantaelena.galapagar\/wp-json\/wp\/v2\/pages"}],"about":[{"href":"https:\/\/site.educa.madrid.org\/ies.infantaelena.galapagar\/wp-json\/wp\/v2\/types\/page"}],"author":[{"embeddable":true,"href":"https:\/\/site.educa.madrid.org\/ies.infantaelena.galapagar\/wp-json\/wp\/v2\/users\/3"}],"replies":[{"embeddable":true,"href":"https:\/\/site.educa.madrid.org\/ies.infantaelena.galapagar\/wp-json\/wp\/v2\/comments?post=3000"}],"version-history":[{"count":50,"href":"https:\/\/site.educa.madrid.org\/ies.infantaelena.galapagar\/wp-json\/wp\/v2\/pages\/3000\/revisions"}],"predecessor-version":[{"id":8068,"href":"https:\/\/site.educa.madrid.org\/ies.infantaelena.galapagar\/wp-json\/wp\/v2\/pages\/3000\/revisions\/8068"}],"up":[{"embeddable":true,"href":"https:\/\/site.educa.madrid.org\/ies.infantaelena.galapagar\/wp-json\/wp\/v2\/pages\/2967"}],"wp:attachment":[{"href":"https:\/\/site.educa.madrid.org\/ies.infantaelena.galapagar\/wp-json\/wp\/v2\/media?parent=3000"}],"wp:term":[{"taxonomy":"folder","embeddable":true,"href":"https:\/\/site.educa.madrid.org\/ies.infantaelena.galapagar\/wp-json\/wp\/v2\/folder?post=3000"}],"curies":[{"name":"wp","href":"https:\/\/api.w.org\/{rel}","templated":true}]}}