{"id":3664,"date":"2021-12-13T15:29:30","date_gmt":"2021-12-13T14:29:30","guid":{"rendered":"https:\/\/site.educa.madrid.org\/ies.infantaelena.galapagar\/?page_id=3664"},"modified":"2023-11-16T18:39:00","modified_gmt":"2023-11-16T17:39:00","slug":"4esoempresa","status":"publish","type":"page","link":"https:\/\/site.educa.madrid.org\/ies.infantaelena.galapagar\/programas-y-proyectos\/4esoempresa\/","title":{"rendered":"4ESO+Empresa"},"content":{"rendered":"<div id=\"pl-3664\"  class=\"panel-layout\" ><div id=\"pg-3664-0\"  class=\"panel-grid panel-has-style\" ><div class=\"panel-row-style panel-row-style-for-3664-0\" ><div id=\"pgc-3664-0-0\"  class=\"panel-grid-cell\" ><div id=\"panel-3664-0-0-0\" class=\"so-panel widget widget_sow-image panel-first-child panel-last-child\" data-index=\"0\" ><div\n\t\t\t\n\t\t\tclass=\"so-widget-sow-image so-widget-sow-image-default-c67d20f9f743-3664\"\n\t\t\t\n\t\t>\n\n<div class=\"sow-image-container\">\n\t\t<img loading=\"lazy\" decoding=\"async\" src=\"https:\/\/site.educa.madrid.org\/ies.infantaelena.galapagar\/\/wp-content\/uploads\/ies.infantaelena.galapagar\/2021\/12\/imagen_cabecera_4eso_empresa.jpg\" width=\"1000\" height=\"300\" srcset=\"https:\/\/site.educa.madrid.org\/ies.infantaelena.galapagar\/\/wp-content\/uploads\/ies.infantaelena.galapagar\/2021\/12\/imagen_cabecera_4eso_empresa.jpg 985w, https:\/\/site.educa.madrid.org\/ies.infantaelena.galapagar\/\/wp-content\/uploads\/ies.infantaelena.galapagar\/2021\/12\/imagen_cabecera_4eso_empresa-300x37.jpg 300w, https:\/\/site.educa.madrid.org\/ies.infantaelena.galapagar\/\/wp-content\/uploads\/ies.infantaelena.galapagar\/2021\/12\/imagen_cabecera_4eso_empresa-768x94.jpg 768w\" sizes=\"auto, (max-width: 985px) 100vw, 985px\" alt=\"\" \t\tclass=\"so-widget-image\"\/>\n\t<\/div>\n\n<\/div><\/div><\/div><\/div><\/div><div id=\"pg-3664-1\"  class=\"panel-grid panel-no-style\" ><div id=\"pgc-3664-1-0\"  class=\"panel-grid-cell\" ><div id=\"panel-3664-1-0-0\" class=\"so-panel widget widget_text panel-first-child panel-last-child\" data-index=\"1\" ><h3 class=\"widget-title\">\u00bfQu\u00e9 es 4\u00ba+Empresa?<\/h3>\t\t\t<div class=\"textwidget\"><p>La Direcci\u00f3n General de Educaci\u00f3n Secundaria, Formaci\u00f3n Profesional y R\u00e9gimen especial, en colaboraci\u00f3n con las cinco Direcciones de \u00c1rea Territorial desarrolla el Programa 4\u00ba ESO+Empresa que puso en marcha la Consejer\u00eda de Educaci\u00f3n en el curso 2008-2009.<\/p>\n<p>Este programa que tiene el estatus de actividad extraescolar, se desarrolla de forma voluntaria en un n\u00famero de centros cada vez mayor, con el fin de acercar el sistema educativo y el mundo laboral, facilitando mediante estancias educativas en empresas e instituciones que los j\u00f3venes est\u00e9n mejor preparados para tomar decisiones sobre su futuro acad\u00e9mico y profesional, motiv\u00e1ndolos y dot\u00e1ndoles de las destrezas necesarias.<\/p>\n<\/div>\n\t\t<\/div><\/div><\/div><div id=\"pg-3664-2\"  class=\"panel-grid panel-no-style\" ><div id=\"pgc-3664-2-0\"  class=\"panel-grid-cell\" ><div id=\"panel-3664-2-0-0\" class=\"so-panel widget widget_sow-headline panel-first-child panel-last-child\" data-index=\"2\" ><div\n\t\t\t\n\t\t\tclass=\"so-widget-sow-headline so-widget-sow-headline-default-3c20fcb07bcf-3664\"\n\t\t\t\n\t\t><div class=\"sow-headline-container \">\n\t\t\t\t\t\t<div class=\"decoration\">\n\t\t\t\t\t\t<div class=\"decoration-inside\"><\/div>\n\t\t\t\t\t<\/div>\n\t\t\t\t\t<\/div>\n<\/div><\/div><\/div><\/div><div id=\"pg-3664-3\"  class=\"panel-grid panel-no-style\" ><div id=\"pgc-3664-3-0\"  class=\"panel-grid-cell\" ><div id=\"panel-3664-3-0-0\" class=\"so-panel widget widget_sow-image panel-first-child\" data-index=\"3\" ><div\n\t\t\t\n\t\t\tclass=\"so-widget-sow-image so-widget-sow-image-default-113ccd71f3e6-3664\"\n\t\t\t\n\t\t>\n\n<div class=\"sow-image-container\">\n\t\t<img loading=\"lazy\" decoding=\"async\" src=\"https:\/\/site.educa.madrid.org\/ies.infantaelena.galapagar\/\/wp-content\/uploads\/ies.infantaelena.galapagar\/2021\/12\/calendar-150x150.png\" width=\"150\" height=\"150\" srcset=\"https:\/\/site.educa.madrid.org\/ies.infantaelena.galapagar\/\/wp-content\/uploads\/ies.infantaelena.galapagar\/2021\/12\/calendar-150x150.png 150w, https:\/\/site.educa.madrid.org\/ies.infantaelena.galapagar\/\/wp-content\/uploads\/ies.infantaelena.galapagar\/2021\/12\/calendar-300x300.png 300w, https:\/\/site.educa.madrid.org\/ies.infantaelena.galapagar\/\/wp-content\/uploads\/ies.infantaelena.galapagar\/2021\/12\/calendar-768x768.png 768w, https:\/\/site.educa.madrid.org\/ies.infantaelena.galapagar\/\/wp-content\/uploads\/ies.infantaelena.galapagar\/2021\/12\/calendar-450x450.png 450w, https:\/\/site.educa.madrid.org\/ies.infantaelena.galapagar\/\/wp-content\/uploads\/ies.infantaelena.galapagar\/2021\/12\/calendar.png 920w\" sizes=\"auto, (max-width: 150px) 100vw, 150px\" title=\"Calendario\" alt=\"\" \t\tclass=\"so-widget-image\"\/>\n\t<\/div>\n\n<h3 class=\"widget-title\">Calendario<\/h3><\/div><\/div><div id=\"panel-3664-3-0-1\" class=\"so-panel widget widget_text panel-last-child\" data-index=\"4\" >\t\t\t<div class=\"textwidget\"><p><center>Los j\u00f3venes realizan una estancia educativa durante 3, 4 o 5 d\u00edas lectivos consecutivos en el segundo trimestre del curso.<\/center><\/p>\n<\/div>\n\t\t<\/div><\/div><div id=\"pgc-3664-3-1\"  class=\"panel-grid-cell\" ><div id=\"panel-3664-3-1-0\" class=\"so-panel widget widget_sow-image panel-first-child\" data-index=\"5\" ><div\n\t\t\t\n\t\t\tclass=\"so-widget-sow-image so-widget-sow-image-default-113ccd71f3e6-3664\"\n\t\t\t\n\t\t>\n\n<div class=\"sow-image-container\">\n\t\t<img loading=\"lazy\" decoding=\"async\" src=\"https:\/\/site.educa.madrid.org\/ies.infantaelena.galapagar\/\/wp-content\/uploads\/ies.infantaelena.galapagar\/2021\/12\/gecc421fcf18188e15fa6676a0c0be46e7ee3ff463ff090348af36f08b4bcd0217dca4b8191cc7fe37dd6d911503a5404_1920-150x150.png\" width=\"150\" height=\"150\" srcset=\"https:\/\/site.educa.madrid.org\/ies.infantaelena.galapagar\/\/wp-content\/uploads\/ies.infantaelena.galapagar\/2021\/12\/gecc421fcf18188e15fa6676a0c0be46e7ee3ff463ff090348af36f08b4bcd0217dca4b8191cc7fe37dd6d911503a5404_1920-150x150.png 150w, https:\/\/site.educa.madrid.org\/ies.infantaelena.galapagar\/\/wp-content\/uploads\/ies.infantaelena.galapagar\/2021\/12\/gecc421fcf18188e15fa6676a0c0be46e7ee3ff463ff090348af36f08b4bcd0217dca4b8191cc7fe37dd6d911503a5404_1920-300x300.png 300w, https:\/\/site.educa.madrid.org\/ies.infantaelena.galapagar\/\/wp-content\/uploads\/ies.infantaelena.galapagar\/2021\/12\/gecc421fcf18188e15fa6676a0c0be46e7ee3ff463ff090348af36f08b4bcd0217dca4b8191cc7fe37dd6d911503a5404_1920-450x450.png 450w\" sizes=\"auto, (max-width: 150px) 100vw, 150px\" title=\"Destinatarios\" alt=\"\" \t\tclass=\"so-widget-image\"\/>\n\t<\/div>\n\n<h3 class=\"widget-title\">Destinatarios<\/h3><\/div><\/div><div id=\"panel-3664-3-1-1\" class=\"so-panel widget widget_text panel-last-child\" data-index=\"6\" >\t\t\t<div class=\"textwidget\"><p><center>4ESO+Empresa, es un programa educativo de la Comunidad de Madrid dirigido a todos los alumnos que cursan 4\u00ba de Educaci\u00f3n Secundaria Obligatoria.<\/center><\/p>\n<\/div>\n\t\t<\/div><\/div><div id=\"pgc-3664-3-2\"  class=\"panel-grid-cell\" ><div id=\"panel-3664-3-2-0\" class=\"so-panel widget widget_sow-image panel-first-child\" data-index=\"7\" ><div\n\t\t\t\n\t\t\tclass=\"so-widget-sow-image so-widget-sow-image-default-113ccd71f3e6-3664\"\n\t\t\t\n\t\t>\n\n<div class=\"sow-image-container\">\n\t\t<img loading=\"lazy\" decoding=\"async\" src=\"https:\/\/site.educa.madrid.org\/ies.infantaelena.galapagar\/\/wp-content\/uploads\/ies.infantaelena.galapagar\/2021\/12\/ge605e305bb780fc41f430745b7f25269e17952ac80b0a8f0c86f7579be8d01f6f2ad40f484e4f1b45aee8d66014959b6_1920-150x150.png\" width=\"150\" height=\"150\" srcset=\"https:\/\/site.educa.madrid.org\/ies.infantaelena.galapagar\/\/wp-content\/uploads\/ies.infantaelena.galapagar\/2021\/12\/ge605e305bb780fc41f430745b7f25269e17952ac80b0a8f0c86f7579be8d01f6f2ad40f484e4f1b45aee8d66014959b6_1920-150x150.png 150w, https:\/\/site.educa.madrid.org\/ies.infantaelena.galapagar\/\/wp-content\/uploads\/ies.infantaelena.galapagar\/2021\/12\/ge605e305bb780fc41f430745b7f25269e17952ac80b0a8f0c86f7579be8d01f6f2ad40f484e4f1b45aee8d66014959b6_1920-300x300.png 300w, https:\/\/site.educa.madrid.org\/ies.infantaelena.galapagar\/\/wp-content\/uploads\/ies.infantaelena.galapagar\/2021\/12\/ge605e305bb780fc41f430745b7f25269e17952ac80b0a8f0c86f7579be8d01f6f2ad40f484e4f1b45aee8d66014959b6_1920-450x450.png 450w\" sizes=\"auto, (max-width: 150px) 100vw, 150px\" title=\"M\u00e1s info\" alt=\"\" \t\tclass=\"so-widget-image\"\/>\n\t<\/div>\n\n<h3 class=\"widget-title\">M\u00e1s info<\/h3><\/div><\/div><div id=\"panel-3664-3-2-1\" class=\"so-panel widget widget_text panel-last-child\" data-index=\"8\" >\t\t\t<div class=\"textwidget\"><p><center>Para acceder a la Web que gestiona el programa 4\u00ba+Empresa, pincha en el siguiente <a href=\"https:\/\/www.educa2.madrid.org\/web\/4eso-empresa\/inicio\"><strong>enlace<\/strong><\/a><\/center><\/p>\n<\/div>\n\t\t<\/div><\/div><\/div><div id=\"pg-3664-4\"  class=\"panel-grid panel-has-style\" ><div class=\"siteorigin-panels-stretch panel-row-style panel-row-style-for-3664-4\" data-stretch-type=\"full-stretched\" ><div id=\"pgc-3664-4-0\"  class=\"panel-grid-cell\" ><div id=\"panel-3664-4-0-0\" class=\"so-panel widget widget_sow-headline panel-first-child panel-last-child\" data-index=\"9\" ><div\n\t\t\t\n\t\t\tclass=\"so-widget-sow-headline so-widget-sow-headline-default-3c20fcb07bcf-3664\"\n\t\t\t\n\t\t><div class=\"sow-headline-container \">\n\t\t\t\t\t\t<div class=\"decoration\">\n\t\t\t\t\t\t<div class=\"decoration-inside\"><\/div>\n\t\t\t\t\t<\/div>\n\t\t\t\t\t<\/div>\n<\/div><\/div><\/div><\/div><\/div><div id=\"pg-3664-5\"  class=\"panel-grid panel-no-style\" ><div id=\"pgc-3664-5-0\"  class=\"panel-grid-cell panel-grid-cell-empty\" ><\/div><div id=\"pgc-3664-5-1\"  class=\"panel-grid-cell panel-grid-cell-mobile-last\" ><div id=\"panel-3664-5-1-0\" class=\"so-panel widget widget_sow-image panel-first-child panel-last-child\" data-index=\"10\" ><div\n\t\t\t\n\t\t\tclass=\"so-widget-sow-image so-widget-sow-image-default-8b5b6f678277-3664\"\n\t\t\t\n\t\t>\n\n<div class=\"sow-image-container\">\n\t\t<img loading=\"lazy\" decoding=\"async\" src=\"https:\/\/site.educa.madrid.org\/ies.infantaelena.galapagar\/\/wp-content\/uploads\/ies.infantaelena.galapagar\/2021\/12\/g9fa81185a85241c6bcf310cead9b2309a3ddbdb8abae9db069539123ae38531fa1b8a482a8defc6e3fb60488e124df52_1920.jpg\" width=\"600\" height=\"600\" srcset=\"https:\/\/site.educa.madrid.org\/ies.infantaelena.galapagar\/\/wp-content\/uploads\/ies.infantaelena.galapagar\/2021\/12\/g9fa81185a85241c6bcf310cead9b2309a3ddbdb8abae9db069539123ae38531fa1b8a482a8defc6e3fb60488e124df52_1920.jpg 1920w, https:\/\/site.educa.madrid.org\/ies.infantaelena.galapagar\/\/wp-content\/uploads\/ies.infantaelena.galapagar\/2021\/12\/g9fa81185a85241c6bcf310cead9b2309a3ddbdb8abae9db069539123ae38531fa1b8a482a8defc6e3fb60488e124df52_1920-300x199.jpg 300w, https:\/\/site.educa.madrid.org\/ies.infantaelena.galapagar\/\/wp-content\/uploads\/ies.infantaelena.galapagar\/2021\/12\/g9fa81185a85241c6bcf310cead9b2309a3ddbdb8abae9db069539123ae38531fa1b8a482a8defc6e3fb60488e124df52_1920-1024x680.jpg 1024w, https:\/\/site.educa.madrid.org\/ies.infantaelena.galapagar\/\/wp-content\/uploads\/ies.infantaelena.galapagar\/2021\/12\/g9fa81185a85241c6bcf310cead9b2309a3ddbdb8abae9db069539123ae38531fa1b8a482a8defc6e3fb60488e124df52_1920-768x510.jpg 768w, https:\/\/site.educa.madrid.org\/ies.infantaelena.galapagar\/\/wp-content\/uploads\/ies.infantaelena.galapagar\/2021\/12\/g9fa81185a85241c6bcf310cead9b2309a3ddbdb8abae9db069539123ae38531fa1b8a482a8defc6e3fb60488e124df52_1920-391x260.jpg 391w, https:\/\/site.educa.madrid.org\/ies.infantaelena.galapagar\/\/wp-content\/uploads\/ies.infantaelena.galapagar\/2021\/12\/g9fa81185a85241c6bcf310cead9b2309a3ddbdb8abae9db069539123ae38531fa1b8a482a8defc6e3fb60488e124df52_1920-1536x1020.jpg 1536w\" sizes=\"auto, (max-width: 600px) 100vw, 600px\" alt=\"\" \t\tclass=\"so-widget-image\"\/>\n\t<\/div>\n\n<\/div><\/div><\/div><div id=\"pgc-3664-5-2\"  class=\"panel-grid-cell panel-grid-cell-empty\" ><\/div><\/div><div id=\"pg-3664-6\"  class=\"panel-grid panel-has-style\" ><div class=\"siteorigin-panels-stretch panel-row-style panel-row-style-for-3664-6\" data-stretch-type=\"full-stretched\" ><div id=\"pgc-3664-6-0\"  class=\"panel-grid-cell\" ><div id=\"panel-3664-6-0-0\" class=\"so-panel widget widget_sow-headline panel-first-child panel-last-child\" data-index=\"11\" ><div\n\t\t\t\n\t\t\tclass=\"so-widget-sow-headline so-widget-sow-headline-default-3c20fcb07bcf-3664\"\n\t\t\t\n\t\t><div class=\"sow-headline-container \">\n\t\t\t\t\t\t<div class=\"decoration\">\n\t\t\t\t\t\t<div class=\"decoration-inside\"><\/div>\n\t\t\t\t\t<\/div>\n\t\t\t\t\t<\/div>\n<\/div><\/div><\/div><\/div><\/div><div id=\"pg-3664-7\"  class=\"panel-grid panel-no-style\" ><div id=\"pgc-3664-7-0\"  class=\"panel-grid-cell\" ><div id=\"panel-3664-7-0-0\" class=\"so-panel widget widget_sow-headline panel-first-child panel-last-child\" data-index=\"12\" ><div\n\t\t\t\n\t\t\tclass=\"so-widget-sow-headline so-widget-sow-headline-default-d6667f847359-3664 so-widget-fittext-wrapper\"\n\t\t\t data-fit-text-compressor=\"0.85\"\n\t\t><div class=\"sow-headline-container \">\n\t<\/div>\n<\/div><\/div><\/div><div id=\"pgc-3664-7-1\"  class=\"panel-grid-cell\" ><div id=\"panel-3664-7-1-0\" class=\"so-panel widget widget_sow-headline panel-first-child\" data-index=\"13\" ><div\n\t\t\t\n\t\t\tclass=\"so-widget-sow-headline so-widget-sow-headline-default-e7ef05371c0e-3664 so-widget-fittext-wrapper\"\n\t\t\t data-fit-text-compressor=\"0.85\"\n\t\t><div class=\"sow-headline-container \">\n\t\t\t\t\t\t\t<h3 class=\"sow-headline\">\n\t\t\t\t\t\tResponsable\/s\t\t\t\t\t\t<\/h3>\n\t\t\t\t\t\t<\/div>\n<\/div><\/div><div id=\"panel-3664-7-1-1\" class=\"so-panel widget widget_text panel-last-child\" data-index=\"14\" >\t\t\t<div class=\"textwidget\"><p>Mar\u00eda del Mar Aroca (Coordinadora)<\/p>\n<p>Pilar Gonz\u00e1lez<\/p>\n<\/div>\n\t\t<\/div><\/div><div id=\"pgc-3664-7-2\"  class=\"panel-grid-cell\" ><div id=\"panel-3664-7-2-0\" class=\"so-panel widget widget_sow-headline panel-first-child panel-last-child\" data-index=\"15\" ><div\n\t\t\t\n\t\t\tclass=\"so-widget-sow-headline so-widget-sow-headline-default-d6667f847359-3664 so-widget-fittext-wrapper\"\n\t\t\t data-fit-text-compressor=\"0.85\"\n\t\t><div class=\"sow-headline-container \">\n\t<\/div>\n<\/div><\/div><\/div><\/div><\/div>","protected":false},"excerpt":{"rendered":"<p>La Direcci\u00f3n General de Educaci\u00f3n Secundaria, Formaci\u00f3n Profesional y R\u00e9gimen especial, en colaboraci\u00f3n con las cinco Direcciones de \u00c1rea Territorial desarrolla el Programa 4\u00ba ESO+Empresa que puso en marcha la Consejer\u00eda de Educaci\u00f3n en el curso 2008-2009. Este programa que tiene el estatus de actividad extraescolar, se desarrolla de forma voluntaria en un n\u00famero de [&hellip;]<\/p>\n","protected":false},"author":3,"featured_media":0,"parent":2967,"menu_order":0,"comment_status":"closed","ping_status":"closed","template":"fullwidth-template.php","meta":{"footnotes":""},"folder":[],"class_list":["post-3664","page","type-page","status-publish","hentry"],"rttpg_featured_image_url":null,"rttpg_author":{"display_name":"Cuenta","author_link":"https:\/\/site.educa.madrid.org\/ies.infantaelena.galapagar\/author\/cuenta_ies-infantaelena-galapagar\/"},"rttpg_comment":0,"rttpg_category":false,"rttpg_excerpt":"La Direcci\u00f3n General de Educaci\u00f3n Secundaria, Formaci\u00f3n Profesional y R\u00e9gimen especial, en colaboraci\u00f3n con las cinco Direcciones de \u00c1rea Territorial desarrolla el Programa 4\u00ba ESO+Empresa que puso en marcha la Consejer\u00eda de Educaci\u00f3n en el curso 2008-2009. Este programa que tiene el estatus de actividad extraescolar, se desarrolla de forma voluntaria en un n\u00famero de&hellip;","post_mailing_queue_ids":[],"_links":{"self":[{"href":"https:\/\/site.educa.madrid.org\/ies.infantaelena.galapagar\/wp-json\/wp\/v2\/pages\/3664","targetHints":{"allow":["GET"]}}],"collection":[{"href":"https:\/\/site.educa.madrid.org\/ies.infantaelena.galapagar\/wp-json\/wp\/v2\/pages"}],"about":[{"href":"https:\/\/site.educa.madrid.org\/ies.infantaelena.galapagar\/wp-json\/wp\/v2\/types\/page"}],"author":[{"embeddable":true,"href":"https:\/\/site.educa.madrid.org\/ies.infantaelena.galapagar\/wp-json\/wp\/v2\/users\/3"}],"replies":[{"embeddable":true,"href":"https:\/\/site.educa.madrid.org\/ies.infantaelena.galapagar\/wp-json\/wp\/v2\/comments?post=3664"}],"version-history":[{"count":18,"href":"https:\/\/site.educa.madrid.org\/ies.infantaelena.galapagar\/wp-json\/wp\/v2\/pages\/3664\/revisions"}],"predecessor-version":[{"id":8338,"href":"https:\/\/site.educa.madrid.org\/ies.infantaelena.galapagar\/wp-json\/wp\/v2\/pages\/3664\/revisions\/8338"}],"up":[{"embeddable":true,"href":"https:\/\/site.educa.madrid.org\/ies.infantaelena.galapagar\/wp-json\/wp\/v2\/pages\/2967"}],"wp:attachment":[{"href":"https:\/\/site.educa.madrid.org\/ies.infantaelena.galapagar\/wp-json\/wp\/v2\/media?parent=3664"}],"wp:term":[{"taxonomy":"folder","embeddable":true,"href":"https:\/\/site.educa.madrid.org\/ies.infantaelena.galapagar\/wp-json\/wp\/v2\/folder?post=3664"}],"curies":[{"name":"wp","href":"https:\/\/api.w.org\/{rel}","templated":true}]}}