{"id":3820,"date":"2021-12-23T20:14:58","date_gmt":"2021-12-23T19:14:58","guid":{"rendered":"https:\/\/site.educa.madrid.org\/ies.infantaelena.galapagar\/?page_id=3820"},"modified":"2025-03-20T18:21:04","modified_gmt":"2025-03-20T17:21:04","slug":"departamento-de-orientacion","status":"publish","type":"page","link":"https:\/\/site.educa.madrid.org\/ies.infantaelena.galapagar\/contacto\/departamento-de-orientacion\/","title":{"rendered":"Orientaci\u00f3n"},"content":{"rendered":"<div id=\"pl-3820\"  class=\"panel-layout\" ><div id=\"pg-3820-0\"  class=\"panel-grid panel-no-style\" ><div id=\"pgc-3820-0-0\"  class=\"panel-grid-cell\" ><div id=\"panel-3820-0-0-0\" class=\"so-panel widget widget_sow-image panel-first-child panel-last-child\" data-index=\"0\" ><div\n\t\t\t\n\t\t\tclass=\"so-widget-sow-image so-widget-sow-image-default-8b5b6f678277-3820\"\n\t\t\t\n\t\t>\n\n<div class=\"sow-image-container\">\n\t\t<img loading=\"lazy\" decoding=\"async\" src=\"https:\/\/site.educa.madrid.org\/ies.infantaelena.galapagar\/\/wp-content\/uploads\/ies.infantaelena.galapagar\/2022\/01\/Sin-titulo-2.jpg\" width=\"794\" height=\"299\" srcset=\"https:\/\/site.educa.madrid.org\/ies.infantaelena.galapagar\/\/wp-content\/uploads\/ies.infantaelena.galapagar\/2022\/01\/Sin-titulo-2.jpg 794w, https:\/\/site.educa.madrid.org\/ies.infantaelena.galapagar\/\/wp-content\/uploads\/ies.infantaelena.galapagar\/2022\/01\/Sin-titulo-2-300x113.jpg 300w, https:\/\/site.educa.madrid.org\/ies.infantaelena.galapagar\/\/wp-content\/uploads\/ies.infantaelena.galapagar\/2022\/01\/Sin-titulo-2-768x289.jpg 768w\" sizes=\"auto, (max-width: 794px) 100vw, 794px\" title=\"Sin t\u00edtulo\" alt=\"\" \t\tclass=\"so-widget-image\"\/>\n\t<\/div>\n\n<\/div><\/div><\/div><\/div><div id=\"pg-3820-1\"  class=\"panel-grid panel-no-style\" ><div id=\"pgc-3820-1-0\"  class=\"panel-grid-cell\" ><div id=\"panel-3820-1-0-0\" class=\"so-panel widget widget_sow-headline panel-first-child\" data-index=\"1\" ><div\n\t\t\t\n\t\t\tclass=\"so-widget-sow-headline so-widget-sow-headline-default-ea0af4cf39ae-3820\"\n\t\t\t\n\t\t><div class=\"sow-headline-container \">\n\t\t\t\t\t\t\t<h1 class=\"sow-headline\">\n\t\t\t\t\t\tEQUIPO DE ORIENTACI\u00d3N\t\t\t\t\t\t<\/h1>\n\t\t\t\t\t\t\t\t\t\t\t<div class=\"decoration\">\n\t\t\t\t\t\t<div class=\"decoration-inside\"><\/div>\n\t\t\t\t\t<\/div>\n\t\t\t\t\t<\/div>\n<\/div><\/div><div id=\"panel-3820-1-0-1\" class=\"so-panel widget widget_text panel-last-child\" data-index=\"2\" ><div class=\"panel-widget-style panel-widget-style-for-3820-1-0-1\" >\t\t\t<div class=\"textwidget\"><ul>\n<li>Orientador<\/li>\n<li>Pedagog\u00eda Terap\u00e9utica<\/li>\n<li>Servicios a la Comunidad<\/li>\n<li>Audici\u00f3n y Lenguaje<\/li>\n<li>T\u00e9cnico III<\/li>\n<li>Integraci\u00f3n Social<\/li>\n<li>Fisioterapeuta<\/li>\n<\/ul>\n<\/div>\n\t\t<\/div><\/div><\/div><div id=\"pgc-3820-1-1\"  class=\"panel-grid-cell\" ><div id=\"panel-3820-1-1-0\" class=\"so-panel widget widget_sow-headline panel-first-child\" data-index=\"3\" ><div\n\t\t\t\n\t\t\tclass=\"so-widget-sow-headline so-widget-sow-headline-default-ea0af4cf39ae-3820\"\n\t\t\t\n\t\t><div class=\"sow-headline-container \">\n\t\t\t\t\t\t\t<h1 class=\"sow-headline\">\n\t\t\t\t\t\tCONTACTO\t\t\t\t\t\t<\/h1>\n\t\t\t\t\t\t\t\t\t\t\t<div class=\"decoration\">\n\t\t\t\t\t\t<div class=\"decoration-inside\"><\/div>\n\t\t\t\t\t<\/div>\n\t\t\t\t\t<\/div>\n<\/div><\/div><div id=\"panel-3820-1-1-1\" class=\"so-panel widget widget_text\" data-index=\"4\" >\t\t\t<div class=\"textwidget\"><p>Para ponerte en contacto con alg\u00fan miembro del Equipo de Orientaci\u00f3n, rellena el siguiente formulario.<\/p>\n<\/div>\n\t\t<\/div><div id=\"panel-3820-1-1-2\" class=\"so-panel widget widget_sow-button panel-last-child\" data-index=\"5\" ><div\n\t\t\t\n\t\t\tclass=\"so-widget-sow-button so-widget-sow-button-atom-66466acb9e12-3820\"\n\t\t\t\n\t\t><div class=\"ow-button-base ow-button-align-center\">\n\t<a\n\thref=\"https:\/\/formularios.educa.madrid.org\/index.php\/363384?lang=es\"\n\t\tclass=\"ow-icon-placement-left ow-button-hover\" target=\"_blank\" rel=\"noopener noreferrer\" \t>\n\t\t<span>\n\t\t\t\n\t\t\tFORMULARIO\t\t<\/span>\n\t<\/a>\n<\/div>\n<\/div><\/div><\/div><\/div><div id=\"pg-3820-2\"  class=\"panel-grid panel-no-style\" ><div id=\"pgc-3820-2-0\"  class=\"panel-grid-cell\" ><div id=\"panel-3820-2-0-0\" class=\"so-panel widget widget_sow-headline panel-first-child panel-last-child\" data-index=\"6\" ><div\n\t\t\t\n\t\t\tclass=\"so-widget-sow-headline so-widget-sow-headline-default-1dfa1fe93ef1-3820\"\n\t\t\t\n\t\t><div class=\"sow-headline-container \">\n\t\t\t\t\t\t<div class=\"decoration\">\n\t\t\t\t\t\t<div class=\"decoration-inside\"><\/div>\n\t\t\t\t\t<\/div>\n\t\t\t\t\t<\/div>\n<\/div><\/div><\/div><\/div><div id=\"pg-3820-3\"  class=\"panel-grid panel-no-style\" ><div id=\"pgc-3820-3-0\"  class=\"panel-grid-cell\" ><div id=\"panel-3820-3-0-0\" class=\"so-panel widget widget_sow-headline panel-first-child panel-last-child\" data-index=\"7\" ><div\n\t\t\t\n\t\t\tclass=\"so-widget-sow-headline so-widget-sow-headline-default-e5ec83709bf9-3820\"\n\t\t\t\n\t\t><div class=\"sow-headline-container \">\n\t\t\t\t\t\t\t<h1 class=\"sow-headline\">\n\t\t\t\t\t\tC\u00cdRCULOS DE CONVIVENCIA\t\t\t\t\t\t<\/h1>\n\t\t\t\t\t\t\t\t\t\t\t<div class=\"decoration\">\n\t\t\t\t\t\t<div class=\"decoration-inside\"><\/div>\n\t\t\t\t\t<\/div>\n\t\t\t\t\t<\/div>\n<\/div><\/div><\/div><\/div><div id=\"pg-3820-4\"  class=\"panel-grid panel-no-style\" ><div id=\"pgc-3820-4-0\"  class=\"panel-grid-cell\" ><div id=\"panel-3820-4-0-0\" class=\"so-panel widget widget_sow-headline panel-first-child\" data-index=\"8\" ><div\n\t\t\t\n\t\t\tclass=\"so-widget-sow-headline so-widget-sow-headline-default-08ca780a4db4-3820\"\n\t\t\t\n\t\t><div class=\"sow-headline-container \">\n\t\t\t\t\t\t\t<h1 class=\"sow-headline\">\n\t\t\t\t\t\tALUMNADO AYUDANTE Y MEDIADOR\t\t\t\t\t\t<\/h1>\n\t\t\t\t\t\t\t\t\t\t\t<div class=\"decoration\">\n\t\t\t\t\t\t<div class=\"decoration-inside\"><\/div>\n\t\t\t\t\t<\/div>\n\t\t\t\t\t<\/div>\n<\/div><\/div><div id=\"panel-3820-4-0-1\" class=\"so-panel widget widget_text panel-last-child\" data-index=\"9\" >\t\t\t<div class=\"textwidget\"><p>Es un sistema de ayuda entre iguales con la finalidad de mejorar la participaci\u00f3n y convivencia a trav\u00e9s de la puesta en pr\u00e1ctica de habilidades sociales\u00a0y\u00a0t\u00e9cnicas de escucha activa.<\/p>\n<\/div>\n\t\t<\/div><\/div><div id=\"pgc-3820-4-1\"  class=\"panel-grid-cell\" ><div id=\"panel-3820-4-1-0\" class=\"so-panel widget widget_text panel-first-child\" data-index=\"10\" >\t\t\t<div class=\"textwidget\"><\/div>\n\t\t<\/div><div id=\"panel-3820-4-1-1\" class=\"so-panel widget widget_sow-image panel-last-child\" data-index=\"11\" ><div\n\t\t\t\n\t\t\tclass=\"so-widget-sow-image so-widget-sow-image-default-8b5b6f678277-3820\"\n\t\t\t\n\t\t>\n\n<div class=\"sow-image-container\">\n\t\t<img loading=\"lazy\" decoding=\"async\" src=\"https:\/\/site.educa.madrid.org\/ies.infantaelena.galapagar\/\/wp-content\/uploads\/ies.infantaelena.galapagar\/2021\/12\/g880237e643fbc1853871b5eb952ce3302a29b4c4192e26408e3e271afb38f98e62b2886774612711410ac96dcd4dc666_1920.jpg\" width=\"1920\" height=\"1280\" srcset=\"https:\/\/site.educa.madrid.org\/ies.infantaelena.galapagar\/\/wp-content\/uploads\/ies.infantaelena.galapagar\/2021\/12\/g880237e643fbc1853871b5eb952ce3302a29b4c4192e26408e3e271afb38f98e62b2886774612711410ac96dcd4dc666_1920.jpg 1920w, https:\/\/site.educa.madrid.org\/ies.infantaelena.galapagar\/\/wp-content\/uploads\/ies.infantaelena.galapagar\/2021\/12\/g880237e643fbc1853871b5eb952ce3302a29b4c4192e26408e3e271afb38f98e62b2886774612711410ac96dcd4dc666_1920-300x200.jpg 300w, https:\/\/site.educa.madrid.org\/ies.infantaelena.galapagar\/\/wp-content\/uploads\/ies.infantaelena.galapagar\/2021\/12\/g880237e643fbc1853871b5eb952ce3302a29b4c4192e26408e3e271afb38f98e62b2886774612711410ac96dcd4dc666_1920-1024x683.jpg 1024w, https:\/\/site.educa.madrid.org\/ies.infantaelena.galapagar\/\/wp-content\/uploads\/ies.infantaelena.galapagar\/2021\/12\/g880237e643fbc1853871b5eb952ce3302a29b4c4192e26408e3e271afb38f98e62b2886774612711410ac96dcd4dc666_1920-768x512.jpg 768w, https:\/\/site.educa.madrid.org\/ies.infantaelena.galapagar\/\/wp-content\/uploads\/ies.infantaelena.galapagar\/2021\/12\/g880237e643fbc1853871b5eb952ce3302a29b4c4192e26408e3e271afb38f98e62b2886774612711410ac96dcd4dc666_1920-391x260.jpg 391w, https:\/\/site.educa.madrid.org\/ies.infantaelena.galapagar\/\/wp-content\/uploads\/ies.infantaelena.galapagar\/2021\/12\/g880237e643fbc1853871b5eb952ce3302a29b4c4192e26408e3e271afb38f98e62b2886774612711410ac96dcd4dc666_1920-1536x1024.jpg 1536w, https:\/\/site.educa.madrid.org\/ies.infantaelena.galapagar\/\/wp-content\/uploads\/ies.infantaelena.galapagar\/2021\/12\/g880237e643fbc1853871b5eb952ce3302a29b4c4192e26408e3e271afb38f98e62b2886774612711410ac96dcd4dc666_1920-272x182.jpg 272w\" sizes=\"auto, (max-width: 1920px) 100vw, 1920px\" alt=\"\" \t\tclass=\"so-widget-image\"\/>\n\t<\/div>\n\n<\/div><\/div><\/div><div id=\"pgc-3820-4-2\"  class=\"panel-grid-cell\" ><div id=\"panel-3820-4-2-0\" class=\"so-panel widget widget_sow-headline panel-first-child\" data-index=\"12\" ><div\n\t\t\t\n\t\t\tclass=\"so-widget-sow-headline so-widget-sow-headline-default-08ca780a4db4-3820\"\n\t\t\t\n\t\t><div class=\"sow-headline-container \">\n\t\t\t\t\t\t\t<h1 class=\"sow-headline\">\n\t\t\t\t\t\tPROYECTO PATIO: JUGAMOS TOD@S\t\t\t\t\t\t<\/h1>\n\t\t\t\t\t\t\t\t\t\t\t<div class=\"decoration\">\n\t\t\t\t\t\t<div class=\"decoration-inside\"><\/div>\n\t\t\t\t\t<\/div>\n\t\t\t\t\t<\/div>\n<\/div><\/div><div id=\"panel-3820-4-2-1\" class=\"so-panel widget widget_text panel-last-child\" data-index=\"13\" >\t\t\t<div class=\"textwidget\"><p>Este proyecto pretende generar un impacto positivo en la convivencia del centro y ayudar no solo a minimizar conflictos, sino a generar unas din\u00e1micas y espacios de relaci\u00f3n e inclusi\u00f3n de todo el alumnado que ayuden a generar un adecuado clima de convivencia en el centro.<\/p>\n<\/div>\n\t\t<\/div><\/div><\/div><div id=\"pg-3820-5\"  class=\"panel-grid panel-no-style\" ><div id=\"pgc-3820-5-0\"  class=\"panel-grid-cell\" ><div id=\"panel-3820-5-0-0\" class=\"so-panel widget widget_sow-headline panel-first-child\" data-index=\"14\" ><div\n\t\t\t\n\t\t\tclass=\"so-widget-sow-headline so-widget-sow-headline-default-1dfa1fe93ef1-3820\"\n\t\t\t\n\t\t><div class=\"sow-headline-container \">\n\t\t\t\t\t\t<div class=\"decoration\">\n\t\t\t\t\t\t<div class=\"decoration-inside\"><\/div>\n\t\t\t\t\t<\/div>\n\t\t\t\t\t<\/div>\n<\/div><\/div><div id=\"panel-3820-5-0-1\" class=\"so-panel widget widget_sow-headline panel-last-child\" data-index=\"15\" ><div\n\t\t\t\n\t\t\tclass=\"so-widget-sow-headline so-widget-sow-headline-default-e5ec83709bf9-3820\"\n\t\t\t\n\t\t><div class=\"sow-headline-container \">\n\t\t\t\t\t\t\t<h1 class=\"sow-headline\">\n\t\t\t\t\t\tGU\u00cdA DE ORIENTACI\u00d3N ACAD\u00c9MICA\t\t\t\t\t\t<\/h1>\n\t\t\t\t\t\t\t\t\t\t\t<div class=\"decoration\">\n\t\t\t\t\t\t<div class=\"decoration-inside\"><\/div>\n\t\t\t\t\t<\/div>\n\t\t\t\t\t<\/div>\n<\/div><\/div><\/div><\/div><div id=\"pg-3820-6\"  class=\"panel-grid panel-no-style\" ><div id=\"pgc-3820-6-0\"  class=\"panel-grid-cell\" ><div id=\"panel-3820-6-0-0\" class=\"so-panel widget widget_sow-image panel-first-child panel-last-child\" data-index=\"16\" ><div\n\t\t\t\n\t\t\tclass=\"so-widget-sow-image so-widget-sow-image-default-8b5b6f678277-3820\"\n\t\t\t\n\t\t>\n\n<div class=\"sow-image-container\">\n\t\t<img loading=\"lazy\" decoding=\"async\" src=\"https:\/\/site.educa.madrid.org\/ies.infantaelena.galapagar\/\/wp-content\/uploads\/ies.infantaelena.galapagar\/2024\/11\/Captura-de-pantalla-2024-11-17-122855.jpg\" width=\"300\" height=\"359\" srcset=\"https:\/\/site.educa.madrid.org\/ies.infantaelena.galapagar\/\/wp-content\/uploads\/ies.infantaelena.galapagar\/2024\/11\/Captura-de-pantalla-2024-11-17-122855.jpg 300w, https:\/\/site.educa.madrid.org\/ies.infantaelena.galapagar\/\/wp-content\/uploads\/ies.infantaelena.galapagar\/2024\/11\/Captura-de-pantalla-2024-11-17-122855-251x300.jpg 251w\" sizes=\"auto, (max-width: 300px) 100vw, 300px\" title=\"Captura de pantalla 2024-11-17 122855\" alt=\"\" \t\tclass=\"so-widget-image\"\/>\n\t<\/div>\n\n<\/div><\/div><\/div><div id=\"pgc-3820-6-1\"  class=\"panel-grid-cell\" ><div id=\"panel-3820-6-1-0\" class=\"so-panel widget widget_text panel-first-child\" data-index=\"17\" >\t\t\t<div class=\"textwidget\"><\/div>\n\t\t<\/div><div id=\"panel-3820-6-1-1\" class=\"so-panel widget widget_text\" data-index=\"18\" >\t\t\t<div class=\"textwidget\"><p>Para acceder a la Gu\u00eda de Orientaci\u00f3n Acad\u00e9mica y Profesional, pincha en el enlace de abajo<\/p>\n<\/div>\n\t\t<\/div><div id=\"panel-3820-6-1-2\" class=\"so-panel widget widget_sow-button panel-last-child\" data-index=\"19\" ><div\n\t\t\t\n\t\t\tclass=\"so-widget-sow-button so-widget-sow-button-atom-f54c0409268f-3820\"\n\t\t\t\n\t\t><div class=\"ow-button-base ow-button-align-center\">\n\t<a\n\thref=\"https:\/\/sites.google.com\/view\/guas-de-orientacin-acadmica\/inicio\"\n\t\tclass=\"ow-icon-placement-left ow-button-hover\" target=\"_blank\" rel=\"noopener noreferrer\" \t>\n\t\t<span>\n\t\t\t\n\t\t\tACCESO A LA GU\u00cdA\t\t<\/span>\n\t<\/a>\n<\/div>\n<\/div><\/div><\/div><\/div><\/div>","protected":false},"excerpt":{"rendered":"<p>Orientador Pedagog\u00eda Terap\u00e9utica Servicios a la Comunidad Audici\u00f3n y Lenguaje T\u00e9cnico III Integraci\u00f3n Social Fisioterapeuta Para ponerte en contacto con alg\u00fan miembro del Equipo de Orientaci\u00f3n, rellena el siguiente formulario.<\/p>\n","protected":false},"author":3,"featured_media":0,"parent":2,"menu_order":0,"comment_status":"closed","ping_status":"closed","template":"","meta":{"footnotes":""},"folder":[],"class_list":["post-3820","page","type-page","status-publish","hentry"],"rttpg_featured_image_url":null,"rttpg_author":{"display_name":"Cuenta","author_link":"https:\/\/site.educa.madrid.org\/ies.infantaelena.galapagar\/author\/cuenta_ies-infantaelena-galapagar\/"},"rttpg_comment":0,"rttpg_category":false,"rttpg_excerpt":"Orientador Pedagog\u00eda Terap\u00e9utica Servicios a la Comunidad Audici\u00f3n y Lenguaje T\u00e9cnico III Integraci\u00f3n Social Fisioterapeuta Para ponerte en contacto con alg\u00fan miembro del Equipo de Orientaci\u00f3n, rellena el siguiente formulario.","post_mailing_queue_ids":[],"_links":{"self":[{"href":"https:\/\/site.educa.madrid.org\/ies.infantaelena.galapagar\/wp-json\/wp\/v2\/pages\/3820","targetHints":{"allow":["GET"]}}],"collection":[{"href":"https:\/\/site.educa.madrid.org\/ies.infantaelena.galapagar\/wp-json\/wp\/v2\/pages"}],"about":[{"href":"https:\/\/site.educa.madrid.org\/ies.infantaelena.galapagar\/wp-json\/wp\/v2\/types\/page"}],"author":[{"embeddable":true,"href":"https:\/\/site.educa.madrid.org\/ies.infantaelena.galapagar\/wp-json\/wp\/v2\/users\/3"}],"replies":[{"embeddable":true,"href":"https:\/\/site.educa.madrid.org\/ies.infantaelena.galapagar\/wp-json\/wp\/v2\/comments?post=3820"}],"version-history":[{"count":30,"href":"https:\/\/site.educa.madrid.org\/ies.infantaelena.galapagar\/wp-json\/wp\/v2\/pages\/3820\/revisions"}],"predecessor-version":[{"id":10086,"href":"https:\/\/site.educa.madrid.org\/ies.infantaelena.galapagar\/wp-json\/wp\/v2\/pages\/3820\/revisions\/10086"}],"up":[{"embeddable":true,"href":"https:\/\/site.educa.madrid.org\/ies.infantaelena.galapagar\/wp-json\/wp\/v2\/pages\/2"}],"wp:attachment":[{"href":"https:\/\/site.educa.madrid.org\/ies.infantaelena.galapagar\/wp-json\/wp\/v2\/media?parent=3820"}],"wp:term":[{"taxonomy":"folder","embeddable":true,"href":"https:\/\/site.educa.madrid.org\/ies.infantaelena.galapagar\/wp-json\/wp\/v2\/folder?post=3820"}],"curies":[{"name":"wp","href":"https:\/\/api.w.org\/{rel}","templated":true}]}}