{"id":5621,"date":"2022-09-27T21:35:18","date_gmt":"2022-09-27T19:35:18","guid":{"rendered":"https:\/\/site.educa.madrid.org\/ies.infantaelena.galapagar\/?page_id=5621"},"modified":"2023-07-04T13:54:30","modified_gmt":"2023-07-04T11:54:30","slug":"escuelas-sostenibles-2022-23","status":"publish","type":"page","link":"https:\/\/site.educa.madrid.org\/ies.infantaelena.galapagar\/programas-medioambientales\/escuelas-sostenibles-2022-23\/","title":{"rendered":"Escuelas Sostenibles 2022\/23"},"content":{"rendered":"<div id=\"pl-5621\"  class=\"panel-layout\" ><div id=\"pg-5621-0\"  class=\"panel-grid panel-has-style\" ><div class=\"panel-row-style panel-row-style-for-5621-0\" ><div id=\"pgc-5621-0-0\"  class=\"panel-grid-cell\" ><div id=\"panel-5621-0-0-0\" class=\"so-panel widget widget_sow-image panel-first-child panel-last-child\" data-index=\"0\" ><div\n\t\t\t\n\t\t\tclass=\"so-widget-sow-image so-widget-sow-image-default-8b5b6f678277-5621\"\n\t\t\t\n\t\t>\n\n<div class=\"sow-image-container\">\n\t\t<img loading=\"lazy\" decoding=\"async\" src=\"https:\/\/site.educa.madrid.org\/ies.infantaelena.galapagar\/\/wp-content\/uploads\/ies.infantaelena.galapagar\/2022\/03\/banner_escuelas_sostenibles.png\" width=\"1200\" height=\"315\" srcset=\"https:\/\/site.educa.madrid.org\/ies.infantaelena.galapagar\/\/wp-content\/uploads\/ies.infantaelena.galapagar\/2022\/03\/banner_escuelas_sostenibles.png 1200w, https:\/\/site.educa.madrid.org\/ies.infantaelena.galapagar\/\/wp-content\/uploads\/ies.infantaelena.galapagar\/2022\/03\/banner_escuelas_sostenibles-300x79.png 300w, https:\/\/site.educa.madrid.org\/ies.infantaelena.galapagar\/\/wp-content\/uploads\/ies.infantaelena.galapagar\/2022\/03\/banner_escuelas_sostenibles-1024x269.png 1024w, https:\/\/site.educa.madrid.org\/ies.infantaelena.galapagar\/\/wp-content\/uploads\/ies.infantaelena.galapagar\/2022\/03\/banner_escuelas_sostenibles-768x202.png 768w\" sizes=\"auto, (max-width: 1200px) 100vw, 1200px\" alt=\"\" \t\tclass=\"so-widget-image\"\/>\n\t<\/div>\n\n<\/div><\/div><\/div><\/div><\/div><div id=\"pg-5621-1\"  class=\"panel-grid panel-no-style\" ><div id=\"pgc-5621-1-0\"  class=\"panel-grid-cell\" ><div id=\"panel-5621-1-0-0\" class=\"so-panel widget widget_widget_tpg_post_grid widget_tpg_post_grid panel-first-child panel-last-child\" data-index=\"1\" ><style type='text\/css' media='all'>#rt-tpg-container-2629017583 .rt-holder .rt-woo-info .price{color:#0367bf;}body .rt-tpg-container .rt-tpg-isotope-buttons .selected,\n\t\t\t\t\t#rt-tpg-container-2629017583 .layout12 .rt-holder:hover .rt-detail,\n\t\t\t\t\t#rt-tpg-container-2629017583 .isotope8 .rt-holder:hover .rt-detail,\n\t\t\t\t\t#rt-tpg-container-2629017583 .carousel8 .rt-holder:hover .rt-detail,\n\t\t\t\t\t#rt-tpg-container-2629017583 .layout13 .rt-holder .overlay .post-info,\n\t\t\t\t\t#rt-tpg-container-2629017583 .isotope9 .rt-holder .overlay .post-info,\n\t\t\t\t\t#rt-tpg-container-2629017583.rt-tpg-container .layout4 .rt-holder .rt-detail,\n\t\t\t\t\t.rt-modal-2629017583 .md-content,\n\t\t\t\t\t.rt-modal-2629017583 .md-content > .rt-md-content-holder .rt-md-content,\n\t\t\t\t\t.rt-popup-wrap-2629017583.rt-popup-wrap .rt-popup-navigation-wrap,\n\t\t\t\t\t#rt-tpg-container-2629017583 .carousel9 .rt-holder .overlay .post-info{background-color:#0367bf;}#rt-tpg-container-2629017583 .layout5 .rt-holder .overlay, #rt-tpg-container-2629017583 .isotope2 .rt-holder .overlay, #rt-tpg-container-2629017583 .carousel2 .rt-holder .overlay,#rt-tpg-container-2629017583 .layout15 .rt-holder h3, #rt-tpg-container-2629017583 .isotope11 .rt-holder h3, #rt-tpg-container-2629017583 .carousel11 .rt-holder h3, #rt-tpg-container-2629017583 .layout16 .rt-holder h3,\n\t\t\t\t\t#rt-tpg-container-2629017583 .isotope12 .rt-holder h3, #rt-tpg-container-2629017583 .carousel12 .rt-holder h3 {background-color:rgba(3,103,191,0.8);}#rt-tpg-container-2629017583 .read-more a{border-radius:px;}#rt-tpg-container-2629017583 .rt-img-holder img.rt-img-responsive,#rt-tpg-container-2629017583 .rt-img-holder,\n\t\t\t\t\t#rt-tpg-container-2629017583 .rt-post-overlay .post-img,\n\t\t\t\t\t#rt-tpg-container-2629017583 .post-sm .post-img,\n\t\t\t\t\t#rt-tpg-container-2629017583 .rt-post-grid .post-img,\n\t\t\t\t\t#rt-tpg-container-2629017583 .post-img img {border-radius:px;}<\/style><div class='rt-container-fluid rt-tpg-container tpg-shortcode-main-wrapper ' id='rt-tpg-container-2629017583'   data-layout='layout1' data-grid-style='even' data-desktop-col='3'  data-tab-col='2'  data-mobile-col='1' data-sc-id='7962'><div data-title='Loading ...' class='rt-row rt-content-loader   layout1 tpg-even '><div class=\"rt-col-md-4 rt-col-sm-6 rt-col-xs-12 even-grid-item rt-grid-item\" data-id=\"8009\"><div class=\"rt-holder\"><div class='rt-detail'><h3 class=\"entry-title\"><a data-id=\"8009\" class=\"\" href=\"https:\/\/site.educa.madrid.org\/ies.infantaelena.galapagar\/esostenible22\/reunion-de-final-de-curso-del-comite-ambiental-del-ies-infanta-elena\/\" target='_blank'>Reuni\u00f3n de final de curso del Comit\u00e9 Ambiental del IES Infanta Elena<\/a><\/h3><div class='post-meta-user  '><span class='author'><i class='fa fa-user '><\/i><a href=\"https:\/\/site.educa.madrid.org\/ies.infantaelena.galapagar\/author\/cuenta_admin-educamadrid\/\">admin-educamadrid<\/a><\/span><span class='date'><i class='far fa-calendar-alt '><\/i>11 julio, 2023<\/span><\/div><div class='tpg-excerpt'>El pasado 20 de junio cerramos el curso de Escuelas Sostenibles con una reuni\u00f3n del...<\/div><div class='post-meta '><span class='read-more'><a data-id='8009' class='' href='https:\/\/site.educa.madrid.org\/ies.infantaelena.galapagar\/esostenible22\/reunion-de-final-de-curso-del-comite-ambiental-del-ies-infanta-elena\/' target='_blank'>Leer m\u00e1s<\/a><\/span><\/div><\/div><\/div><\/div><div class=\"rt-col-md-4 rt-col-sm-6 rt-col-xs-12 even-grid-item rt-grid-item\" data-id=\"7949\"><div class=\"rt-holder\"><div class='rt-detail'><h3 class=\"entry-title\"><a data-id=\"7949\" class=\"\" href=\"https:\/\/site.educa.madrid.org\/ies.infantaelena.galapagar\/esostenible22\/para-la-libertad\/\" target='_blank'>PARA LA LIBERTAD\u2026<\/a><\/h3><div class='post-meta-user  '><span class='author'><i class='fa fa-user '><\/i><a href=\"https:\/\/site.educa.madrid.org\/ies.infantaelena.galapagar\/author\/cuenta_admin-educamadrid\/\">admin-educamadrid<\/a><\/span><span class='date'><i class='far fa-calendar-alt '><\/i>1 julio, 2023<\/span><\/div><div class='tpg-excerpt'>El pasado 25 de junio fue un d\u00eda muy emocionante para la comunidad educativa del...<\/div><div class='post-meta '><span class='read-more'><a data-id='7949' class='' href='https:\/\/site.educa.madrid.org\/ies.infantaelena.galapagar\/esostenible22\/para-la-libertad\/' target='_blank'>Leer m\u00e1s<\/a><\/span><\/div><\/div><\/div><\/div><div class=\"rt-col-md-4 rt-col-sm-6 rt-col-xs-12 even-grid-item rt-grid-item\" data-id=\"7928\"><div class=\"rt-holder\"><div class='rt-detail'><h3 class=\"entry-title\"><a data-id=\"7928\" class=\"\" href=\"https:\/\/site.educa.madrid.org\/ies.infantaelena.galapagar\/esostenible22\/ganadores-del-iii-concurso-de-fotografia-sostenible-del-ies-infanta-elena\/\" target='_blank'>GANADORES DEL III CONCURSO DE FOTOGRAF\u00cdA SOSTENIBLE DEL IES INFANTA ELENA<\/a><\/h3><div class='post-meta-user  '><span class='author'><i class='fa fa-user '><\/i><a href=\"https:\/\/site.educa.madrid.org\/ies.infantaelena.galapagar\/author\/cuenta_admin-educamadrid\/\">admin-educamadrid<\/a><\/span><span class='date'><i class='far fa-calendar-alt '><\/i>28 junio, 2023<\/span><\/div><div class='tpg-excerpt'>El pasado 14 de junio tuvo lugar el fallo del jurado en el III concurso...<\/div><div class='post-meta '><span class='read-more'><a data-id='7928' class='' href='https:\/\/site.educa.madrid.org\/ies.infantaelena.galapagar\/esostenible22\/ganadores-del-iii-concurso-de-fotografia-sostenible-del-ies-infanta-elena\/' target='_blank'>Leer m\u00e1s<\/a><\/span><\/div><\/div><\/div><\/div><div class=\"rt-col-md-4 rt-col-sm-6 rt-col-xs-12 even-grid-item rt-grid-item\" data-id=\"7890\"><div class=\"rt-holder\"><div class='rt-detail'><h3 class=\"entry-title\"><a data-id=\"7890\" class=\"\" href=\"https:\/\/site.educa.madrid.org\/ies.infantaelena.galapagar\/esostenible22\/como-crecen-nuestros-cernicalos\/\" target='_blank'>\u00a1C\u00d3MO CRECEN NUESTROS CERN\u00cdCALOS!<\/a><\/h3><div class='post-meta-user  '><span class='author'><i class='fa fa-user '><\/i><a href=\"https:\/\/site.educa.madrid.org\/ies.infantaelena.galapagar\/author\/cuenta_admin-educamadrid\/\">admin-educamadrid<\/a><\/span><span class='date'><i class='far fa-calendar-alt '><\/i>28 junio, 2023<\/span><\/div><div class='tpg-excerpt'>Parece mentira que, en tan poquitos d\u00edas, nuestros cuatro cern\u00edcalos hayan crecido tanto: han perdido...<\/div><div class='post-meta '><span class='read-more'><a data-id='7890' class='' href='https:\/\/site.educa.madrid.org\/ies.infantaelena.galapagar\/esostenible22\/como-crecen-nuestros-cernicalos\/' target='_blank'>Leer m\u00e1s<\/a><\/span><\/div><\/div><\/div><\/div><div class=\"rt-col-md-4 rt-col-sm-6 rt-col-xs-12 even-grid-item rt-grid-item\" data-id=\"7880\"><div class=\"rt-holder\"><div class='rt-detail'><h3 class=\"entry-title\"><a data-id=\"7880\" class=\"\" href=\"https:\/\/site.educa.madrid.org\/ies.infantaelena.galapagar\/esostenible22\/chemilab-un-laboratorio-del-agua-para-3o-eso\/\" target='_blank'>CHEMILAB, UN LABORATORIO DEL AGUA, PARA 3\u00ba ESO<\/a><\/h3><div class='post-meta-user  '><span class='author'><i class='fa fa-user '><\/i><a href=\"https:\/\/site.educa.madrid.org\/ies.infantaelena.galapagar\/author\/cuenta_admin-educamadrid\/\">admin-educamadrid<\/a><\/span><span class='date'><i class='far fa-calendar-alt '><\/i>28 junio, 2023<\/span><\/div><div class='tpg-excerpt'>El pasado viernes 16 de junio, los alumnos de 3\u00baESO realizaron la actividad Chemilab, de...<\/div><div class='post-meta '><span class='read-more'><a data-id='7880' class='' href='https:\/\/site.educa.madrid.org\/ies.infantaelena.galapagar\/esostenible22\/chemilab-un-laboratorio-del-agua-para-3o-eso\/' target='_blank'>Leer m\u00e1s<\/a><\/span><\/div><\/div><\/div><\/div><div class=\"rt-col-md-4 rt-col-sm-6 rt-col-xs-12 even-grid-item rt-grid-item\" data-id=\"7660\"><div class=\"rt-holder\"><div class=\"rt-img-holder\"><a data-id=\"7660\" class=\"\" href=\"https:\/\/site.educa.madrid.org\/ies.infantaelena.galapagar\/esostenible22\/de-nuevo-cernicalos-en-el-infanta\/\" target='_blank'><img loading=\"lazy\" decoding=\"async\" width=\"277\" height=\"201\" src=\"https:\/\/site.educa.madrid.org\/ies.infantaelena.galapagar\/\/wp-content\/uploads\/ies.infantaelena.galapagar\/2022\/06\/cerni_adul_mini.png\" class=\"rt-img-responsive \" alt=\"\" \/><\/a><\/div><div class='rt-detail'><h3 class=\"entry-title\"><a data-id=\"7660\" class=\"\" href=\"https:\/\/site.educa.madrid.org\/ies.infantaelena.galapagar\/esostenible22\/de-nuevo-cernicalos-en-el-infanta\/\" target='_blank'>De nuevo cern\u00edcalos en el Infanta<\/a><\/h3><div class='post-meta-user  '><span class='author'><i class='fa fa-user '><\/i><a href=\"https:\/\/site.educa.madrid.org\/ies.infantaelena.galapagar\/author\/cuenta_admin-educamadrid\/\">admin-educamadrid<\/a><\/span><span class='date'><i class='far fa-calendar-alt '><\/i>12 junio, 2023<\/span><\/div><div class='tpg-excerpt'>Una de las actividades llevadas a cabo por el IES Infanta Elena dentro del marco...<\/div><div class='post-meta '><span class='read-more'><a data-id='7660' class='' href='https:\/\/site.educa.madrid.org\/ies.infantaelena.galapagar\/esostenible22\/de-nuevo-cernicalos-en-el-infanta\/' target='_blank'>Leer m\u00e1s<\/a><\/span><\/div><\/div><\/div><\/div><div class=\"rt-col-md-4 rt-col-sm-6 rt-col-xs-12 even-grid-item rt-grid-item\" data-id=\"7376\"><div class=\"rt-holder\"><div class='rt-detail'><h3 class=\"entry-title\"><a data-id=\"7376\" class=\"\" href=\"https:\/\/site.educa.madrid.org\/ies.infantaelena.galapagar\/esostenible22\/y-el-dia-de-nuestra-pequena-trashumancia-llego\/\" target='_blank'>Y EL D\u00cdA DE NUESTRA PEQUE\u00d1A TRASHUMANCIA LLEG\u00d3\u2026<\/a><\/h3><div class='post-meta-user  '><span class='author'><i class='fa fa-user '><\/i><a href=\"https:\/\/site.educa.madrid.org\/ies.infantaelena.galapagar\/author\/cuenta_admin-educamadrid\/\">admin-educamadrid<\/a><\/span><span class='date'><i class='far fa-calendar-alt '><\/i>7 junio, 2023<\/span><\/div><div class='tpg-excerpt'>El pasado 22 de mayo salimos los alumnos de 1\u00ba de diversificaci\u00f3n (3\u00baESO) salimos andando...<\/div><div class='post-meta '><span class='read-more'><a data-id='7376' class='' href='https:\/\/site.educa.madrid.org\/ies.infantaelena.galapagar\/esostenible22\/y-el-dia-de-nuestra-pequena-trashumancia-llego\/' target='_blank'>Leer m\u00e1s<\/a><\/span><\/div><\/div><\/div><\/div><div class=\"rt-col-md-4 rt-col-sm-6 rt-col-xs-12 even-grid-item rt-grid-item\" data-id=\"7480\"><div class=\"rt-holder\"><div class='rt-detail'><h3 class=\"entry-title\"><a data-id=\"7480\" class=\"\" href=\"https:\/\/site.educa.madrid.org\/ies.infantaelena.galapagar\/esostenible22\/ya-echo-el-cierre-nuestro-i-mercadillo-de-ropa-de-segunda-mano\/\" target='_blank'>YA ECH\u00d3 EL CIERRE NUESTRO I MERCADILLO DE ROPA DE SEGUNDA MANO<\/a><\/h3><div class='post-meta-user  '><span class='author'><i class='fa fa-user '><\/i><a href=\"https:\/\/site.educa.madrid.org\/ies.infantaelena.galapagar\/author\/cuenta_admin-educamadrid\/\">admin-educamadrid<\/a><\/span><span class='date'><i class='far fa-calendar-alt '><\/i>7 junio, 2023<\/span><\/div><div class='tpg-excerpt'>Como os cont\u00e1bamos en una entrada anterior, del 14 al 19 de mayo se celebr\u00f3...<\/div><div class='post-meta '><span class='read-more'><a data-id='7480' class='' href='https:\/\/site.educa.madrid.org\/ies.infantaelena.galapagar\/esostenible22\/ya-echo-el-cierre-nuestro-i-mercadillo-de-ropa-de-segunda-mano\/' target='_blank'>Leer m\u00e1s<\/a><\/span><\/div><\/div><\/div><\/div><div class=\"rt-col-md-4 rt-col-sm-6 rt-col-xs-12 even-grid-item rt-grid-item\" data-id=\"7076\"><div class=\"rt-holder\"><div class='rt-detail'><h3 class=\"entry-title\"><a data-id=\"7076\" class=\"\" href=\"https:\/\/site.educa.madrid.org\/ies.infantaelena.galapagar\/esostenible22\/seguimos-trabajando-en-dos-de-nuestros-espacios-favoritos-la-charca-y-el-huerto\/\" target='_blank'>SEGUIMOS TRABAJANDO EN DOS DE NUESTROS ESPACIOS FAVORITOS: LA CHARCA Y EL HUERTO<\/a><\/h3><div class='post-meta-user  '><span class='author'><i class='fa fa-user '><\/i><a href=\"https:\/\/site.educa.madrid.org\/ies.infantaelena.galapagar\/author\/cuenta_admin-educamadrid\/\">admin-educamadrid<\/a><\/span><span class='date'><i class='far fa-calendar-alt '><\/i>8 mayo, 2023<\/span><\/div><div class='tpg-excerpt'>En este curso 22-23, los alumnos de la asignatura de Bot\u00e1nica Aplicada hemos seguido trabajando...<\/div><div class='post-meta '><span class='read-more'><a data-id='7076' class='' href='https:\/\/site.educa.madrid.org\/ies.infantaelena.galapagar\/esostenible22\/seguimos-trabajando-en-dos-de-nuestros-espacios-favoritos-la-charca-y-el-huerto\/' target='_blank'>Leer m\u00e1s<\/a><\/span><\/div><\/div><\/div><\/div><\/div><div class='rt-pagination-wrap' data-total-pages='3' data-posts-per-page='9' data-type='pagination'  ><div class=\"rt-pagination\" ><ul class=\"pagination-list\"><li class=\"active\"><span>1<\/span><\/li><li><a data-paged='2' href='https:\/\/site.educa.madrid.org\/ies.infantaelena.galapagar\/wp-json\/wp\/v2\/pages\/5621\/page\/2\/'>2<\/a><\/li><li><a data-paged='3' href='https:\/\/site.educa.madrid.org\/ies.infantaelena.galapagar\/wp-json\/wp\/v2\/pages\/5621\/page\/3\/'>3<\/a><\/li><\/ul><\/div><\/div><\/div><\/div><\/div><\/div><div id=\"pg-5621-2\"  class=\"panel-grid panel-has-style\" ><div class=\"siteorigin-panels-stretch panel-row-style panel-row-style-for-5621-2\" data-stretch-type=\"full-stretched\" ><div id=\"pgc-5621-2-0\"  class=\"panel-grid-cell\" ><div id=\"panel-5621-2-0-0\" class=\"so-panel widget widget_sow-headline panel-first-child panel-last-child\" data-index=\"2\" ><div\n\t\t\t\n\t\t\tclass=\"so-widget-sow-headline so-widget-sow-headline-default-3c20fcb07bcf-7076\"\n\t\t\t\n\t\t><div class=\"sow-headline-container \">\n\t\t\t\t\t\t<div class=\"decoration\">\n\t\t\t\t\t\t<div class=\"decoration-inside\"><\/div>\n\t\t\t\t\t<\/div>\n\t\t\t\t\t<\/div>\n<\/div><\/div><\/div><\/div><\/div><div id=\"pg-5621-3\"  class=\"panel-grid panel-no-style\" ><div id=\"pgc-5621-3-0\"  class=\"panel-grid-cell\" ><div id=\"panel-5621-3-0-0\" class=\"so-panel widget widget_sow-image panel-first-child panel-last-child\" data-index=\"3\" ><div\n\t\t\t\n\t\t\tclass=\"so-widget-sow-image so-widget-sow-image-default-4e6925654b7a-7076\"\n\t\t\t\n\t\t>\n\n<div class=\"sow-image-container\">\n\t\t<img loading=\"lazy\" decoding=\"async\" src=\"https:\/\/site.educa.madrid.org\/ies.infantaelena.galapagar\/\/wp-content\/uploads\/ies.infantaelena.galapagar\/2022\/02\/20110601130929_009-2-300x300.jpg\" width=\"200\" height=\"200\" srcset=\"https:\/\/site.educa.madrid.org\/ies.infantaelena.galapagar\/\/wp-content\/uploads\/ies.infantaelena.galapagar\/2022\/02\/20110601130929_009-2-300x300.jpg 300w, https:\/\/site.educa.madrid.org\/ies.infantaelena.galapagar\/\/wp-content\/uploads\/ies.infantaelena.galapagar\/2022\/02\/20110601130929_009-2-150x150.jpg 150w, https:\/\/site.educa.madrid.org\/ies.infantaelena.galapagar\/\/wp-content\/uploads\/ies.infantaelena.galapagar\/2022\/02\/20110601130929_009-2-450x450.jpg 450w\" sizes=\"auto, (max-width: 200px) 100vw, 200px\" title=\"20110601130929_009 (2)\" alt=\"\" \t\tclass=\"so-widget-image\"\/>\n\t<\/div>\n\n<\/div><\/div><\/div><div id=\"pgc-5621-3-1\"  class=\"panel-grid-cell\" ><div id=\"panel-5621-3-1-0\" class=\"so-panel widget widget_sow-headline panel-first-child\" data-index=\"4\" ><div\n\t\t\t\n\t\t\tclass=\"so-widget-sow-headline so-widget-sow-headline-default-98dc6fff397f-7076\"\n\t\t\t\n\t\t><div class=\"sow-headline-container \">\n\t\t\t\t\t\t\t<h3 class=\"sow-headline\">\n\t\t\t\t\t\tCoordinadora\t\t\t\t\t\t<\/h3>\n\t\t\t\t\t\t\t\t\t\t\t<div class=\"decoration\">\n\t\t\t\t\t\t<div class=\"decoration-inside\"><\/div>\n\t\t\t\t\t<\/div>\n\t\t\t\t\t<\/div>\n<\/div><\/div><div id=\"panel-5621-3-1-1\" class=\"so-panel widget widget_text panel-last-child\" data-index=\"5\" >\t\t\t<div class=\"textwidget\"><p><center>Maribel Mart\u00ednez Magro<\/center><\/p>\n<\/div>\n\t\t<\/div><\/div><div id=\"pgc-5621-3-2\"  class=\"panel-grid-cell\" ><div id=\"panel-5621-3-2-0\" class=\"so-panel widget widget_sow-image panel-first-child panel-last-child\" data-index=\"6\" ><div\n\t\t\t\n\t\t\tclass=\"so-widget-sow-image so-widget-sow-image-default-e4c2d9f6c920-7076\"\n\t\t\t\n\t\t>\n\n<div class=\"sow-image-container\">\n\t\t<img loading=\"lazy\" decoding=\"async\" src=\"https:\/\/site.educa.madrid.org\/ies.infantaelena.galapagar\/\/wp-content\/uploads\/ies.infantaelena.galapagar\/2022\/02\/logo_2eso-300x300.jpg\" width=\"200\" height=\"200\" srcset=\"https:\/\/site.educa.madrid.org\/ies.infantaelena.galapagar\/\/wp-content\/uploads\/ies.infantaelena.galapagar\/2022\/02\/logo_2eso-300x300.jpg 300w, https:\/\/site.educa.madrid.org\/ies.infantaelena.galapagar\/\/wp-content\/uploads\/ies.infantaelena.galapagar\/2022\/02\/logo_2eso-150x150.jpg 150w, https:\/\/site.educa.madrid.org\/ies.infantaelena.galapagar\/\/wp-content\/uploads\/ies.infantaelena.galapagar\/2022\/02\/logo_2eso-450x450.jpg 450w\" sizes=\"auto, (max-width: 200px) 100vw, 200px\" alt=\"\" \t\tclass=\"so-widget-image\"\/>\n\t<\/div>\n\n<\/div><\/div><\/div><\/div><\/div>","protected":false},"excerpt":{"rendered":"<p>En este curso 22-23, los alumnos de la asignatura de Bot\u00e1nica Aplicada hemos seguido trabajando en dos espacios muy importantes para nosotros, el HUERTO y la CHARCA. En el huerto hay algunas novedades: el centro nos compr\u00f3 a finales del curso pasado una caseta para nuestras herramientas; al comienzo de este curso instalamos un nuevo [&hellip;]<\/p>\n","protected":false},"author":2,"featured_media":0,"parent":4205,"menu_order":0,"comment_status":"closed","ping_status":"closed","template":"fullwidth-template.php","meta":{"footnotes":""},"folder":[],"class_list":["post-5621","page","type-page","status-publish","hentry"],"rttpg_featured_image_url":null,"rttpg_author":{"display_name":"tic.ies.infantaelena.galapagar","author_link":"https:\/\/site.educa.madrid.org\/ies.infantaelena.galapagar\/author\/cuenta_tic-ies-infantaelena-galapagar\/"},"rttpg_comment":0,"rttpg_category":"","rttpg_excerpt":"En este curso 22-23, los alumnos de la asignatura de Bot\u00e1nica Aplicada hemos seguido trabajando en dos espacios muy importantes para nosotros, el HUERTO y la CHARCA. En el huerto hay algunas novedades: el centro nos compr\u00f3 a finales del curso pasado una caseta para nuestras herramientas; al comienzo de este curso instalamos un nuevo&hellip;","post_mailing_queue_ids":[],"_links":{"self":[{"href":"https:\/\/site.educa.madrid.org\/ies.infantaelena.galapagar\/wp-json\/wp\/v2\/pages\/5621","targetHints":{"allow":["GET"]}}],"collection":[{"href":"https:\/\/site.educa.madrid.org\/ies.infantaelena.galapagar\/wp-json\/wp\/v2\/pages"}],"about":[{"href":"https:\/\/site.educa.madrid.org\/ies.infantaelena.galapagar\/wp-json\/wp\/v2\/types\/page"}],"author":[{"embeddable":true,"href":"https:\/\/site.educa.madrid.org\/ies.infantaelena.galapagar\/wp-json\/wp\/v2\/users\/2"}],"replies":[{"embeddable":true,"href":"https:\/\/site.educa.madrid.org\/ies.infantaelena.galapagar\/wp-json\/wp\/v2\/comments?post=5621"}],"version-history":[{"count":31,"href":"https:\/\/site.educa.madrid.org\/ies.infantaelena.galapagar\/wp-json\/wp\/v2\/pages\/5621\/revisions"}],"predecessor-version":[{"id":7969,"href":"https:\/\/site.educa.madrid.org\/ies.infantaelena.galapagar\/wp-json\/wp\/v2\/pages\/5621\/revisions\/7969"}],"up":[{"embeddable":true,"href":"https:\/\/site.educa.madrid.org\/ies.infantaelena.galapagar\/wp-json\/wp\/v2\/pages\/4205"}],"wp:attachment":[{"href":"https:\/\/site.educa.madrid.org\/ies.infantaelena.galapagar\/wp-json\/wp\/v2\/media?parent=5621"}],"wp:term":[{"taxonomy":"folder","embeddable":true,"href":"https:\/\/site.educa.madrid.org\/ies.infantaelena.galapagar\/wp-json\/wp\/v2\/folder?post=5621"}],"curies":[{"name":"wp","href":"https:\/\/api.w.org\/{rel}","templated":true}]}}