{"id":1075,"date":"2022-05-20T10:52:06","date_gmt":"2022-05-20T08:52:06","guid":{"rendered":"https:\/\/site.educa.madrid.org\/ies.laarboleda.alcorcon\/?page_id=1075"},"modified":"2026-04-14T19:35:11","modified_gmt":"2026-04-14T17:35:11","slug":"religion","status":"publish","type":"page","link":"https:\/\/site.educa.madrid.org\/ies.laarboleda.alcorcon\/index.php\/religion\/","title":{"rendered":"Religi\u00f3n"},"content":{"rendered":"<div id=\"pl-gb1075-6a03555ce8a25\"  class=\"panel-layout\" ><div id=\"pg-gb1075-6a03555ce8a25-0\"  class=\"panel-grid panel-no-style\"  data-style=\"{&quot;background_image_attachment&quot;:false,&quot;background_display&quot;:&quot;tile&quot;,&quot;full_height&quot;:&quot;&quot;,&quot;cell_alignment&quot;:&quot;flex-start&quot;,&quot;link_overlay_new_window&quot;:&quot;&quot;}\" ><div id=\"pgc-gb1075-6a03555ce8a25-0-0\"  class=\"panel-grid-cell\"  data-weight=\"0.3\" ><div id=\"panel-gb1075-6a03555ce8a25-0-0-0\" class=\"so-panel widget widget_media_image panel-first-child panel-last-child\" data-index=\"0\" data-style=\"{&quot;background_image_attachment&quot;:false,&quot;background_display&quot;:&quot;tile&quot;,&quot;margin&quot;:&quot;0px 0px 0px 60px&quot;,&quot;link_overlay_new_window&quot;:&quot;&quot;}\" ><img loading=\"lazy\" decoding=\"async\" width=\"150\" height=\"150\" src=\"https:\/\/site.educa.madrid.org\/ies.laarboleda.alcorcon\/\/wp-content\/uploads\/ies.laarboleda.alcorcon\/2022\/05\/logo_religion-150x150.png\" class=\"image wp-image-946  attachment-thumbnail size-thumbnail\" alt=\"\" style=\"max-width: 100%; height: auto;\" srcset=\"https:\/\/site.educa.madrid.org\/ies.laarboleda.alcorcon\/\/wp-content\/uploads\/ies.laarboleda.alcorcon\/2022\/05\/logo_religion-150x150.png 150w, https:\/\/site.educa.madrid.org\/ies.laarboleda.alcorcon\/\/wp-content\/uploads\/ies.laarboleda.alcorcon\/2022\/05\/logo_religion-300x300.png 300w, https:\/\/site.educa.madrid.org\/ies.laarboleda.alcorcon\/\/wp-content\/uploads\/ies.laarboleda.alcorcon\/2022\/05\/logo_religion.png 500w\" sizes=\"auto, (max-width: 150px) 100vw, 150px\" \/><\/div><\/div><div id=\"pgc-gb1075-6a03555ce8a25-0-1\"  class=\"panel-grid-cell\"  data-weight=\"0.7\" ><div id=\"panel-gb1075-6a03555ce8a25-0-1-0\" class=\"so-panel widget widget_text panel-first-child panel-last-child\" data-index=\"1\" data-style=\"{&quot;background_image_attachment&quot;:false,&quot;background_display&quot;:&quot;tile&quot;,&quot;link_overlay_new_window&quot;:&quot;&quot;}\" ><h3 class=\"widget-title\">Departamento de Religi\u00f3n<\/h3>\t\t\t<div class=\"textwidget\"><\/div>\n\t\t<\/div><\/div><\/div><div id=\"pg-gb1075-6a03555ce8a25-1\"  class=\"panel-grid panel-has-style\"  data-style=\"{&quot;background&quot;:&quot;#cceecc&quot;,&quot;background_image_attachment&quot;:false,&quot;background_display&quot;:&quot;tile&quot;,&quot;full_height&quot;:&quot;&quot;,&quot;cell_alignment&quot;:&quot;flex-start&quot;,&quot;link_overlay_new_window&quot;:&quot;&quot;}\" ><div class=\"panel-row-style panel-row-style-for-gb1075-6a03555ce8a25-1\" ><div id=\"pgc-gb1075-6a03555ce8a25-1-0\"  class=\"panel-grid-cell\"  data-weight=\"1\" ><div id=\"panel-gb1075-6a03555ce8a25-1-0-0\" class=\"so-panel widget widget_text panel-first-child panel-last-child\" data-index=\"2\" data-style=\"{&quot;background_image_attachment&quot;:false,&quot;background_display&quot;:&quot;tile&quot;,&quot;margin&quot;:&quot;0px 60px 0px 60px&quot;,&quot;link_overlay_new_window&quot;:&quot;&quot;}\" ><h3 class=\"widget-title\">Noticias y avisos<\/h3>\t\t\t<div class=\"textwidget\"><\/div>\n\t\t<\/div><\/div><\/div><\/div><\/div>\n\n<ul class=\"wp-block-latest-posts__list has-dates has-author wp-block-latest-posts\"><li><a class=\"wp-block-latest-posts__post-title\" href=\"https:\/\/site.educa.madrid.org\/ies.laarboleda.alcorcon\/index.php\/2026\/04\/14\/criterios-de-evaluacion\/\">Criterios de Evaluaci\u00f3n<\/a><div class=\"wp-block-latest-posts__post-author\">por Cremildo Rafae Ngovene<\/div><time datetime=\"2026-04-14T19:27:20+02:00\" class=\"wp-block-latest-posts__post-date\">14 abril, 2026<\/time><div class=\"wp-block-latest-posts__post-full-content\"><strong>1\u00ba ESO<\/strong> TEST DE CADA TEMA: 70%,\n\nSITUACIONES DE APRENDIZAJE 20%,\n\nTRABAJO EN CLASE 10% (Estos son los porcentajes para calcular la nota de media de la asignatura)\n\n<strong>2\u00ba ESO<\/strong>\u00a0 TEST DE CADA TEMA: 70%,\n\nSITUACIONES DE APRENDIZAJE 20%,\n\nTRABAJO EN CLASE 10 %\n\n<strong>1\u00ba DIVER<\/strong> TEST DE CADA TEMA: 80%,\n\nSITUACIONES DE APRENDIZAJE 15%,\n\nTRABAJO EN CLASE 5%\n\n<strong>3\u00ba ESO<\/strong> TEST DE CADA TEMA: 80%,\n\nSITUACIONES DE APRENDIZAJE, 15%,\n\nTRABAJO EN CLASE 5%\n\n<strong>4\u00ba ESO<\/strong> TEST DE CADA TEMA: 80%,\n\nSITUACIONES DE APRENDIZAJE 15%,\n\nTRABAJO EN CLASE 5%\n\n<strong>1\u00ba BACHILLERATO<\/strong>: TEST DE CADE TEMA: 90%,\n\nSITUACIONES DE APRENDIZAJE O TRABAJOS REALIZADO EN EL AULA: 5%,\n\nTRABAJOS EN CLASE 5%\n\n<strong>2\u00ba BACHILLERATO<\/strong>:\u00a0 TEST DE CADE TEMA: 90%,\n\nSITUACIONES DE APRENDIZAJE O TRABAJOS REALIZADO EN EL AULA 5%,\n\nTRABAJOS EN CLASE 5%<\/div><\/li>\n<\/ul>\n\n<div id=\"pl-gb1075-6a03555cea8f5\"  class=\"panel-layout\" ><div id=\"pg-gb1075-6a03555cea8f5-0\"  class=\"panel-grid panel-has-style\"  data-style=\"{&quot;background&quot;:&quot;#cceecc&quot;,&quot;background_image_attachment&quot;:false,&quot;background_display&quot;:&quot;tile&quot;,&quot;full_height&quot;:&quot;&quot;,&quot;cell_alignment&quot;:&quot;flex-start&quot;,&quot;link_overlay_new_window&quot;:&quot;&quot;}\" ><div class=\"panel-row-style panel-row-style-for-gb1075-6a03555cea8f5-0\" ><div id=\"pgc-gb1075-6a03555cea8f5-0-0\"  class=\"panel-grid-cell\"  data-weight=\"1\" ><div id=\"panel-gb1075-6a03555cea8f5-0-0-0\" class=\"so-panel widget widget_text panel-first-child panel-last-child\" data-index=\"0\" data-style=\"{&quot;background_image_attachment&quot;:false,&quot;background_display&quot;:&quot;tile&quot;,&quot;margin&quot;:&quot;0px 60px 0px 60px&quot;,&quot;link_overlay_new_window&quot;:&quot;&quot;}\" ><h3 class=\"widget-title\">Aulas virtuales<\/h3>\t\t\t<div class=\"textwidget\"><\/div>\n\t\t<\/div><\/div><\/div><\/div><\/div>\n\n\n<p><a href=\"https:\/\/aulavirtual33.educa.madrid.org\/ies.laarboleda.alcorcon\">https:\/\/aulavirtual33.educa.madrid.org\/ies.laarboleda.alcorcon<\/a><\/p>\n","protected":false},"excerpt":{"rendered":"<p>https:\/\/aulavirtual33.educa.madrid.org\/ies.laarboleda.alcorcon<\/p>\n","protected":false},"author":11,"featured_media":0,"parent":0,"menu_order":0,"comment_status":"closed","ping_status":"closed","template":"","meta":{"footnotes":""},"folder":[46],"class_list":["post-1075","page","type-page","status-publish","hentry"],"rttpg_featured_image_url":null,"rttpg_author":{"display_name":"Ram\u00f3n G\u00f3nzalez Garc\u00eda","author_link":"https:\/\/site.educa.madrid.org\/ies.laarboleda.alcorcon\/index.php\/author\/ramn_gonzlez-garcia\/"},"rttpg_comment":0,"rttpg_category":" <a href=\"https:\/\/site.educa.madrid.org\/ies.laarboleda.alcorcon\/?taxonomy=folder&#038;term=departamentos-1653086396\" rel=\"tag\">Departamentos<\/a>","rttpg_excerpt":"https:\/\/aulavirtual33.educa.madrid.org\/ies.laarboleda.alcorcon","post_mailing_queue_ids":[],"_links":{"self":[{"href":"https:\/\/site.educa.madrid.org\/ies.laarboleda.alcorcon\/index.php\/wp-json\/wp\/v2\/pages\/1075","targetHints":{"allow":["GET"]}}],"collection":[{"href":"https:\/\/site.educa.madrid.org\/ies.laarboleda.alcorcon\/index.php\/wp-json\/wp\/v2\/pages"}],"about":[{"href":"https:\/\/site.educa.madrid.org\/ies.laarboleda.alcorcon\/index.php\/wp-json\/wp\/v2\/types\/page"}],"author":[{"embeddable":true,"href":"https:\/\/site.educa.madrid.org\/ies.laarboleda.alcorcon\/index.php\/wp-json\/wp\/v2\/users\/11"}],"replies":[{"embeddable":true,"href":"https:\/\/site.educa.madrid.org\/ies.laarboleda.alcorcon\/index.php\/wp-json\/wp\/v2\/comments?post=1075"}],"version-history":[{"count":8,"href":"https:\/\/site.educa.madrid.org\/ies.laarboleda.alcorcon\/index.php\/wp-json\/wp\/v2\/pages\/1075\/revisions"}],"predecessor-version":[{"id":6749,"href":"https:\/\/site.educa.madrid.org\/ies.laarboleda.alcorcon\/index.php\/wp-json\/wp\/v2\/pages\/1075\/revisions\/6749"}],"wp:attachment":[{"href":"https:\/\/site.educa.madrid.org\/ies.laarboleda.alcorcon\/index.php\/wp-json\/wp\/v2\/media?parent=1075"}],"wp:term":[{"taxonomy":"folder","embeddable":true,"href":"https:\/\/site.educa.madrid.org\/ies.laarboleda.alcorcon\/index.php\/wp-json\/wp\/v2\/folder?post=1075"}],"curies":[{"name":"wp","href":"https:\/\/api.w.org\/{rel}","templated":true}]}}