{"id":1529,"date":"2022-06-17T12:59:05","date_gmt":"2022-06-17T10:59:05","guid":{"rendered":"https:\/\/site.educa.madrid.org\/ies.laarboleda.alcorcon\/?page_id=1529"},"modified":"2023-06-01T10:41:48","modified_gmt":"2023-06-01T08:41:48","slug":"solicitud-grado-medio-y-superior","status":"publish","type":"page","link":"https:\/\/site.educa.madrid.org\/ies.laarboleda.alcorcon\/index.php\/solicitud-grado-medio-y-superior\/","title":{"rendered":"T\u00edtulos Grado Medio y Superior"},"content":{"rendered":"<p><style>\n.widget-title { text-align: center; }<br \/>\n<\/style>\n<\/p>\n\n<div id=\"pl-gb1529-6a03780975bfc\"  class=\"panel-layout\" ><div id=\"pg-gb1529-6a03780975bfc-0\"  class=\"panel-grid panel-has-style\"  data-style=\"{&quot;background&quot;:&quot;#bbddbb&quot;,&quot;background_image_attachment&quot;:false,&quot;background_display&quot;:&quot;tile&quot;,&quot;full_height&quot;:&quot;&quot;,&quot;cell_alignment&quot;:&quot;flex-start&quot;,&quot;link_overlay_new_window&quot;:&quot;&quot;}\" ><div class=\"panel-row-style panel-row-style-for-gb1529-6a03780975bfc-0\" ><div id=\"pgc-gb1529-6a03780975bfc-0-0\"  class=\"panel-grid-cell\"  data-weight=\"1\" ><div id=\"panel-gb1529-6a03780975bfc-0-0-0\" class=\"so-panel widget widget_sow-editor panel-first-child panel-last-child\" data-index=\"0\" data-style=\"{&quot;background_image_attachment&quot;:false,&quot;background_display&quot;:&quot;tile&quot;,&quot;margin&quot;:&quot;0px 60px 0px 60px&quot;,&quot;link_overlay_new_window&quot;:&quot;&quot;}\" ><div\n\t\t\t\n\t\t\tclass=\"so-widget-sow-editor so-widget-sow-editor-base\"\n\t\t\t\n\t\t><h3 class=\"widget-title\">Tr\u00e1mite para solicitar t\u00edtulo<\/h3>\n<div class=\"siteorigin-widget-tinymce textwidget\">\n\t<p class=\"CDt4Ke zfr3Q\" dir=\"ltr\">Una vez que el alumno ha finalizado sus estudios de\u00a0Formaci\u00f3n Profesional, podr\u00e1 solicitar la expedici\u00f3n del correspondiente t\u00edtulo acad\u00e9mico en la propia Secretar\u00eda del Centro.<\/p>\n<p class=\"CDt4Ke zfr3Q\" dir=\"ltr\"><strong>Procedimiento<\/strong><\/p>\n<p class=\"CDt4Ke zfr3Q\" dir=\"ltr\">1. Descargar el\u00a0<strong>formulario de solicitud\u00a0<\/strong>de expedici\u00f3n de t\u00edtulos,\u00a0propuesto por la CAM ( ver secci\u00f3n FORMULARIOS).<\/p>\n<p class=\"CDt4Ke zfr3Q\" dir=\"ltr\">\n<\/p><p class=\"CDt4Ke zfr3Q\" dir=\"ltr\">2.<a class=\"XqQF9c rXJpyf\" href=\"https:\/\/www.google.com\/url?q=https%3A%2F%2Fgestiona7.madrid.org%2Frtas_webapp_pagotasas%2F%23!%2Fmain&amp;sa=D&amp;sntz=1&amp;usg=AOvVaw0iUsoz0mC6043eVBz3hNkR\" target=\"_blank\" rel=\"noopener\">\u00a0<\/a><a class=\"XqQF9c rXJpyf\" href=\"https:\/\/www.google.com\/url?q=https%3A%2F%2Fgestiona7.madrid.org%2Frtas_webapp_pagotasas%2F%23!%2Fmain&amp;sa=D&amp;sntz=1&amp;usg=AOvVaw0iUsoz0mC6043eVBz3hNkR\" target=\"_blank\" rel=\"noopener\"><strong>Descargar el modelo 030<\/strong><\/a><strong>\u00a0<\/strong>para el abono de las tasas.<\/p>\n<p class=\"CDt4Ke zfr3Q\" dir=\"ltr\">Accede a la web de la CAM,\u00a0<a class=\"XqQF9c rXJpyf\" href=\"https:\/\/www.google.com\/url?q=https%3A%2F%2Fgestiona7.madrid.org%2Frtas_webapp_pagotasas%2F%23!%2Fmain&amp;sa=D&amp;sntz=1&amp;usg=AOvVaw0iUsoz0mC6043eVBz3hNkR\" target=\"_blank\" rel=\"noopener\"><strong>desde este enlace<\/strong><\/a><strong>,<\/strong>\u00a0y siga las instrucciones que aparecen en el archivo \u00abGU\u00cdA PAGO TASAS SOLICITUD T\u00cdTULO\u00a0FP\u00bb\u00a0que encontrar\u00e1s en la secci\u00f3n siguiente.<\/p>\n<p class=\"CDt4Ke zfr3Q\" dir=\"ltr\">3. Una vez realizado el pago, se generar\u00e1 un resguardo del modelo 030 firmado y sellado, que te servir\u00e1 como justificante de haber abonado las tasas.<\/p>\n<p class=\"CDt4Ke zfr3Q\" dir=\"ltr\">\n<\/p><p class=\"CDt4Ke zfr3Q\" dir=\"ltr\">4. Solicitar el t\u00edtulo. S\u00f3lo lo puedes hacer presencialmente en la ventanilla de secretar\u00eda del instituto de 9:30 a 12:00 horas.<\/p>\n<p class=\"CDt4Ke zfr3Q\" dir=\"ltr\">\n<\/p><p class=\"CDt4Ke zfr3Q\" dir=\"ltr\">\n<\/p><p class=\"CDt4Ke zfr3Q\" dir=\"ltr\"><strong>Documentaci\u00f3n necesaria:<\/strong>\u00a0formulario completo, justificante de haber abonado las tasas y fotocopia del documento de identificaci\u00f3n DNI, NIE, PASAPORTE (Si el solicitante es familia numerosa general o especial, es preciso aportar la certificaci\u00f3n correspondiente acreditativa de tal condici\u00f3n).<\/p>\n<p class=\"CDt4Ke zfr3Q\" dir=\"ltr\">\n<\/p><p class=\"CDt4Ke zfr3Q\" dir=\"ltr\">\n<\/p><p class=\"CDt4Ke zfr3Q\" dir=\"ltr\"><strong>Informaci\u00f3n adicional<\/strong><\/p>\n<ul class=\"n8H08c UVNKR\">\n<li class=\"TYR86d wXCUfe zfr3Q\" dir=\"ltr\">\n<p class=\"CDt4Ke zfr3Q\" dir=\"ltr\">Puede consultar m\u00e1s informaci\u00f3n sobre el\u00a0<a class=\"XqQF9c rXJpyf\" href=\"http:\/\/www.google.com\/url?q=http%3A%2F%2Fwww.madrid.org%2Fcs%2FSatellite%3Fc%3DCM_Tramite_FA%26cid%3D1142598766188%26definicion%3DAutorizacion%2BLicencia%2BPermiso%2BCarne%26language%3Des%26pagename%3DComunidadMadrid%252FEstructura%26pid%3D1109265444835%26tipoServicio%3DCM_Tramite_FA&amp;sa=D&amp;sntz=1&amp;usg=AOvVaw1kS20xL_qVVrYVNtmq6W9P\" target=\"_blank\" rel=\"noopener\">proceso de tramitaci\u00f3n de los t\u00edtulos en la CAM<\/a><\/p>\n<\/li>\n<li class=\"TYR86d wXCUfe zfr3Q\" dir=\"ltr\">\n<p class=\"CDt4Ke zfr3Q\" dir=\"ltr\">Registro de t\u00edtulos. Todos los t\u00edtulos acad\u00e9micos y certificados de los niveles de idiomas expedidos por la Comunidad de Madrid son inscritos en un registro p\u00fablico.<\/p>\n<\/li>\n<li class=\"TYR86d wXCUfe zfr3Q\" dir=\"ltr\">\n<p class=\"CDt4Ke zfr3Q\" dir=\"ltr\">Normativa aplicable.<a class=\"XqQF9c rXJpyf\" href=\"http:\/\/www.google.com\/url?q=http%3A%2F%2Fwww.madrid.org%2Fwleg%2Fservlet%2FServidor%3Fopcion%3DVerHtml%26idnorma%3D7587%26word%3DS%26wordperfect%3DN%26pdf%3DS&amp;sa=D&amp;sntz=1&amp;usg=AOvVaw1VL6ScLFKJVwHtran_k4Ew\" target=\"_blank\" rel=\"noopener\">\u00a0<\/a><a class=\"XqQF9c rXJpyf\" href=\"http:\/\/www.google.com\/url?q=http%3A%2F%2Fwww.madrid.org%2Fwleg%2Fservlet%2FServidor%3Fopcion%3DVerHtml%26idnorma%3D7587%26word%3DS%26wordperfect%3DN%26pdf%3DS&amp;sa=D&amp;sntz=1&amp;usg=AOvVaw1VL6ScLFKJVwHtran_k4Ew\" target=\"_blank\" rel=\"noopener\">Orden 2188\/2010, de 21 de abril<\/a>, reguladora del procedimiento de expedici\u00f3n de t\u00edtulos acad\u00e9micos y certificados de nivel de idiomas.<\/p>\n<\/li>\n<\/ul>\n<\/div>\n<\/div><\/div><\/div><\/div><\/div><div id=\"pg-gb1529-6a03780975bfc-1\"  class=\"panel-grid panel-has-style\"  data-style=\"{&quot;background&quot;:&quot;#bbddbb&quot;,&quot;background_image_attachment&quot;:false,&quot;background_display&quot;:&quot;tile&quot;,&quot;full_height&quot;:&quot;&quot;,&quot;cell_alignment&quot;:&quot;flex-start&quot;,&quot;link_overlay_new_window&quot;:&quot;&quot;}\" ><div class=\"panel-row-style panel-row-style-for-gb1529-6a03780975bfc-1\" ><div id=\"pgc-gb1529-6a03780975bfc-1-0\"  class=\"panel-grid-cell\"  data-weight=\"1\" ><div id=\"panel-gb1529-6a03780975bfc-1-0-0\" class=\"so-panel widget widget_text panel-first-child panel-last-child\" data-index=\"1\" data-style=\"{&quot;background_image_attachment&quot;:false,&quot;background_display&quot;:&quot;tile&quot;,&quot;margin&quot;:&quot;0px 20px 0px 20px&quot;,&quot;link_overlay_new_window&quot;:&quot;&quot;}\" ><h3 class=\"widget-title\">Formularios<\/h3>\t\t\t<div class=\"textwidget\"><ul>\n<li><a href=\"https:\/\/site.educa.madrid.org\/ies.laarboleda.alcorcon\/\/wp-content\/uploads\/ies.laarboleda.alcorcon\/2022\/06\/GUIA-PAGO-TASAS-SOLICITUD-TITULO-FP.pdf\">GU\u00cdA PAGO TASAS SOLICITUD T\u00cdTULO FP<\/a> <a href=\"https:\/\/site.educa.madrid.org\/ies.laarboleda.alcorcon\/\/wp-content\/uploads\/ies.laarboleda.alcorcon\/2022\/06\/SOLICITUD-TITULO.pdf\">SOLICITUD T\u00cdTULO<\/a><\/li>\n<li><a href=\"https:\/\/site.educa.madrid.org\/ies.laarboleda.alcorcon\/\/wp-content\/uploads\/ies.laarboleda.alcorcon\/2022\/06\/SOLICITUD-TITULO.pdf\">SOLICITUD T\u00cdTULO<\/a><\/li>\n<\/ul>\n<\/div>\n\t\t<\/div><\/div><\/div><\/div><\/div>\n\n\n<p><\/p>\n","protected":false},"excerpt":{"rendered":"","protected":false},"author":19,"featured_media":0,"parent":0,"menu_order":0,"comment_status":"closed","ping_status":"closed","template":"","meta":{"footnotes":""},"folder":[50],"class_list":["post-1529","page","type-page","status-publish","hentry"],"rttpg_featured_image_url":null,"rttpg_author":{"display_name":"Juan Carlos Gonzalez-Mohino Barbero","author_link":"https:\/\/site.educa.madrid.org\/ies.laarboleda.alcorcon\/index.php\/author\/juan-c_gonzlez-mohino-barbero\/"},"rttpg_comment":0,"rttpg_category":" <a href=\"https:\/\/site.educa.madrid.org\/ies.laarboleda.alcorcon\/?taxonomy=folder&#038;term=secretaria-1654027046\" rel=\"tag\">Secretar\u00eda<\/a>","rttpg_excerpt":null,"post_mailing_queue_ids":[],"_links":{"self":[{"href":"https:\/\/site.educa.madrid.org\/ies.laarboleda.alcorcon\/index.php\/wp-json\/wp\/v2\/pages\/1529","targetHints":{"allow":["GET"]}}],"collection":[{"href":"https:\/\/site.educa.madrid.org\/ies.laarboleda.alcorcon\/index.php\/wp-json\/wp\/v2\/pages"}],"about":[{"href":"https:\/\/site.educa.madrid.org\/ies.laarboleda.alcorcon\/index.php\/wp-json\/wp\/v2\/types\/page"}],"author":[{"embeddable":true,"href":"https:\/\/site.educa.madrid.org\/ies.laarboleda.alcorcon\/index.php\/wp-json\/wp\/v2\/users\/19"}],"replies":[{"embeddable":true,"href":"https:\/\/site.educa.madrid.org\/ies.laarboleda.alcorcon\/index.php\/wp-json\/wp\/v2\/comments?post=1529"}],"version-history":[{"count":4,"href":"https:\/\/site.educa.madrid.org\/ies.laarboleda.alcorcon\/index.php\/wp-json\/wp\/v2\/pages\/1529\/revisions"}],"predecessor-version":[{"id":1951,"href":"https:\/\/site.educa.madrid.org\/ies.laarboleda.alcorcon\/index.php\/wp-json\/wp\/v2\/pages\/1529\/revisions\/1951"}],"wp:attachment":[{"href":"https:\/\/site.educa.madrid.org\/ies.laarboleda.alcorcon\/index.php\/wp-json\/wp\/v2\/media?parent=1529"}],"wp:term":[{"taxonomy":"folder","embeddable":true,"href":"https:\/\/site.educa.madrid.org\/ies.laarboleda.alcorcon\/index.php\/wp-json\/wp\/v2\/folder?post=1529"}],"curies":[{"name":"wp","href":"https:\/\/api.w.org\/{rel}","templated":true}]}}