{"id":1871,"date":"2022-07-31T19:15:50","date_gmt":"2022-07-31T17:15:50","guid":{"rendered":"https:\/\/site.educa.madrid.org\/ies.laarboleda.alcorcon\/?page_id=1871"},"modified":"2023-06-01T10:41:48","modified_gmt":"2023-06-01T08:41:48","slug":"avisos","status":"publish","type":"page","link":"https:\/\/site.educa.madrid.org\/ies.laarboleda.alcorcon\/index.php\/avisos\/","title":{"rendered":"Avisos"},"content":{"rendered":"<p><style>\n.widget-title { text-align: center; } ul.wp-block-latest-posts__list { background-color: #cceecc; padding: 60px; } ul.wp-block-latest-posts__list > li { padding-left: 60px; padding-right: 60px; margin-top: 50px; } ul.wp-block-latest-posts__list { margin-top: -160px; } ul.wp-block-latest-posts__list > li > a { font-size: large; } <br \/>\n<\/style>\n<\/p>\n\n<div id=\"pl-gb1871-6a036141c5ce7\"  class=\"panel-layout\" ><div id=\"pg-gb1871-6a036141c5ce7-0\"  class=\"panel-grid panel-has-style\"  data-style=\"{&quot;background&quot;:&quot;#cceecc&quot;,&quot;background_image_attachment&quot;:false,&quot;background_display&quot;:&quot;tile&quot;,&quot;full_height&quot;:&quot;&quot;,&quot;cell_alignment&quot;:&quot;flex-start&quot;,&quot;link_overlay_new_window&quot;:&quot;&quot;}\" ><div class=\"panel-row-style panel-row-style-for-gb1871-6a036141c5ce7-0\" ><div id=\"pgc-gb1871-6a036141c5ce7-0-0\"  class=\"panel-grid-cell\"  data-weight=\"1\" ><div id=\"panel-gb1871-6a036141c5ce7-0-0-0\" class=\"so-panel widget widget_text panel-first-child panel-last-child\" data-index=\"0\" data-style=\"{&quot;background_image_attachment&quot;:false,&quot;background_display&quot;:&quot;tile&quot;,&quot;margin&quot;:&quot;0px 20px 0px 20px&quot;,&quot;link_overlay_new_window&quot;:&quot;&quot;}\" ><h3 class=\"widget-title\">Avisos<\/h3>\t\t\t<div class=\"textwidget\"><\/div>\n\t\t<\/div><\/div><\/div><\/div><\/div>\n\n<ul class=\"wp-block-latest-posts__list has-dates has-author wp-block-latest-posts\"><li><a class=\"wp-block-latest-posts__post-title\" href=\"https:\/\/site.educa.madrid.org\/ies.laarboleda.alcorcon\/index.php\/2025\/06\/12\/admision-de-ciclos-formativos-25-26-2\/\">ADMISI\u00d3N DE CICLOS FORMATIVOS  25\/26.<\/a><div class=\"wp-block-latest-posts__post-author\">por Juan Carlos Gonzalez-Mohino Barbero<\/div><time datetime=\"2025-06-12T13:40:27+02:00\" class=\"wp-block-latest-posts__post-date\">12 junio, 2025<\/time><div class=\"wp-block-latest-posts__post-excerpt\">En el siguiente link, puedes encontrar toda la informaci\u00f3n sobre el proceso de admisi\u00f3n a Grados Formativos: https:\/\/www.comunidad.madrid\/servicios\/educacion\/admision-formacion-profesional<\/div><\/li>\n<li><a class=\"wp-block-latest-posts__post-title\" href=\"https:\/\/site.educa.madrid.org\/ies.laarboleda.alcorcon\/index.php\/2025\/06\/05\/aviso-muy-importante-matriculacion-grados-formativos-alumnos-ies-la-arboleda\/\">AVISO MUY IMPORTANTE MATRICULACI\u00d3N GRADOS FORMATIVOS ALUMNOS IES LA ARBOLEDA<\/a><div class=\"wp-block-latest-posts__post-author\">por Juan Carlos Gonzalez-Mohino Barbero<\/div><time datetime=\"2025-06-05T14:27:33+02:00\" class=\"wp-block-latest-posts__post-date\">5 junio, 2025<\/time><div class=\"wp-block-latest-posts__post-excerpt\">MATRICULACI\u00d3N PARA ALUMNOS DE CICLOS FORMATIVOS DE GRADO B\u00c1SICO, MEDIO Y SUPERIOR, QUE CURSAN ACTUALMENTE ESTUDIOS EN EL I.E.S. LA ARBOLEDA CURSO 2025\/26 &nbsp; Se deber\u00e1n matricular del 9 al 20 junio, preferiblemente atendiendo al siguiente calendario (aunque tengan que ir a convocatoria extraordinaria): &#8211; Todos los alumnos de Grado B\u00e1sico (9 y 10 de junio). &#8211; Todos los alumnos de Grado Medio (11, 12, 13 y 16 de junio). &#8211; Los alumnos de Grado Superior (17, 18, 19 y 20 de junio). &#8211; Para aquellos alumnos de Grado Superior que tengan que ir a la convocatoria extraordinaria y no<\/div><div class=\"blog-btn\"><a href=\"https:\/\/site.educa.madrid.org\/ies.laarboleda.alcorcon\/index.php\/2025\/06\/05\/aviso-muy-importante-matriculacion-grados-formativos-alumnos-ies-la-arboleda\/\" class=\"home-blog-btn\">Leer m\u00e1s<\/a><\/div><\/li>\n<li><a class=\"wp-block-latest-posts__post-title\" href=\"https:\/\/site.educa.madrid.org\/ies.laarboleda.alcorcon\/index.php\/2025\/04\/03\/resultado-sorteo-desempate-proceso-de-admision-eso-bachillerato\/\">RESULTADO SORTEO DESEMPATE PROCESO DE ADMISI\u00d3N ESO\/BACHILLERATO.<\/a><div class=\"wp-block-latest-posts__post-author\">por Juan Carlos Gonzalez-Mohino Barbero<\/div><time datetime=\"2025-04-03T09:47:34+02:00\" class=\"wp-block-latest-posts__post-date\">3 abril, 2025<\/time><div class=\"wp-block-latest-posts__post-excerpt\">RESULTADO SORTEO DESEMPATE ADMISI\u00d3N 25-26<\/div><\/li>\n<li><a class=\"wp-block-latest-posts__post-title\" href=\"https:\/\/site.educa.madrid.org\/ies.laarboleda.alcorcon\/index.php\/2025\/03\/04\/admision-en-educacion-secundaria-obligatoria-y-bachillerato\/\">Admisi\u00f3n en Educaci\u00f3n Secundaria Obligatoria y Bachillerato.<\/a><div class=\"wp-block-latest-posts__post-author\">por Juan Carlos Gonzalez-Mohino Barbero<\/div><time datetime=\"2025-03-04T12:38:50+01:00\" class=\"wp-block-latest-posts__post-date\">4 marzo, 2025<\/time><div class=\"wp-block-latest-posts__post-excerpt\">En el siguiente link tienes toda la informaci\u00f3n sobre el proceso de admisi\u00f3n 25\/26: INFORMACI\u00d3N B\u00c1SICA FAMILIAS:<\/div><\/li>\n<li><a class=\"wp-block-latest-posts__post-title\" href=\"https:\/\/site.educa.madrid.org\/ies.laarboleda.alcorcon\/index.php\/2025\/01\/28\/jornadas-de-puertas-abiertas-eso-y-bachillerato\/\">JORNADAS DE PUERTAS ABIERTAS ESO Y BACHILLERATO.<\/a><div class=\"wp-block-latest-posts__post-author\">por Juan Carlos Gonzalez-Mohino Barbero<\/div><time datetime=\"2025-01-28T18:08:14+01:00\" class=\"wp-block-latest-posts__post-date\">28 enero, 2025<\/time><div class=\"wp-block-latest-posts__post-excerpt\">El martes 4\u00a0 y el jueves 6 de marzo, se realizar\u00e1n las puertas abiertas para que conozcan nuestro proyecto educativo. Ser\u00e1n a la 17, 00 horas. Los colegios adscritos recibir\u00e1n invitaci\u00f3n directa del centro. Para el resto, se ha de solicitar cita en el 916439991<\/div><\/li>\n<\/ul>","protected":false},"excerpt":{"rendered":"","protected":false},"author":19,"featured_media":0,"parent":0,"menu_order":0,"comment_status":"closed","ping_status":"closed","template":"","meta":{"footnotes":""},"folder":[50],"class_list":["post-1871","page","type-page","status-publish","hentry"],"rttpg_featured_image_url":null,"rttpg_author":{"display_name":"Juan Carlos Gonzalez-Mohino Barbero","author_link":"https:\/\/site.educa.madrid.org\/ies.laarboleda.alcorcon\/index.php\/author\/juan-c_gonzlez-mohino-barbero\/"},"rttpg_comment":0,"rttpg_category":" <a href=\"https:\/\/site.educa.madrid.org\/ies.laarboleda.alcorcon\/?taxonomy=folder&#038;term=secretaria-1654027046\" rel=\"tag\">Secretar\u00eda<\/a>","rttpg_excerpt":null,"post_mailing_queue_ids":[],"_links":{"self":[{"href":"https:\/\/site.educa.madrid.org\/ies.laarboleda.alcorcon\/index.php\/wp-json\/wp\/v2\/pages\/1871","targetHints":{"allow":["GET"]}}],"collection":[{"href":"https:\/\/site.educa.madrid.org\/ies.laarboleda.alcorcon\/index.php\/wp-json\/wp\/v2\/pages"}],"about":[{"href":"https:\/\/site.educa.madrid.org\/ies.laarboleda.alcorcon\/index.php\/wp-json\/wp\/v2\/types\/page"}],"author":[{"embeddable":true,"href":"https:\/\/site.educa.madrid.org\/ies.laarboleda.alcorcon\/index.php\/wp-json\/wp\/v2\/users\/19"}],"replies":[{"embeddable":true,"href":"https:\/\/site.educa.madrid.org\/ies.laarboleda.alcorcon\/index.php\/wp-json\/wp\/v2\/comments?post=1871"}],"version-history":[{"count":12,"href":"https:\/\/site.educa.madrid.org\/ies.laarboleda.alcorcon\/index.php\/wp-json\/wp\/v2\/pages\/1871\/revisions"}],"predecessor-version":[{"id":5061,"href":"https:\/\/site.educa.madrid.org\/ies.laarboleda.alcorcon\/index.php\/wp-json\/wp\/v2\/pages\/1871\/revisions\/5061"}],"wp:attachment":[{"href":"https:\/\/site.educa.madrid.org\/ies.laarboleda.alcorcon\/index.php\/wp-json\/wp\/v2\/media?parent=1871"}],"wp:term":[{"taxonomy":"folder","embeddable":true,"href":"https:\/\/site.educa.madrid.org\/ies.laarboleda.alcorcon\/index.php\/wp-json\/wp\/v2\/folder?post=1871"}],"curies":[{"name":"wp","href":"https:\/\/api.w.org\/{rel}","templated":true}]}}