{"id":11,"date":"2015-03-03T23:40:50","date_gmt":"2015-03-03T23:40:50","guid":{"rendered":"http:\/\/ieslapoveda.es\/?page_id=11"},"modified":"2024-07-15T09:44:53","modified_gmt":"2024-07-15T07:44:53","slug":"fp-dual","status":"publish","type":"page","link":"https:\/\/site.educa.madrid.org\/ies.lapoveda.arganda\/index.php\/proyectos-del-centro\/formacion-profesional-2\/fp-dual\/","title":{"rendered":"FP DUAL R\u00c9GIMEN INTENSIVO"},"content":{"rendered":"<div class=\"paginaP\">\n<p><strong>FORMACI\u00d3N PROFESIONAL DUAL R\u00c9GIMEN INTENSIVO<\/strong><\/p>\n<p><a href=\"http:\/\/www.educa2.madrid.org\/web\/fpdual\" target=\"_blank\" rel=\"noopener noreferrer\"><img loading=\"lazy\" decoding=\"async\" class=\"alignright wp-image-645\" src=\"https:\/\/site.educa.madrid.org\/ies.lapoveda.arganda\/\/wp-content\/uploads\/ies.lapoveda.arganda\/2015\/03\/fp_dual_web_fp.jpg\" alt=\"fp_dual_web_fp\" width=\"236\" height=\"98\" \/><\/a><\/p>\n<p>Desde el curso 2014- 2015 el <a href=\"https:\/\/site.educa.madrid.org\/ies.lapoveda.arganda\/index.php\/oferta-educativa\/formacion-profesional-2-2\/cf-de-grado-superior\/tecnico-superior-en-administracion-y-finanzas\/\" target=\"_blank\" rel=\"noopener noreferrer\">Ciclo Formativo de Grado Superior \u201cAdministraci\u00f3n y Finanzas\u201d<\/a> se imparte la modalidad DUAL.<\/p>\n<p>Este proyecto desarrolla un modelo educativo innovador, que combina la impartici\u00f3n de contenidos te\u00f3ricos en los centros educativos con formaci\u00f3n pr\u00e1ctica en las empresas.<\/p>\n<p>El primer curso se desarrolla en el Centro educativo, y durante el mismo, se cursan todos los m\u00f3dulos profesionales que se incluyen en el t\u00edtulo (las materias del primer y segundo curso se imparten en un solo curso acad\u00e9mico). El segundo curso se desarrolla en la empresa. En ella completar\u00e1 la formaci\u00f3n recibida en el IES La Poveda.<\/p>\n<h5>Objetivos del programa de FP DUAL:<\/h5>\n<ul>\n<li>Adecuar la FP a las necesidades de los sectores productivos.<\/li>\n<li>Mejorar la cualificaci\u00f3n de los alumnos.<\/li>\n<li>Incrementar la empleabilidad de los titulados.<\/li>\n<\/ul>\n<h5>Ventajas de este modelo de formaci\u00f3n:<\/h5>\n<p>Para los ALUMNOS:<\/p>\n<ul>\n<li>Estudiar un Ciclo de Formaci\u00f3n Profesional DUAL en un centro de la Comunidad de Madrid.<\/li>\n<li>Realizar formaci\u00f3n pr\u00e1ctica en una empresa, para \u201caprender haciendo\u201d.<\/li>\n<li>Aumentar las expectativas de inserci\u00f3n profesional de los titulados.<\/li>\n<li>Recibir una beca formativa de, al menos, 300 euros\/mes por parte de la empresa y ser dado de alta como becario en el R\u00e9gimen General de la Seguridad Social, durante su estancia en pr\u00e1cticas en la empresa.<\/li>\n<\/ul>\n<p>Para la EMPRESA:<\/p>\n<ul>\n<li>Participar activamente en la formaci\u00f3n de estudiantes como futuros profesionales.<\/li>\n<li>Seleccionar a los alumnos que deseen realizar voluntariamente la FP Dual en sus centros de trabajo.<\/li>\n<\/ul>\n<h5>Requisitos de acceso<\/h5>\n<p>Al ser un ciclo de Grado Superior es necesario reunir al menos una de las siguientes condiciones:<\/p>\n<ul>\n<li>Estar en posesi\u00f3n del t\u00edtulo de Bachiller.<\/li>\n<li>Estar en posesi\u00f3n de un t\u00edtulo de T\u00e9cnico de Formaci\u00f3n Profesional.<\/li>\n<li>Reunir alguno de los requisitos de acceso restantes establecidos en Decreto 63\/2019, de 16 de julio.<\/li>\n<\/ul>\n<p><strong>Aparte de los requisitos acad\u00e9micos, los candidatos deben superar el proceso de selecci\u00f3n que las empresas colaboradoras con el programa realizan para cubrir las vacantes ofertadas. Para ello se le facilitar\u00e1 a las empresas el Curr\u00edculum Vitae del alumnado preferiblemente en formato Europass<\/strong><\/p>\n<\/div>\n","protected":false},"excerpt":{"rendered":"<p>FORMACI\u00d3N PROFESIONAL DUAL R\u00c9GIMEN INTENSIVO Desde el curso 2014- 2015 el Ciclo Formativo de Grado Superior \u201cAdministraci\u00f3n y Finanzas\u201d se imparte la modalidad DUAL. Este proyecto desarrolla un modelo educativo innovador, que combina la impartici\u00f3n de contenidos te\u00f3ricos en los centros educativos con formaci\u00f3n pr\u00e1ctica en las empresas. El primer curso se desarrolla en el [&hellip;]<\/p>\n","protected":false},"author":3,"featured_media":0,"parent":109,"menu_order":0,"comment_status":"closed","ping_status":"open","template":"","meta":{"footnotes":""},"folder":[],"class_list":["post-11","page","type-page","status-publish","hentry"],"rttpg_featured_image_url":null,"rttpg_author":{"display_name":"ies.lapoveda.arganda","author_link":"https:\/\/site.educa.madrid.org\/ies.lapoveda.arganda\/index.php\/author\/cuenta_ies-lapoveda-arganda\/"},"rttpg_comment":0,"rttpg_category":false,"rttpg_excerpt":"FORMACI\u00d3N PROFESIONAL DUAL R\u00c9GIMEN INTENSIVO Desde el curso 2014- 2015 el Ciclo Formativo de Grado Superior \u201cAdministraci\u00f3n y Finanzas\u201d se imparte la modalidad DUAL. Este proyecto desarrolla un modelo educativo innovador, que combina la impartici\u00f3n de contenidos te\u00f3ricos en los centros educativos con formaci\u00f3n pr\u00e1ctica en las empresas. El primer curso se desarrolla en el&hellip;","post_mailing_queue_ids":[],"_links":{"self":[{"href":"https:\/\/site.educa.madrid.org\/ies.lapoveda.arganda\/index.php\/wp-json\/wp\/v2\/pages\/11","targetHints":{"allow":["GET"]}}],"collection":[{"href":"https:\/\/site.educa.madrid.org\/ies.lapoveda.arganda\/index.php\/wp-json\/wp\/v2\/pages"}],"about":[{"href":"https:\/\/site.educa.madrid.org\/ies.lapoveda.arganda\/index.php\/wp-json\/wp\/v2\/types\/page"}],"author":[{"embeddable":true,"href":"https:\/\/site.educa.madrid.org\/ies.lapoveda.arganda\/index.php\/wp-json\/wp\/v2\/users\/3"}],"replies":[{"embeddable":true,"href":"https:\/\/site.educa.madrid.org\/ies.lapoveda.arganda\/index.php\/wp-json\/wp\/v2\/comments?post=11"}],"version-history":[{"count":10,"href":"https:\/\/site.educa.madrid.org\/ies.lapoveda.arganda\/index.php\/wp-json\/wp\/v2\/pages\/11\/revisions"}],"predecessor-version":[{"id":7122,"href":"https:\/\/site.educa.madrid.org\/ies.lapoveda.arganda\/index.php\/wp-json\/wp\/v2\/pages\/11\/revisions\/7122"}],"up":[{"embeddable":true,"href":"https:\/\/site.educa.madrid.org\/ies.lapoveda.arganda\/index.php\/wp-json\/wp\/v2\/pages\/109"}],"wp:attachment":[{"href":"https:\/\/site.educa.madrid.org\/ies.lapoveda.arganda\/index.php\/wp-json\/wp\/v2\/media?parent=11"}],"wp:term":[{"taxonomy":"folder","embeddable":true,"href":"https:\/\/site.educa.madrid.org\/ies.lapoveda.arganda\/index.php\/wp-json\/wp\/v2\/folder?post=11"}],"curies":[{"name":"wp","href":"https:\/\/api.w.org\/{rel}","templated":true}]}}