{"id":117,"date":"2015-03-14T22:09:46","date_gmt":"2015-03-14T22:09:46","guid":{"rendered":"http:\/\/ieslapoveda.es\/?page_id=117"},"modified":"2023-10-15T08:39:16","modified_gmt":"2023-10-15T06:39:16","slug":"formacion-profesional-2-2","status":"publish","type":"page","link":"https:\/\/site.educa.madrid.org\/ies.lapoveda.arganda\/index.php\/oferta-educativa\/formacion-profesional-2-2\/","title":{"rendered":"FORMACI\u00d3N PROFESIONAL"},"content":{"rendered":"<div class=\"paginaP\">\n<p><strong>NUESTRA OFERTA EDUCATIVA<\/strong><\/p>\n<p><strong><a href=\"https:\/\/site.educa.madrid.org\/ies.lapoveda.arganda\/index.php\/oferta-educativa\/formacion-profesional-2-2\/cf-de-fp-basica\/\" target=\"_blank\" rel=\"noopener noreferrer\">Ciclos Formativos de FP B\u00e1sica<\/a><\/strong><\/p>\n<ul>\n<li><a href=\"https:\/\/site.educa.madrid.org\/ies.lapoveda.arganda\/index.php\/oferta-educativa\/formacion-profesional-2-2\/cf-de-fp-basica\/servicios-administrativos\/\" target=\"_blank\" rel=\"noopener noreferrer\">Servicios Administrativos<\/a><\/li>\n<li><a href=\"https:\/\/site.educa.madrid.org\/ies.lapoveda.arganda\/index.php\/oferta-educativa\/formacion-profesional-2-2\/cf-de-fp-basica\/electricidad-electronica\/\" target=\"_blank\" rel=\"noopener noreferrer\">Electricidad-Electr\u00f3nica<\/a><\/li>\n<li><a href=\"https:\/\/site.educa.madrid.org\/ies.lapoveda.arganda\/index.php\/oferta-educativa\/formacion-profesional-2-2\/cf-de-fp-basica\/mantenimiento-de-vehiculos\/\" target=\"_blank\" rel=\"noopener noreferrer\">Mantenimiento de Veh\u00edculos<\/a><\/li>\n<\/ul>\n<hr \/>\n<p><strong><a href=\"https:\/\/site.educa.madrid.org\/ies.lapoveda.arganda\/index.php\/oferta-educativa\/formacion-profesional-2-2\/cf-de-grado-medio\/\" target=\"_blank\" rel=\"noopener noreferrer\">Ciclos Formativos de Grado Medio<\/a><\/strong><\/p>\n<ul>\n<li><a href=\"https:\/\/site.educa.madrid.org\/ies.lapoveda.arganda\/index.php\/oferta-educativa\/formacion-profesional-2-2\/cf-de-grado-medio\/tecnico-en-gestion-administrativa\/\" target=\"_blank\" rel=\"noopener noreferrer\">T\u00e9cnico en Gesti\u00f3n Administrativa<\/a><\/li>\n<li><a href=\"https:\/\/site.educa.madrid.org\/ies.lapoveda.arganda\/index.php\/oferta-educativa\/formacion-profesional-2-2\/cf-de-grado-medio\/tecnico-en-instalaciones-electricas-y-automaticas\/\" target=\"_blank\" rel=\"noopener noreferrer\">T\u00e9cnico en Instalaciones El\u00e9ctricas y Autom\u00e1ticas<\/a><\/li>\n<li><a href=\"https:\/\/site.educa.madrid.org\/ies.lapoveda.arganda\/index.php\/oferta-educativa\/formacion-profesional-2-2\/cf-de-grado-medio\/tecnico-en-electromecanica-de-vehiculos-automoviles\/\" target=\"_blank\" rel=\"noopener noreferrer\">T\u00e9cnico en Electromec\u00e1nica de Veh\u00edculos Autom\u00f3viles<\/a><\/li>\n<li><a href=\"https:\/\/site.educa.madrid.org\/ies.lapoveda.arganda\/index.php\/oferta-educativa\/formacion-profesional-2-2\/cf-de-grado-medio\/tecnico-en-farmacia-y-parafarmacia\/\" target=\"_blank\" rel=\"noopener noreferrer\">T\u00e9cnico en Farmacia y Parafarmacia<\/a><\/li>\n<li><a href=\"https:\/\/site.educa.madrid.org\/ies.lapoveda.arganda\/index.php\/oferta-educativa\/formacion-profesional-2-2\/cf-de-grado-medio\/tecnico-en-emergencias-sanitarias\/\">T\u00e9cnico en Emergencias Sanitarias (turno diurno y vespertino)<\/a><\/li>\n<li><a href=\"https:\/\/site.educa.madrid.org\/ies.lapoveda.arganda\/index.php\/tecnico-en-cuidados-auxiliares-de-enfermeria\/\">T\u00e9cnico en Cuidados auxiliares de enfermer\u00eda (turno vespertino)<\/a><\/li>\n<\/ul>\n<hr \/>\n<p><strong><a href=\"https:\/\/site.educa.madrid.org\/ies.lapoveda.arganda\/index.php\/oferta-educativa\/formacion-profesional-2-2\/cf-de-grado-superior\/\" target=\"_blank\" rel=\"noopener noreferrer\">Ciclos Formativos de Grado Superior<\/a><\/strong><\/p>\n<ul>\n<li><a href=\"https:\/\/site.educa.madrid.org\/ies.lapoveda.arganda\/index.php\/oferta-educativa\/formacion-profesional-2-2\/cf-de-grado-superior\/tecnico-superior-en-administracion-y-finanzas\/\" target=\"_blank\" rel=\"noopener noreferrer\">T\u00e9cnico Superior en Administraci\u00f3n y Finanzas<\/a><\/li>\n<li><a href=\"https:\/\/site.educa.madrid.org\/ies.lapoveda.arganda\/index.php\/oferta-educativa\/formacion-profesional-2-2\/cf-de-grado-superior\/tecnico-superior-en-automocion\/\">T\u00e9cnico Superior en Automoci\u00f3n (turno vespertino)<\/a>.<\/li>\n<li><a href=\"https:\/\/site.educa.madrid.org\/ies.lapoveda.arganda\/index.php\/tecnico-superior-en-dietetica\/\">T\u00e9cnico Superior en Diet\u00e9tica (turno vespertino)<\/a><\/li>\n<li><a href=\"https:\/\/site.educa.madrid.org\/ies.lapoveda.arganda\/index.php\/tecnico-superior-en-acondicionamiento-fisico\/\" target=\"_blank\" rel=\"noopener\">T\u00e9cnico Superior en Acondicionamiento F\u00edsico.\u00a0<\/a><\/li>\n<\/ul>\n<hr \/>\n<p><strong>PROGRAMA PROFESIONAL MODALIDAD ESPECIAL<\/strong><\/p>\n<ul>\n<li><a href=\"https:\/\/site.educa.madrid.org\/ies.lapoveda.arganda\/index.php\/oferta-educativa\/formacion-profesional-2-2\/programa-profesional-modalidad-especial\/\">Operaciones Auxiliares de Servicios Administrativos y Generales<\/a><\/li>\n<\/ul>\n<hr \/>\n<p><a href=\"https:\/\/site.educa.madrid.org\/ies.lapoveda.arganda\/\/wp-content\/uploads\/ies.lapoveda.arganda\/2019\/06\/trptico_fp_preguntas_frecuentes.pdf\" target=\"_blank\" rel=\"noopener noreferrer\">TR\u00cdPTICO PREGUNTAS FRECUENTES SOBRE F.P.<\/a><\/p>\n<p><strong>FAMILIAS PROFESIONALES QUE SE IMPARTEN EN EL IES LA POVEDA<\/strong><\/p>\n<figure id=\"attachment_181\" aria-describedby=\"caption-attachment-181\" style=\"width: 230px\" class=\"wp-caption alignleft\"><img loading=\"lazy\" decoding=\"async\" class=\"wp-image-181\" src=\"https:\/\/site.educa.madrid.org\/ies.lapoveda.arganda\/\/wp-content\/uploads\/ies.lapoveda.arganda\/2015\/03\/FOTO-ADM-1-150x150.jpg\" alt=\"FOTO ADM 1\" width=\"230\" height=\"171\" \/><figcaption id=\"caption-attachment-181\" class=\"wp-caption-text\">ADMINISTRACI\u00d3N Y GESTI\u00d3N<\/figcaption><\/figure>\n<figure id=\"attachment_182\" aria-describedby=\"caption-attachment-182\" style=\"width: 230px\" class=\"wp-caption alignleft\"><img loading=\"lazy\" decoding=\"async\" class=\"wp-image-182\" src=\"https:\/\/site.educa.madrid.org\/ies.lapoveda.arganda\/\/wp-content\/uploads\/ies.lapoveda.arganda\/2015\/03\/FOTO-AUTO-3-150x150.jpg\" alt=\"MANTENIMIENTO DE VEH\u00cdCULOS\" width=\"230\" height=\"171\" \/><figcaption id=\"caption-attachment-182\" class=\"wp-caption-text\">MANTENIMIENTO DE VEH\u00cdCULOS<\/figcaption><\/figure>\n<figure id=\"attachment_183\" aria-describedby=\"caption-attachment-183\" style=\"width: 230px\" class=\"wp-caption alignleft\"><img loading=\"lazy\" decoding=\"async\" class=\"wp-image-183\" src=\"https:\/\/site.educa.madrid.org\/ies.lapoveda.arganda\/\/wp-content\/uploads\/ies.lapoveda.arganda\/2015\/03\/FOTO-ELECTRCIDAD-1-150x150.jpg\" alt=\"ELECTRICIDAD-ELECTR\u00d3NICA\" width=\"230\" height=\"171\" \/><figcaption id=\"caption-attachment-183\" class=\"wp-caption-text\">ELECTRICIDAD-ELECTR\u00d3NICA<\/figcaption><\/figure>\n<figure id=\"attachment_184\" aria-describedby=\"caption-attachment-184\" style=\"width: 226px\" class=\"wp-caption alignleft\"><img loading=\"lazy\" decoding=\"async\" class=\"wp-image-184\" src=\"https:\/\/site.educa.madrid.org\/ies.lapoveda.arganda\/\/wp-content\/uploads\/ies.lapoveda.arganda\/2015\/03\/FARMACIA-1-150x150.jpg\" alt=\"SANIDAD\" width=\"226\" height=\"171\" srcset=\"https:\/\/site.educa.madrid.org\/ies.lapoveda.arganda\/\/wp-content\/uploads\/ies.lapoveda.arganda\/2015\/03\/FARMACIA-1-300x225.jpg 300w, https:\/\/site.educa.madrid.org\/ies.lapoveda.arganda\/\/wp-content\/uploads\/ies.lapoveda.arganda\/2015\/03\/FARMACIA-1-768x576.jpg 768w, https:\/\/site.educa.madrid.org\/ies.lapoveda.arganda\/\/wp-content\/uploads\/ies.lapoveda.arganda\/2015\/03\/FARMACIA-1-1024x768.jpg 1024w\" sizes=\"auto, (max-width: 226px) 100vw, 226px\" \/><figcaption id=\"caption-attachment-184\" class=\"wp-caption-text\">SANIDAD<\/figcaption><\/figure>\n<p><img loading=\"lazy\" decoding=\"async\" class=\"aligncenter wp-image-186\" src=\"https:\/\/site.educa.madrid.org\/ies.lapoveda.arganda\/\/wp-content\/uploads\/ies.lapoveda.arganda\/2015\/03\/Captura-de-pantalla-2015-03-04-11.34.34.png\" alt=\"NIVELES DE CUALIFICACION PROFESIONAL\" width=\"723\" height=\"282\" srcset=\"https:\/\/site.educa.madrid.org\/ies.lapoveda.arganda\/\/wp-content\/uploads\/ies.lapoveda.arganda\/2015\/03\/Captura-de-pantalla-2015-03-04-11.34.34.png 708w, https:\/\/site.educa.madrid.org\/ies.lapoveda.arganda\/\/wp-content\/uploads\/ies.lapoveda.arganda\/2015\/03\/Captura-de-pantalla-2015-03-04-11.34.34-300x117.png 300w\" sizes=\"auto, (max-width: 723px) 100vw, 723px\" \/><\/p>\n<p>Los niveles 4 y 5 de cualificaci\u00f3n corresponden a las ense\u00f1anzas universitarias.<\/p>\n<p><strong>M\u00e1s informaci\u00f3n sobre las ense\u00f1anzas de formaci\u00f3n profesional en el sistema educativo:<\/strong><\/p>\n<p><a href=\"http:\/\/www.todofp.es\/\" target=\"_blank\" rel=\"noopener noreferrer\">www.todofp.es <\/a> (Portal de Formaci\u00f3n Profesional del Ministerio de Educaci\u00f3n)<\/p>\n<p><a href=\"http:\/\/www.madrid.org\/fp\/\" target=\"_blank\" rel=\"noopener noreferrer\">www.madrid.org\/fp<\/a> (Portal de Formaci\u00f3n Profesional de la Comunidad Aut\u00f3noma de Madrid)<\/p>\n<\/div>\n","protected":false},"excerpt":{"rendered":"<p>NUESTRA OFERTA EDUCATIVA Ciclos Formativos de FP B\u00e1sica Servicios Administrativos Electricidad-Electr\u00f3nica Mantenimiento de Veh\u00edculos Ciclos Formativos de Grado Medio T\u00e9cnico en Gesti\u00f3n Administrativa T\u00e9cnico en Instalaciones El\u00e9ctricas y Autom\u00e1ticas T\u00e9cnico en Electromec\u00e1nica de Veh\u00edculos Autom\u00f3viles T\u00e9cnico en Farmacia y Parafarmacia T\u00e9cnico en Emergencias Sanitarias (turno diurno y vespertino) T\u00e9cnico en Cuidados auxiliares de enfermer\u00eda (turno [&hellip;]<\/p>\n","protected":false},"author":3,"featured_media":0,"parent":94,"menu_order":0,"comment_status":"closed","ping_status":"closed","template":"","meta":{"footnotes":""},"folder":[],"class_list":["post-117","page","type-page","status-publish","hentry"],"rttpg_featured_image_url":null,"rttpg_author":{"display_name":"ies.lapoveda.arganda","author_link":"https:\/\/site.educa.madrid.org\/ies.lapoveda.arganda\/index.php\/author\/cuenta_ies-lapoveda-arganda\/"},"rttpg_comment":0,"rttpg_category":false,"rttpg_excerpt":"NUESTRA OFERTA EDUCATIVA Ciclos Formativos de FP B\u00e1sica Servicios Administrativos Electricidad-Electr\u00f3nica Mantenimiento de Veh\u00edculos Ciclos Formativos de Grado Medio T\u00e9cnico en Gesti\u00f3n Administrativa T\u00e9cnico en Instalaciones El\u00e9ctricas y Autom\u00e1ticas T\u00e9cnico en Electromec\u00e1nica de Veh\u00edculos Autom\u00f3viles T\u00e9cnico en Farmacia y Parafarmacia T\u00e9cnico en Emergencias Sanitarias (turno diurno y vespertino) T\u00e9cnico en Cuidados auxiliares de enfermer\u00eda (turno&hellip;","post_mailing_queue_ids":[],"_links":{"self":[{"href":"https:\/\/site.educa.madrid.org\/ies.lapoveda.arganda\/index.php\/wp-json\/wp\/v2\/pages\/117","targetHints":{"allow":["GET"]}}],"collection":[{"href":"https:\/\/site.educa.madrid.org\/ies.lapoveda.arganda\/index.php\/wp-json\/wp\/v2\/pages"}],"about":[{"href":"https:\/\/site.educa.madrid.org\/ies.lapoveda.arganda\/index.php\/wp-json\/wp\/v2\/types\/page"}],"author":[{"embeddable":true,"href":"https:\/\/site.educa.madrid.org\/ies.lapoveda.arganda\/index.php\/wp-json\/wp\/v2\/users\/3"}],"replies":[{"embeddable":true,"href":"https:\/\/site.educa.madrid.org\/ies.lapoveda.arganda\/index.php\/wp-json\/wp\/v2\/comments?post=117"}],"version-history":[{"count":10,"href":"https:\/\/site.educa.madrid.org\/ies.lapoveda.arganda\/index.php\/wp-json\/wp\/v2\/pages\/117\/revisions"}],"predecessor-version":[{"id":6286,"href":"https:\/\/site.educa.madrid.org\/ies.lapoveda.arganda\/index.php\/wp-json\/wp\/v2\/pages\/117\/revisions\/6286"}],"up":[{"embeddable":true,"href":"https:\/\/site.educa.madrid.org\/ies.lapoveda.arganda\/index.php\/wp-json\/wp\/v2\/pages\/94"}],"wp:attachment":[{"href":"https:\/\/site.educa.madrid.org\/ies.lapoveda.arganda\/index.php\/wp-json\/wp\/v2\/media?parent=117"}],"wp:term":[{"taxonomy":"folder","embeddable":true,"href":"https:\/\/site.educa.madrid.org\/ies.lapoveda.arganda\/index.php\/wp-json\/wp\/v2\/folder?post=117"}],"curies":[{"name":"wp","href":"https:\/\/api.w.org\/{rel}","templated":true}]}}