{"id":126,"date":"2015-03-14T22:32:57","date_gmt":"2015-03-14T22:32:57","guid":{"rendered":"http:\/\/ieslapoveda.es\/?page_id=126"},"modified":"2023-05-31T12:17:19","modified_gmt":"2023-05-31T10:17:19","slug":"cf-de-grado-superior","status":"publish","type":"page","link":"https:\/\/site.educa.madrid.org\/ies.lapoveda.arganda\/index.php\/oferta-educativa\/formacion-profesional-2-2\/cf-de-grado-superior\/","title":{"rendered":"CF DE GRADO SUPERIOR"},"content":{"rendered":"<div class=\"paginaP\">\n<h4>CICLOS FORMATIVOS DE GRADO SUPERIOR<\/h4>\n<p>Los Ciclos Formativos de Grado Superior suponen un mayor nivel de especializaci\u00f3n profesional y se integran en la Educaci\u00f3n Superior.<\/p>\n<h5>Caracter\u00edsticas<\/h5>\n<p>Las principales <strong>caracter\u00edsticas<\/strong> de los Ciclos Formativos de Grado Superior son:<\/p>\n<ul>\n<li>Organizaci\u00f3n en m\u00f3dulos, constituidos por \u00e1reas de conocimientos te\u00f3rico-pr\u00e1cticos en funci\u00f3n del perfil profesional cursado.<\/li>\n<li>Duraci\u00f3n de 2.000 horas, distribuidas en dos cursos acad\u00e9micos.<\/li>\n<li>Incluyen un per\u00edodo de Formaci\u00f3n en Centros de Trabajo (FCT), de car\u00e1cter obligatorio, que se realiza en el \u00faltimo periodo de formaci\u00f3n en el centro educativo y un m\u00f3dulo de Proyecto.<\/li>\n<\/ul>\n<p>La titulaci\u00f3n que se obtiene al superar un Ciclo formativo de Grado Superior es la de T\u00e9cnico Superior en la profesi\u00f3n correspondiente, acreditaci\u00f3n homologable en el mercado europeo de trabajo.<\/p>\n<p><a href=\"https:\/\/site.educa.madrid.org\/ies.lapoveda.arganda\/\/wp-content\/uploads\/ies.lapoveda.arganda\/2019\/06\/trptico_fp_preguntas_frecuentes.pdf\">TR\u00cdPTICO PREGUNTAS FRECUENTES SOBRE F.P.<\/a><\/p>\n<h5>Salidas<\/h5>\n<ul>\n<li><em><strong>Trabajo:<\/strong><\/em><\/li>\n<\/ul>\n<p>Los T\u00e9cnicos Superiores pueden incorporarse a cualquier empresa de \u00e1mbito p\u00fablico o privado que realice su actividad en el sector productivo al que pertenezca su Familia Profesional, bien de forma aut\u00f3noma, como gestor de una peque\u00f1a empresa o taller, bien por cuenta ajena<\/p>\n<ul>\n<li><em><strong>Acceso a estudios universitarios:<\/strong><\/em><\/li>\n<\/ul>\n<p>Los titulados en Formaci\u00f3n Profesional espec\u00edfica de grado superior (T\u00e9cnico Superior) tienen acceso directo a todos los estudios universitarios de grado y acceso preferente a las Ramas de Conocimiento que establece el R.D. 1892\/2008, de 14 de diciembre, por el que se regulan las condiciones de acceso a las ense\u00f1anzas universitarias (BOE 14-11-08).<\/p>\n<h5>Requisitos de acceso<\/h5>\n<p>Para cursar un Ciclo Formativo de Grado Superior <strong>se necesita<\/strong>:<\/p>\n<ul>\n<li>Estar en posesi\u00f3n del t\u00edtulo de Bachiller.<\/li>\n<li>Estar en posesi\u00f3n de un t\u00edtulo de T\u00e9cnico Superior o T\u00e9cnico Especialista.<\/li>\n<li>Haber superado el Curso de Orientaci\u00f3n Universitaria (COU).<\/li>\n<li>Haber superado la prueba de acceso a ciclos formativos de grado superior (se requerir\u00e1 tener, al menos, diecinueve a\u00f1os cumplidos en el a\u00f1o de realizaci\u00f3n de la prueba, o dieciocho a\u00f1os si se tiene un t\u00edtulo de grado medio).<\/li>\n<\/ul>\n<p><a href=\"http:\/\/www.madrid.org\/fp\/\" target=\"_blank\" rel=\"noopener noreferrer\"><img loading=\"lazy\" decoding=\"async\" class=\"alignright wp-image-697\" src=\"https:\/\/site.educa.madrid.org\/ies.lapoveda.arganda\/\/wp-content\/uploads\/ies.lapoveda.arganda\/2015\/03\/LOGO-GRADO-SUPERIOR.jpg\" alt=\"LOGO GRADO SUPERIOR\" width=\"404\" height=\"200\" srcset=\"https:\/\/site.educa.madrid.org\/ies.lapoveda.arganda\/\/wp-content\/uploads\/ies.lapoveda.arganda\/2015\/03\/LOGO-GRADO-SUPERIOR.jpg 600w, https:\/\/site.educa.madrid.org\/ies.lapoveda.arganda\/\/wp-content\/uploads\/ies.lapoveda.arganda\/2015\/03\/LOGO-GRADO-SUPERIOR-300x149.jpg 300w\" sizes=\"auto, (max-width: 404px) 100vw, 404px\" \/><\/a><\/p>\n<h4>Nosotros Impartimos:<\/h4>\n<ul>\n<li><a href=\"https:\/\/site.educa.madrid.org\/ies.lapoveda.arganda\/index.php\/tecnico-superior-en-acondicionamiento-fisico\/\" target=\"_blank\" rel=\"noopener\">T\u00e9cnico Superior Acondicionamiento F\u00edsico.<\/a><\/li>\n<li><a href=\"https:\/\/site.educa.madrid.org\/ies.lapoveda.arganda\/index.php\/oferta-educativa\/formacion-profesional-2-2\/cf-de-grado-superior\/tecnico-superior-en-administracion-y-finanzas\/\" target=\"_blank\" rel=\"noopener noreferrer\">T\u00e9cnico Superior en Administraci\u00f3n y Finanzas (DUAL).<\/a><\/li>\n<li><a href=\"https:\/\/site.educa.madrid.org\/ies.lapoveda.arganda\/index.php\/tecnico-superior-en-administracion-y-finanzas\/\" target=\"_blank\" rel=\"noopener\">T\u00e9cnico Superior en Administraci\u00f3n y Finanzas (presencial turno vespertino)<\/a><\/li>\n<li><a href=\"https:\/\/site.educa.madrid.org\/ies.lapoveda.arganda\/index.php\/tecnico-superior-en-automocion\/\">T\u00e9cnico Superior en Automoci\u00f3n (turno vespertino).<\/a><\/li>\n<li><a href=\"https:\/\/site.educa.madrid.org\/ies.lapoveda.arganda\/index.php\/tecnico-superior-en-dietetica\/\">T\u00e9cnico Superior en Diet\u00e9tica (turno vespertino)<\/a><\/li>\n<\/ul>\n<\/div>\n\n\n<p><\/p>\n","protected":false},"excerpt":{"rendered":"<p>CICLOS FORMATIVOS DE GRADO SUPERIOR Los Ciclos Formativos de Grado Superior suponen un mayor nivel de especializaci\u00f3n profesional y se integran en la Educaci\u00f3n Superior. Caracter\u00edsticas Las principales caracter\u00edsticas de los Ciclos Formativos de Grado Superior son: Organizaci\u00f3n en m\u00f3dulos, constituidos por \u00e1reas de conocimientos te\u00f3rico-pr\u00e1cticos en funci\u00f3n del perfil profesional cursado. Duraci\u00f3n de 2.000 [&hellip;]<\/p>\n","protected":false},"author":3,"featured_media":0,"parent":117,"menu_order":0,"comment_status":"closed","ping_status":"closed","template":"","meta":{"footnotes":""},"folder":[],"class_list":["post-126","page","type-page","status-publish","hentry"],"rttpg_featured_image_url":null,"rttpg_author":{"display_name":"ies.lapoveda.arganda","author_link":"https:\/\/site.educa.madrid.org\/ies.lapoveda.arganda\/index.php\/author\/cuenta_ies-lapoveda-arganda\/"},"rttpg_comment":0,"rttpg_category":false,"rttpg_excerpt":"CICLOS FORMATIVOS DE GRADO SUPERIOR Los Ciclos Formativos de Grado Superior suponen un mayor nivel de especializaci\u00f3n profesional y se integran en la Educaci\u00f3n Superior. Caracter\u00edsticas Las principales caracter\u00edsticas de los Ciclos Formativos de Grado Superior son: Organizaci\u00f3n en m\u00f3dulos, constituidos por \u00e1reas de conocimientos te\u00f3rico-pr\u00e1cticos en funci\u00f3n del perfil profesional cursado. Duraci\u00f3n de 2.000&hellip;","post_mailing_queue_ids":[],"_links":{"self":[{"href":"https:\/\/site.educa.madrid.org\/ies.lapoveda.arganda\/index.php\/wp-json\/wp\/v2\/pages\/126","targetHints":{"allow":["GET"]}}],"collection":[{"href":"https:\/\/site.educa.madrid.org\/ies.lapoveda.arganda\/index.php\/wp-json\/wp\/v2\/pages"}],"about":[{"href":"https:\/\/site.educa.madrid.org\/ies.lapoveda.arganda\/index.php\/wp-json\/wp\/v2\/types\/page"}],"author":[{"embeddable":true,"href":"https:\/\/site.educa.madrid.org\/ies.lapoveda.arganda\/index.php\/wp-json\/wp\/v2\/users\/3"}],"replies":[{"embeddable":true,"href":"https:\/\/site.educa.madrid.org\/ies.lapoveda.arganda\/index.php\/wp-json\/wp\/v2\/comments?post=126"}],"version-history":[{"count":9,"href":"https:\/\/site.educa.madrid.org\/ies.lapoveda.arganda\/index.php\/wp-json\/wp\/v2\/pages\/126\/revisions"}],"predecessor-version":[{"id":5886,"href":"https:\/\/site.educa.madrid.org\/ies.lapoveda.arganda\/index.php\/wp-json\/wp\/v2\/pages\/126\/revisions\/5886"}],"up":[{"embeddable":true,"href":"https:\/\/site.educa.madrid.org\/ies.lapoveda.arganda\/index.php\/wp-json\/wp\/v2\/pages\/117"}],"wp:attachment":[{"href":"https:\/\/site.educa.madrid.org\/ies.lapoveda.arganda\/index.php\/wp-json\/wp\/v2\/media?parent=126"}],"wp:term":[{"taxonomy":"folder","embeddable":true,"href":"https:\/\/site.educa.madrid.org\/ies.lapoveda.arganda\/index.php\/wp-json\/wp\/v2\/folder?post=126"}],"curies":[{"name":"wp","href":"https:\/\/api.w.org\/{rel}","templated":true}]}}