{"id":272,"date":"2015-03-15T02:14:59","date_gmt":"2015-03-15T02:14:59","guid":{"rendered":"http:\/\/ieslapoveda.es\/?page_id=272"},"modified":"2024-07-15T09:54:31","modified_gmt":"2024-07-15T07:54:31","slug":"tecnico-superior-en-administracion-y-finanzas","status":"publish","type":"page","link":"https:\/\/site.educa.madrid.org\/ies.lapoveda.arganda\/index.php\/oferta-educativa\/formacion-profesional-2-2\/cf-de-grado-superior\/tecnico-superior-en-administracion-y-finanzas\/","title":{"rendered":"T\u00c9CNICO SUPERIOR EN ADMINISTRACI\u00d3N Y FINANZAS (DUAL R\u00c9GIMEN INTENSIVO)"},"content":{"rendered":"\n<p>Este ciclo se imparte en horario de ma\u00f1ana.<\/p>\n\n\n\n<div data-wp-interactive=\"core\/file\" class=\"wp-block-file\"><object data-wp-bind--hidden=\"!state.hasPdfPreview\" hidden class=\"wp-block-file__embed\" data=\"https:\/\/site.educa.madrid.org\/ies.lapoveda.arganda\/\/wp-content\/uploads\/ies.lapoveda.arganda\/2024\/07\/SUPERIOR-ADGS02-Adminsitracion-y-finanzas-DUAL-INTENSIVO-1.pdf\" type=\"application\/pdf\" style=\"width:100%;height:600px\" aria-label=\"Incrustado de SUPERIOR-ADGS02-Adminsitracion-y-finanzas-DUAL-INTENSIVO-1.\"><\/object><a id=\"wp-block-file--media-b6f3cb46-b97e-4903-85c3-35f8b6a47aaf\" href=\"https:\/\/site.educa.madrid.org\/ies.lapoveda.arganda\/\/wp-content\/uploads\/ies.lapoveda.arganda\/2024\/07\/SUPERIOR-ADGS02-Adminsitracion-y-finanzas-DUAL-INTENSIVO-1.pdf\">SUPERIOR-ADGS02-Adminsitracion-y-finanzas-DUAL-INTENSIVO-1<\/a><a href=\"https:\/\/site.educa.madrid.org\/ies.lapoveda.arganda\/\/wp-content\/uploads\/ies.lapoveda.arganda\/2024\/07\/SUPERIOR-ADGS02-Adminsitracion-y-finanzas-DUAL-INTENSIVO-1.pdf\" class=\"wp-block-file__button wp-element-button\" download aria-describedby=\"wp-block-file--media-b6f3cb46-b97e-4903-85c3-35f8b6a47aaf\">Descarga<\/a><\/div>\n\n\n\n<h4 class=\"wp-block-heading\">Empresas colaboradoras<\/h4>\n\n\n\n<figure class=\"wp-block-table is-style-regular\"><table><tbody><tr><td>GLOBAL TOOLING SOLUTIONS S.L.<\/td><\/tr><tr><td>REPSOL SA<\/td><\/tr><tr><td>GESTI\u00d3N INTEGRAL DE SERVICIOS ASISTENCIALES SA<\/td><\/tr><tr><td>HUTCHINSON INDUSTRIAS DEL CAUCHO SA<\/td><\/tr><tr><td>GRUPO OM COMUNICACI\u00d3N VISUAL &nbsp;SLU<\/td><\/tr><tr><td>LUISA FERNANDEZ ABOGADOS SL<\/td><\/tr><tr><td>IMABE IB\u00c9RICA SA<\/td><\/tr><tr><td>HISPAMAST SL<\/td><\/tr><tr><td>ACCENTURE OUTSOURCING SERVICES SA<\/td><\/tr><tr><td>CASTELLANA GANADEROS S. COOP.<\/td><\/tr><tr><td>MEDIASET ESPA\u00d1A COMUNICACI\u00d3N SA<\/td><\/tr><tr><td>UNIGES S.L.<\/td><\/tr><tr><td>INDUSTRIAS QUIMICAS SATECMA S.A.<\/td><\/tr><tr><td>RC ELEVEN SL 2002<\/td><\/tr><tr><td>CENTRO DE EDUCACI\u00d3N DEPORTIVA JUMP UP SL<\/td><\/tr><tr><td>TROQUELES TROVICAN SL<\/td><\/tr><tr><td>RENOVAGY ENERGIA, CONTROL Y SISTEMAS SL<\/td><\/tr><tr><td>LORD SANDWICHES SL<\/td><\/tr><tr><td>PERFUMES Y AROMAS ARTESANALES SL<\/td><\/tr><tr><td>AESA MANUTENCI\u00d3N SL<\/td><\/tr><tr><td>MAN TRUCK &amp; BUS IBERIA S.A.U.<\/td><\/tr><tr><td>DISTRIBUCIONES CONRADO MAYORAL S.A.<\/td><\/tr><tr><td>FINANTAXI FORMACION SL<\/td><\/tr><tr><td>BUGAR HORECA SL<\/td><\/tr><tr><td>GUIJAR MOTOR SAL<\/td><\/tr><tr><td>HUGO GUIDOTTI RUSSO<\/td><\/tr><tr><td>DEDICARNE SL<\/td><\/tr><tr><td>STRATESYS TECNOLOGY SOLUTIONS SL<\/td><\/tr><tr><td>ENASUI S.L.<\/td><\/tr><tr><td>MADOM MANAGEMENT S.L.<\/td><\/tr><tr><td>INILAB S.L.<\/td><\/tr><tr><td>TETRA PAK HISPANIA S.A.<\/td><\/tr><tr><td>EL CORTE INGL\u00c9S S.A.<\/td><\/tr><tr><td>INGENIER\u00cdA Y T\u00c9CNICAS CL\u00cdNICAS S.A.<\/td><\/tr><tr><td>TRIPLE Q S.L.<\/td><\/tr><tr><td>VANESA CANTARERO AVILA<\/td><\/tr><tr><td>SERVICEDOOR PUERTAS Y AUTOMATISMOS S.L.<\/td><\/tr><tr><td>GLOBAL EXPERIENCE SOLUTIONS S.L.<\/td><\/tr><tr><td>OLIPES S.L.<\/td><\/tr><tr><td>OESIA NETWORKS S.L.<\/td><\/tr><tr><td>ASESORAMIENTO DE IDEAS Y NEGOCIOS, S.L.U.<\/td><\/tr><tr><td>ELECTRODOM\u00c9STICOS LYNCO S.A<\/td><\/tr><tr><td>AUTO REPARACIONES POLAINA S.L.<\/td><\/tr><tr><td>EXTERNACIONALIZACI\u00d3N DE PROCESOS Y SERVICIOS S.L.<\/td><\/tr><tr><td>AFIANZA ASESORES, S.L.<\/td><\/tr><tr><td>MUEBLES MARIETA S.L.<\/td><\/tr><tr><td>GESCOAR SERVICIOS EMPRESARIALES, S.L.<\/td><\/tr><tr><td>SAMHER ASESORES S.L<\/td><\/tr><\/tbody><\/table><\/figure>\n","protected":false},"excerpt":{"rendered":"<p>Este ciclo se imparte en horario de ma\u00f1ana. Empresas colaboradoras GLOBAL TOOLING SOLUTIONS S.L. REPSOL SA GESTI\u00d3N INTEGRAL DE SERVICIOS ASISTENCIALES SA HUTCHINSON INDUSTRIAS DEL CAUCHO SA GRUPO OM COMUNICACI\u00d3N VISUAL &nbsp;SLU LUISA FERNANDEZ ABOGADOS SL IMABE IB\u00c9RICA SA HISPAMAST SL ACCENTURE OUTSOURCING SERVICES SA CASTELLANA GANADEROS S. COOP. MEDIASET ESPA\u00d1A COMUNICACI\u00d3N SA UNIGES S.L. [&hellip;]<\/p>\n","protected":false},"author":3,"featured_media":0,"parent":126,"menu_order":0,"comment_status":"closed","ping_status":"open","template":"","meta":{"footnotes":""},"folder":[],"class_list":["post-272","page","type-page","status-publish","hentry"],"rttpg_featured_image_url":null,"rttpg_author":{"display_name":"ies.lapoveda.arganda","author_link":"https:\/\/site.educa.madrid.org\/ies.lapoveda.arganda\/index.php\/author\/cuenta_ies-lapoveda-arganda\/"},"rttpg_comment":0,"rttpg_category":false,"rttpg_excerpt":"Este ciclo se imparte en horario de ma\u00f1ana. Empresas colaboradoras GLOBAL TOOLING SOLUTIONS S.L. REPSOL SA GESTI\u00d3N INTEGRAL DE SERVICIOS ASISTENCIALES SA HUTCHINSON INDUSTRIAS DEL CAUCHO SA GRUPO OM COMUNICACI\u00d3N VISUAL &nbsp;SLU LUISA FERNANDEZ ABOGADOS SL IMABE IB\u00c9RICA SA HISPAMAST SL ACCENTURE OUTSOURCING SERVICES SA CASTELLANA GANADEROS S. COOP. MEDIASET ESPA\u00d1A COMUNICACI\u00d3N SA UNIGES S.L.&hellip;","post_mailing_queue_ids":[],"_links":{"self":[{"href":"https:\/\/site.educa.madrid.org\/ies.lapoveda.arganda\/index.php\/wp-json\/wp\/v2\/pages\/272","targetHints":{"allow":["GET"]}}],"collection":[{"href":"https:\/\/site.educa.madrid.org\/ies.lapoveda.arganda\/index.php\/wp-json\/wp\/v2\/pages"}],"about":[{"href":"https:\/\/site.educa.madrid.org\/ies.lapoveda.arganda\/index.php\/wp-json\/wp\/v2\/types\/page"}],"author":[{"embeddable":true,"href":"https:\/\/site.educa.madrid.org\/ies.lapoveda.arganda\/index.php\/wp-json\/wp\/v2\/users\/3"}],"replies":[{"embeddable":true,"href":"https:\/\/site.educa.madrid.org\/ies.lapoveda.arganda\/index.php\/wp-json\/wp\/v2\/comments?post=272"}],"version-history":[{"count":20,"href":"https:\/\/site.educa.madrid.org\/ies.lapoveda.arganda\/index.php\/wp-json\/wp\/v2\/pages\/272\/revisions"}],"predecessor-version":[{"id":7136,"href":"https:\/\/site.educa.madrid.org\/ies.lapoveda.arganda\/index.php\/wp-json\/wp\/v2\/pages\/272\/revisions\/7136"}],"up":[{"embeddable":true,"href":"https:\/\/site.educa.madrid.org\/ies.lapoveda.arganda\/index.php\/wp-json\/wp\/v2\/pages\/126"}],"wp:attachment":[{"href":"https:\/\/site.educa.madrid.org\/ies.lapoveda.arganda\/index.php\/wp-json\/wp\/v2\/media?parent=272"}],"wp:term":[{"taxonomy":"folder","embeddable":true,"href":"https:\/\/site.educa.madrid.org\/ies.lapoveda.arganda\/index.php\/wp-json\/wp\/v2\/folder?post=272"}],"curies":[{"name":"wp","href":"https:\/\/api.w.org\/{rel}","templated":true}]}}