{"id":3480,"date":"2020-11-25T19:41:40","date_gmt":"2020-11-25T19:41:40","guid":{"rendered":"https:\/\/site.educa.madrid.org\/ies.lapoveda.arganda\/?page_id=3480"},"modified":"2021-01-04T17:09:42","modified_gmt":"2021-01-04T17:09:42","slug":"bolsa-de-trabajo","status":"publish","type":"page","link":"https:\/\/site.educa.madrid.org\/ies.lapoveda.arganda\/index.php\/bolsa-de-trabajo\/","title":{"rendered":"BOLSA DE TRABAJO"},"content":{"rendered":"\n<p><strong>La bolsa de empleo del IES La Poveda es un servicio que el Centro pone a disposici\u00f3n de aquellos alumnos que han conseguido un t\u00edtulo de Formaci\u00f3n Profesional de Grado Medio o Superior en el Centro, siempre que no hayan transcurrido m\u00e1s de tres cursos acad\u00e9micos desde que finalizaron sus estudios.<\/strong><\/p>\n\n\n\n<p>El&nbsp;<strong>objetivo<\/strong>&nbsp;principal de la bolsa de trabajo del I.E.S. La Poveda, es el de facilitar a sus alumnos las mejores oportunidades de trabajo, a trav\u00e9s de las siguientes actuaciones:<\/p>\n\n\n\n<ul class=\"wp-block-list\"><li>Orientaci\u00f3n profesional.<\/li><li>Seguimiento del inicio de la vida laboral durante los 3 primeros a\u00f1os una vez concluido el Ciclo Formativo.<\/li><li>Puesta a disposici\u00f3n de las empresas que lo necesiten, candidatos de perfiles t\u00e9cnicos cualificados en cada una de las familias profesionales que se imparten en el IES.<\/li><\/ul>\n\n\n\n<p>Su finalidad es hacer llegar a aquellos titulados del IES La Poveda que lo necesiten, aquellas ofertas de empleo que lleguen al centro, procedentes de empresas de los sectores de:<\/p>\n\n\n\n<p><strong>Administraci\u00f3n y Gesti\u00f3n<\/strong><\/p>\n\n\n\n<ul class=\"wp-block-list\"><li><a href=\"https:\/\/site.educa.madrid.org\/ies.lapoveda.arganda\/index.php\/oferta-educativa\/formacion-profesional-2-2\/cf-de-grado-superior\/tecnico-superior-en-administracion-y-finanzas\/\" target=\"_blank\" rel=\"noreferrer noopener\">T\u00e9cnico Superior en Administraci\u00f3n y Finanzas<\/a><\/li><li><a href=\"https:\/\/site.educa.madrid.org\/ies.lapoveda.arganda\/index.php\/oferta-educativa\/formacion-profesional-2-2\/cf-de-grado-medio\/tecnico-en-gestion-administrativa\/\" target=\"_blank\" rel=\"noreferrer noopener\">T\u00e9cnico en Gesti\u00f3n Administrativa<\/a><\/li><\/ul>\n\n\n\n<p><strong>Electricidad-Electr\u00f3nica<\/strong><\/p>\n\n\n\n<ul class=\"wp-block-list\"><li><a href=\"https:\/\/site.educa.madrid.org\/ies.lapoveda.arganda\/index.php\/oferta-educativa\/formacion-profesional-2-2\/cf-de-grado-medio\/tecnico-en-instalaciones-electricas-y-automaticas\/\" target=\"_blank\" rel=\"noreferrer noopener\">T\u00e9cnico en Instalaciones El\u00e9ctricas y Autom\u00e1ticas<\/a><\/li><\/ul>\n\n\n\n<p><strong>Mantenimiento de Veh\u00edculos<\/strong><\/p>\n\n\n\n<ul class=\"wp-block-list\"><li><a href=\"https:\/\/site.educa.madrid.org\/ies.lapoveda.arganda\/index.php\/tecnico-superior-en-automocion\/\">T\u00e9cnico Superior en Automoci\u00f3n<\/a><\/li><li><a href=\"https:\/\/site.educa.madrid.org\/ies.lapoveda.arganda\/index.php\/oferta-educativa\/formacion-profesional-2-2\/cf-de-grado-medio\/tecnico-en-electromecanica-de-vehiculos-automoviles\/\" target=\"_blank\" rel=\"noreferrer noopener\">T\u00e9cnico en Electromec\u00e1nica de Veh\u00edculos Autom\u00f3viles<\/a><\/li><\/ul>\n\n\n\n<p><strong>Sanidad<\/strong><\/p>\n\n\n\n<ul class=\"wp-block-list\"><li><a href=\"https:\/\/site.educa.madrid.org\/ies.lapoveda.arganda\/index.php\/tecnico-en-emergencias-sanitarias\/\">T\u00e9cnico en Emergencias Sanitarias<\/a><\/li><li><a href=\"https:\/\/site.educa.madrid.org\/ies.lapoveda.arganda\/index.php\/oferta-educativa\/formacion-profesional-2-2\/cf-de-grado-medio\/tecnico-en-farmacia-y-parafarmacia\/\" target=\"_blank\" rel=\"noreferrer noopener\">T\u00e9cnico en Farmacia y Parafarmacia<\/a><\/li><\/ul>\n\n\n\n<p>Las empresas que deseen solicitar los perfiles profesionales de los alumnos titulados que forman parte de la bolsa de trabajo, deber\u00e1n remitir un correo electr\u00f3nico a la direcci\u00f3n <strong>fp.ies.lapoveda.arganda@educa.madrid.org<\/strong> con el perfil requerido para el puesto, las condiciones de trabajo, as\u00ed como una persona y medio de contacto.<\/p>\n\n\n\n<p>Posteriormente, el Departamento de bolsa de trabajo del IES La Poveda enviar\u00e1 un fichero adjunto que contendr\u00e1 los curricula vitae de los candidatos que se ajusten al perfil solicitado. Ser\u00e1 la empresa solicitante la que en funci\u00f3n de sus criterios de selecci\u00f3n, se pondr\u00e1 en contacto con los candidatos.<\/p>\n","protected":false},"excerpt":{"rendered":"<p>La bolsa de empleo del IES La Poveda es un servicio que el Centro pone a disposici\u00f3n de aquellos alumnos que han conseguido un t\u00edtulo de Formaci\u00f3n Profesional de Grado Medio o Superior en el Centro, siempre que no hayan transcurrido m\u00e1s de tres cursos acad\u00e9micos desde que finalizaron sus estudios. El&nbsp;objetivo&nbsp;principal de la bolsa [&hellip;]<\/p>\n","protected":false},"author":3,"featured_media":0,"parent":0,"menu_order":0,"comment_status":"closed","ping_status":"closed","template":"","meta":{"footnotes":""},"folder":[],"class_list":["post-3480","page","type-page","status-publish","hentry"],"rttpg_featured_image_url":null,"rttpg_author":{"display_name":"ies.lapoveda.arganda","author_link":"https:\/\/site.educa.madrid.org\/ies.lapoveda.arganda\/index.php\/author\/cuenta_ies-lapoveda-arganda\/"},"rttpg_comment":0,"rttpg_category":false,"rttpg_excerpt":"La bolsa de empleo del IES La Poveda es un servicio que el Centro pone a disposici\u00f3n de aquellos alumnos que han conseguido un t\u00edtulo de Formaci\u00f3n Profesional de Grado Medio o Superior en el Centro, siempre que no hayan transcurrido m\u00e1s de tres cursos acad\u00e9micos desde que finalizaron sus estudios. El&nbsp;objetivo&nbsp;principal de la bolsa&hellip;","post_mailing_queue_ids":[],"_links":{"self":[{"href":"https:\/\/site.educa.madrid.org\/ies.lapoveda.arganda\/index.php\/wp-json\/wp\/v2\/pages\/3480","targetHints":{"allow":["GET"]}}],"collection":[{"href":"https:\/\/site.educa.madrid.org\/ies.lapoveda.arganda\/index.php\/wp-json\/wp\/v2\/pages"}],"about":[{"href":"https:\/\/site.educa.madrid.org\/ies.lapoveda.arganda\/index.php\/wp-json\/wp\/v2\/types\/page"}],"author":[{"embeddable":true,"href":"https:\/\/site.educa.madrid.org\/ies.lapoveda.arganda\/index.php\/wp-json\/wp\/v2\/users\/3"}],"replies":[{"embeddable":true,"href":"https:\/\/site.educa.madrid.org\/ies.lapoveda.arganda\/index.php\/wp-json\/wp\/v2\/comments?post=3480"}],"version-history":[{"count":6,"href":"https:\/\/site.educa.madrid.org\/ies.lapoveda.arganda\/index.php\/wp-json\/wp\/v2\/pages\/3480\/revisions"}],"predecessor-version":[{"id":3694,"href":"https:\/\/site.educa.madrid.org\/ies.lapoveda.arganda\/index.php\/wp-json\/wp\/v2\/pages\/3480\/revisions\/3694"}],"wp:attachment":[{"href":"https:\/\/site.educa.madrid.org\/ies.lapoveda.arganda\/index.php\/wp-json\/wp\/v2\/media?parent=3480"}],"wp:term":[{"taxonomy":"folder","embeddable":true,"href":"https:\/\/site.educa.madrid.org\/ies.lapoveda.arganda\/index.php\/wp-json\/wp\/v2\/folder?post=3480"}],"curies":[{"name":"wp","href":"https:\/\/api.w.org\/{rel}","templated":true}]}}