{"id":43,"date":"2015-03-04T00:36:09","date_gmt":"2015-03-04T00:36:09","guid":{"rendered":"http:\/\/ieslapoveda.es\/?page_id=43"},"modified":"2021-02-08T12:00:57","modified_gmt":"2021-02-08T12:00:57","slug":"empresas-colaboradoras","status":"publish","type":"page","link":"https:\/\/site.educa.madrid.org\/ies.lapoveda.arganda\/index.php\/empresas\/empresas-colaboradoras\/","title":{"rendered":"EMPRESAS COLABORADORAS"},"content":{"rendered":"\n<div class=\"paginaP\">\n<p>M\u00e1s de 300 empresas y entidades p\u00fablicas tienen firmado Convenio de Colaboraci\u00f3n con el IES La Poveda, todas ellas con centros de trabajo en la Comunidad de Madrid, principalmente en las localidades de nuestro entorno: Arganda del Rey, Campo Real, Rivas-Vaciamadrid, Villarejo de Salvan\u00e9s, Valdilecha, Morata de Taju\u00f1a, y Madrid.<\/p>\n<h5>Empresas en las que han realizado el m\u00f3dulo de FCT los alumnos del IES La Poveda<\/h5>\n<ul>\n<li>101 RPM TED SL<\/li>\n<li>ADVANCED COMPUTER TRADING SL<\/li>\n<li>AGRO-GIL<\/li>\n<li>ALUMA 3 SL<\/li>\n<li>ANGAFER MAYORISTA SL<\/li>\n<li>\u00c1NGEL GUTIERREZ ASENJO<\/li>\n<li>ANGEL LUIS ABAD MART\u00cdN<\/li>\n<li>ARGAMOVIL TALLER SL<\/li>\n<li>ASEARCO<\/li>\n<li>AUTOCARAVANCAR SL<\/li>\n<li>AUTORIENTE SL<\/li>\n<li>AYUNTAMIENTO DE ARGANDA DEL REY<\/li>\n<li>AYUNTAMIENTO DE CAMPO REAL<\/li>\n<li>AYTO DE RIVAS VACIAMADRID<\/li>\n<li>AYUNTAMIENTO DE MORATA<\/li>\n<li>AYUNTAMIENTO DE VALDILECHA<\/li>\n<li>CASTELLANA GANADEROS<\/li>\n<li>CIDAL PROJECT MANAGEMENT SL<\/li>\n<li>COCENTRO S.A.<\/li>\n<li>CODAN S.A.<\/li>\n<li>CUINSEL SL<\/li>\n<li>E NI\u00d1O S.A.<\/li>\n<li>ELECTRICIDAD LA CRUZ C.B.<\/li>\n<li>ELECTRICIDAD M.G.H.<\/li>\n<li>ELECTRODOMESTICOS LYNCO SA<\/li>\n<li>EMPRESA MUNICIPAL DE TRANSPORTES<\/li>\n<li>ETAF SL<\/li>\n<li>FERNANDO VALHERMOSO REDONDO<\/li>\n<li>FERRETERIA INDUSTRIAL HIDRAFERR SL<\/li>\n<li>FEU VERT IBERICA S.A.<\/li>\n<li>FINANZAUTO S.A.<\/li>\n<li>FONDOMOVIL INDUSTRIAL SL<\/li>\n<li>GECEX ASESORES Y CONSULTORES SL<\/li>\n<li>GESCOAR SERVICIOS EMPRESARIALES SL<\/li>\n<li>GRUPO 3 ASESORES EMPRESARIALES SL<\/li>\n<li>IBEREXT S.A.<\/li>\n<li>IMABE IBERICA S.A.<\/li>\n<li>INDUSTRIAL VIDRIERA COVICEN SL<\/li>\n<li>INDUSTRIAS TALLERES RUIZ ELECTRONICA S.A.<\/li>\n<li>INGESAN S.A.U.<\/li>\n<li>INSTALACIONES EL\u00c9CTRICAS JUAN MIGUEL SL<\/li>\n<li>INSTALACIONES ELECTRICAS RUMAR S.L.<\/li>\n<li>J.A. MANSO S.A.<\/li>\n<li>JOTA ROCAL S.A.<\/li>\n<li>LETICIA LAGUNA PANIAGUA<\/li>\n<li>MANUEL FIGUERO LOPEZ<\/li>\n<li>METAL MECHANICAL ENVIRONMENT SL<\/li>\n<li>MONTAJES ELECTRICOS GUITER SL<\/li>\n<li>NAG\u00d3N REPARACI\u00d3N INTEGRAL DEL AUTOMOVIL SL<\/li>\n<li>NEUMATICOS ARCIS<\/li>\n<li>NOROTO SAU<\/li>\n<li>ORTIZ CONSTRUCCIONES Y PROYECTOS SA<\/li>\n<li>PICOLA DECORACI\u00d3N<\/li>\n<li>PORTILLO TELECOMUNICACIONES SL<\/li>\n<li>RAMA SERVICIO T\u00c9CNICO DEL AUTOM<\/li>\n<li>RC ELEVEN SL<\/li>\n<li>SALMEC AUTOMATION SL<\/li>\n<li>SEAL CAR 2006, SL<\/li>\n<li>SEGUNDO D\u00cdAZ INSTALACIONES ELECTRICAS<\/li>\n<li>SERVICIOS PEREZ ARGANDA SL<\/li>\n<li>SOLDADURA FRANCISCO REJO SL<\/li>\n<li>STYLEWALL, S.L.<\/li>\n<li>TAKLLERES ZARAGOZA MAR\u00cdN SL<\/li>\n<li>TALLERES ASYAUTO SL<\/li>\n<li>TALLERES AYAUTO SL<\/li>\n<li>TALLERES JOCAR CB<\/li>\n<li>TALLERES SANZ ESTEBAN, S.A.<\/li>\n<li>TALLERES SARDINERO Y SALVANEZ SL<\/li>\n<li>TALLERES VIA CARS SL<\/li>\n<li>TAPICERIAS ITAMA SL<\/li>\n<li>TRAMEN 95 SL<\/li>\n<li>TRASLUMINARIA S.A.<\/li>\n<li>TRITURADOS C\u00c1LCICOS S.A.<\/li>\n<li>VOLKSWAGEN MADRID S.A.<\/li>\n<\/ul>\n<h5>Empresas colaboradoras con el Proyecto de Formaci\u00f3n Profesional Dual<\/h5>\n<table width=\"100%\">\n<tbody>\n<tr>\n<td width=\"314\">GLOBAL TOOLING SOLUTIONS S.L.<\/td>\n<\/tr>\n<tr>\n<td width=\"314\">REPSOL SA<\/td>\n<\/tr>\n<tr>\n<td width=\"314\">GESTI\u00d3N INTEGRAL DE SERVICIOS ASISTENCIALES SA<\/td>\n<\/tr>\n<tr>\n<td width=\"314\">HUTCHINSON INDUSTRIAS DEL CAUCHO SA<\/td>\n<\/tr>\n<tr>\n<td width=\"314\">GRUPO OM COMUNICACI\u00d3N VISUAL &nbsp;SLU<\/td>\n<\/tr>\n<tr>\n<td width=\"314\">LUISA FERNANDEZ ABOGADOS SL<\/td>\n<\/tr>\n<tr>\n<td width=\"314\">IMABE IB\u00c9RICA SA<\/td>\n<\/tr>\n<tr>\n<td width=\"314\">HISPAMAST SL<\/td>\n<\/tr>\n<tr>\n<td width=\"314\">ACCENTURE OUTSOURCING SERVICES SA<\/td>\n<\/tr>\n<tr>\n<td width=\"314\">CASTELLANA GANADEROS S. COOP.<\/td>\n<\/tr>\n<tr>\n<td width=\"314\">MEDIASET ESPA\u00d1A COMUNICACI\u00d3N SA<\/td>\n<\/tr>\n<tr>\n<td width=\"314\">UNIGES S.L.<\/td>\n<\/tr>\n<tr>\n<td width=\"314\">INDUSTRIAS QUIMICAS SATECMA S.A.<\/td>\n<\/tr>\n<tr>\n<td width=\"314\">RC ELEVEN SL 2002<\/td>\n<\/tr>\n<tr>\n<td width=\"314\">CENTRO DE EDUCACI\u00d3N DEPORTIVA JUMP UP SL<\/td>\n<\/tr>\n<tr>\n<td width=\"314\">TROQUELES TROVICAN SL<\/td>\n<\/tr>\n<tr>\n<td width=\"314\">RENOVAGY ENERGIA, CONTROL Y SISTEMAS SL<\/td>\n<\/tr>\n<tr>\n<td width=\"314\">LORD SANDWICHES SL<\/td>\n<\/tr>\n<tr>\n<td width=\"314\">PERFUMES Y AROMAS ARTESANALES SL<\/td>\n<\/tr>\n<tr>\n<td width=\"314\">AESA MANUTENCI\u00d3N SL<\/td>\n<\/tr>\n<tr>\n<td width=\"314\">MAN TRUCK &amp; BUS IBERIA S.A.U.<\/td>\n<\/tr>\n<tr>\n<td width=\"314\">DISTRIBUCIONES CONRADO MAYORAL S.A.<\/td>\n<\/tr>\n<tr>\n<td width=\"314\">FINANTAXI FORMACION SL<\/td>\n<\/tr>\n<tr>\n<td width=\"314\">BUGAR HORECA SL<\/td>\n<\/tr>\n<tr>\n<td width=\"314\">GUIJAR MOTOR SAL<\/td>\n<\/tr>\n<tr>\n<td width=\"314\">HUGO GUIDOTTI RUSSO<\/td>\n<\/tr>\n<tr>\n<td width=\"314\">DEDICARNE SL<\/td>\n<\/tr>\n<tr>\n<td width=\"314\">STRATESYS TECNOLOGY SOLUTIONS SL<\/td>\n<\/tr>\n<tr>\n<td width=\"314\">ENASUI S.L.<\/td>\n<\/tr>\n<tr>\n<td width=\"314\">MADOM MANAGEMENT S.L.<\/td>\n<\/tr>\n<tr>\n<td width=\"314\">INILAB S.L.<\/td>\n<\/tr>\n<tr>\n<td width=\"314\">TETRA PAK HISPANIA S.A.<\/td>\n<\/tr>\n<tr>\n<td width=\"314\">EL CORTE INGL\u00c9S S.A.<\/td>\n<\/tr>\n<tr>\n<td width=\"314\">INGENIER\u00cdA Y T\u00c9CNICAS CL\u00cdNICAS S.A.<\/td>\n<\/tr>\n<tr>\n<td width=\"314\">TRIPLE Q S.L.<\/td>\n<\/tr>\n<tr>\n<td width=\"314\">VANESA CANTARERO AVILA<\/td>\n<\/tr>\n<tr>\n<td width=\"314\">SERVICEDOOR PUERTAS Y AUTOMATISMOS S.L.<\/td>\n<\/tr>\n<tr>\n<td width=\"314\">GLOBAL EXPERIENCE SOLUTIONS S.L.<\/td>\n<\/tr>\n<tr>\n<td width=\"314\">OLIPES S.L.<\/td>\n<\/tr>\n<tr>\n<td width=\"314\">OESIA NETWORKS S.L.<\/td>\n<\/tr>\n<tr>\n<td width=\"314\">ASESORAMIENTO DE IDEAS Y NEGOCIOS, S.L.U.<\/td>\n<\/tr>\n<tr>\n<td width=\"314\">ELECTRODOM\u00c9STICOS LYNCO S.A<\/td>\n<\/tr>\n<tr>\n<td width=\"314\">AUTO REPARACIONES POLAINA S.L.<\/td>\n<\/tr>\n<tr>\n<td width=\"314\">EXTERNACIONALIZACI\u00d3N DE PROCESOS Y SERVICIOS S.L.<\/td>\n<\/tr>\n<tr>\n<td width=\"314\">AFIANZA ASESORES, S.L.<\/td>\n<\/tr>\n<tr>\n<td width=\"314\">MUEBLES MARIETA S.L.<\/td>\n<\/tr>\n<tr>\n<td width=\"314\">GESCOAR SERVICIOS EMPRESARIALES, S.L.<\/td>\n<\/tr>\n<tr>\n<td width=\"314\">SAMHER ASESORES S.L.<\/td>\n<\/tr>\n<\/tbody>\n<\/table>\n<h5>Solicitud de colaboraci\u00f3n<\/h5>\n<p>Las entidades interesadas en participar en el programa de pr\u00e1cticas FCT, deben dirigir un correo electr\u00f3nico a la siguiente direcci\u00f3n, fp.ies.lapoveda.arganda@educa.madrid.org, cumplimentando la siguiente ficha de datos.<\/p>\n<p><strong>Anexo.&nbsp;<\/strong><a href=\"https:\/\/site.educa.madrid.org\/ies.lapoveda.arganda\/\/wp-content\/uploads\/ies.lapoveda.arganda\/2015\/03\/FICHA-DE-SOLICITUD-DE-COLABORACI\u2021N.pdf\"> Ficha de solicitud de colaboraci\u00f3n (Descargar pdf)<\/a><\/p>\n<\/div>\n","protected":false},"excerpt":{"rendered":"<p>M\u00e1s de 300 empresas y entidades p\u00fablicas tienen firmado Convenio de Colaboraci\u00f3n con el IES La Poveda, todas ellas con centros de trabajo en la Comunidad de Madrid, principalmente en las localidades de nuestro entorno: Arganda del Rey, Campo Real, Rivas-Vaciamadrid, Villarejo de Salvan\u00e9s, Valdilecha, Morata de Taju\u00f1a, y Madrid. Empresas en las que han [&hellip;]<\/p>\n","protected":false},"author":3,"featured_media":0,"parent":60,"menu_order":0,"comment_status":"closed","ping_status":"closed","template":"","meta":{"footnotes":""},"folder":[],"class_list":["post-43","page","type-page","status-publish","hentry"],"rttpg_featured_image_url":null,"rttpg_author":{"display_name":"ies.lapoveda.arganda","author_link":"https:\/\/site.educa.madrid.org\/ies.lapoveda.arganda\/index.php\/author\/cuenta_ies-lapoveda-arganda\/"},"rttpg_comment":0,"rttpg_category":false,"rttpg_excerpt":"M\u00e1s de 300 empresas y entidades p\u00fablicas tienen firmado Convenio de Colaboraci\u00f3n con el IES La Poveda, todas ellas con centros de trabajo en la Comunidad de Madrid, principalmente en las localidades de nuestro entorno: Arganda del Rey, Campo Real, Rivas-Vaciamadrid, Villarejo de Salvan\u00e9s, Valdilecha, Morata de Taju\u00f1a, y Madrid. Empresas en las que han&hellip;","post_mailing_queue_ids":[],"_links":{"self":[{"href":"https:\/\/site.educa.madrid.org\/ies.lapoveda.arganda\/index.php\/wp-json\/wp\/v2\/pages\/43","targetHints":{"allow":["GET"]}}],"collection":[{"href":"https:\/\/site.educa.madrid.org\/ies.lapoveda.arganda\/index.php\/wp-json\/wp\/v2\/pages"}],"about":[{"href":"https:\/\/site.educa.madrid.org\/ies.lapoveda.arganda\/index.php\/wp-json\/wp\/v2\/types\/page"}],"author":[{"embeddable":true,"href":"https:\/\/site.educa.madrid.org\/ies.lapoveda.arganda\/index.php\/wp-json\/wp\/v2\/users\/3"}],"replies":[{"embeddable":true,"href":"https:\/\/site.educa.madrid.org\/ies.lapoveda.arganda\/index.php\/wp-json\/wp\/v2\/comments?post=43"}],"version-history":[{"count":6,"href":"https:\/\/site.educa.madrid.org\/ies.lapoveda.arganda\/index.php\/wp-json\/wp\/v2\/pages\/43\/revisions"}],"predecessor-version":[{"id":3833,"href":"https:\/\/site.educa.madrid.org\/ies.lapoveda.arganda\/index.php\/wp-json\/wp\/v2\/pages\/43\/revisions\/3833"}],"up":[{"embeddable":true,"href":"https:\/\/site.educa.madrid.org\/ies.lapoveda.arganda\/index.php\/wp-json\/wp\/v2\/pages\/60"}],"wp:attachment":[{"href":"https:\/\/site.educa.madrid.org\/ies.lapoveda.arganda\/index.php\/wp-json\/wp\/v2\/media?parent=43"}],"wp:term":[{"taxonomy":"folder","embeddable":true,"href":"https:\/\/site.educa.madrid.org\/ies.lapoveda.arganda\/index.php\/wp-json\/wp\/v2\/folder?post=43"}],"curies":[{"name":"wp","href":"https:\/\/api.w.org\/{rel}","templated":true}]}}