{"id":6316,"date":"2023-10-31T07:50:58","date_gmt":"2023-10-31T06:50:58","guid":{"rendered":"https:\/\/site.educa.madrid.org\/ies.lapoveda.arganda\/?page_id=6316"},"modified":"2024-11-05T10:31:13","modified_gmt":"2024-11-05T09:31:13","slug":"politica-medioambiental","status":"publish","type":"page","link":"https:\/\/site.educa.madrid.org\/ies.lapoveda.arganda\/index.php\/politica-medioambiental\/","title":{"rendered":"POL\u00cdTICA MEDIOAMBIENTAL"},"content":{"rendered":"\n<div class=\"wp-block-columns is-layout-flex wp-container-core-columns-is-layout-9d6595d7 wp-block-columns-is-layout-flex\">\n<div class=\"wp-block-column is-layout-flow wp-block-column-is-layout-flow\">\n<p>EL IES La Poveda est\u00e1 alineado con los valores de la protecci\u00f3n del medioambiente y la sostenibilidad. Adem\u00e1s, impulsamos diversas iniciativas encaminadas a potenciar el ahorro energ\u00e9tico, el reciclaje, la medici\u00f3n del impacto de nuestra actividad en el entorno y el negocio responsable.<\/p>\n\n\n\n<hr class=\"wp-block-separator has-alpha-channel-opacity\"\/>\n\n\n\n<p>El objetivo de la pol\u00edtica ambiental es establecer nuestros compromisos ambientales para impulsar un mayor control de los impactos ambientales derivado de nuestras actividades siempre con el objetivo de construir un entorno m\u00e1s sostenible y conseguir mayor eficiencia y ahorro de las fuentes de energ\u00eda y recursos naturales.<\/p>\n<\/div>\n\n\n\n<div class=\"wp-block-column is-layout-flow wp-block-column-is-layout-flow\">\n<figure class=\"wp-block-image size-large\"><img loading=\"lazy\" decoding=\"async\" width=\"1024\" height=\"768\" src=\"https:\/\/site.educa.madrid.org\/ies.lapoveda.arganda\/\/wp-content\/uploads\/ies.lapoveda.arganda\/2023\/10\/placas-solares-1024x768.jpg\" alt=\"\" class=\"wp-image-6318\" srcset=\"https:\/\/site.educa.madrid.org\/ies.lapoveda.arganda\/\/wp-content\/uploads\/ies.lapoveda.arganda\/2023\/10\/placas-solares-1024x768.jpg 1024w, https:\/\/site.educa.madrid.org\/ies.lapoveda.arganda\/\/wp-content\/uploads\/ies.lapoveda.arganda\/2023\/10\/placas-solares-300x225.jpg 300w, https:\/\/site.educa.madrid.org\/ies.lapoveda.arganda\/\/wp-content\/uploads\/ies.lapoveda.arganda\/2023\/10\/placas-solares-768x576.jpg 768w, https:\/\/site.educa.madrid.org\/ies.lapoveda.arganda\/\/wp-content\/uploads\/ies.lapoveda.arganda\/2023\/10\/placas-solares.jpg 1080w\" sizes=\"auto, (max-width: 1024px) 100vw, 1024px\" \/><\/figure>\n<\/div>\n<\/div>\n\n\n\n<p><br><\/p>\n\n\n\n<div class=\"wp-block-columns is-layout-flex wp-container-core-columns-is-layout-9d6595d7 wp-block-columns-is-layout-flex\">\n<div class=\"wp-block-column is-layout-flow wp-block-column-is-layout-flow\" style=\"flex-basis:33.33%\">\n<figure class=\"wp-block-image size-large is-resized\"><a href=\"https:\/\/site.educa.madrid.org\/ies.lapoveda.arganda\/\/wp-content\/uploads\/ies.lapoveda.arganda\/2024\/02\/Certificado-ISO-14001_2015-1.pdf\" target=\"_blank\" rel=\"noreferrer noopener\"><img loading=\"lazy\" decoding=\"async\" width=\"724\" height=\"1024\" src=\"https:\/\/site.educa.madrid.org\/ies.lapoveda.arganda\/\/wp-content\/uploads\/ies.lapoveda.arganda\/2024\/02\/202402150837_page-0001-724x1024.jpg\" alt=\"\" class=\"wp-image-6505\" style=\"width:268px;height:379px\" srcset=\"https:\/\/site.educa.madrid.org\/ies.lapoveda.arganda\/\/wp-content\/uploads\/ies.lapoveda.arganda\/2024\/02\/202402150837_page-0001-724x1024.jpg 724w, https:\/\/site.educa.madrid.org\/ies.lapoveda.arganda\/\/wp-content\/uploads\/ies.lapoveda.arganda\/2024\/02\/202402150837_page-0001-212x300.jpg 212w, https:\/\/site.educa.madrid.org\/ies.lapoveda.arganda\/\/wp-content\/uploads\/ies.lapoveda.arganda\/2024\/02\/202402150837_page-0001-768x1086.jpg 768w, https:\/\/site.educa.madrid.org\/ies.lapoveda.arganda\/\/wp-content\/uploads\/ies.lapoveda.arganda\/2024\/02\/202402150837_page-0001-1086x1536.jpg 1086w, https:\/\/site.educa.madrid.org\/ies.lapoveda.arganda\/\/wp-content\/uploads\/ies.lapoveda.arganda\/2024\/02\/202402150837_page-0001.jpg 1241w\" sizes=\"auto, (max-width: 724px) 100vw, 724px\" \/><\/a><\/figure>\n<\/div>\n\n\n\n<div class=\"wp-block-column is-layout-flow wp-block-column-is-layout-flow\" style=\"flex-basis:66.66%\">\n<p>La pol\u00edtica ambiental se difunde en la organizaci\u00f3n a trav\u00e9s de nuestros canales internos y externamente a trav\u00e9s de la p\u00e1gina web de la organizaci\u00f3n.<\/p>\n\n\n\n<figure class=\"wp-block-image size-large is-resized\"><img loading=\"lazy\" decoding=\"async\" width=\"1024\" height=\"768\" src=\"https:\/\/site.educa.madrid.org\/ies.lapoveda.arganda\/\/wp-content\/uploads\/ies.lapoveda.arganda\/2023\/11\/IMG20231031091313-1024x768.jpg\" alt=\"\" class=\"wp-image-6348\" style=\"width:380px;height:285px\" srcset=\"https:\/\/site.educa.madrid.org\/ies.lapoveda.arganda\/\/wp-content\/uploads\/ies.lapoveda.arganda\/2023\/11\/IMG20231031091313-1024x768.jpg 1024w, https:\/\/site.educa.madrid.org\/ies.lapoveda.arganda\/\/wp-content\/uploads\/ies.lapoveda.arganda\/2023\/11\/IMG20231031091313-300x225.jpg 300w, https:\/\/site.educa.madrid.org\/ies.lapoveda.arganda\/\/wp-content\/uploads\/ies.lapoveda.arganda\/2023\/11\/IMG20231031091313-768x576.jpg 768w, https:\/\/site.educa.madrid.org\/ies.lapoveda.arganda\/\/wp-content\/uploads\/ies.lapoveda.arganda\/2023\/11\/IMG20231031091313-1536x1152.jpg 1536w, https:\/\/site.educa.madrid.org\/ies.lapoveda.arganda\/\/wp-content\/uploads\/ies.lapoveda.arganda\/2023\/11\/IMG20231031091313-2048x1536.jpg 2048w\" sizes=\"auto, (max-width: 1024px) 100vw, 1024px\" \/><\/figure>\n<\/div>\n<\/div>\n\n\n\n<p><\/p>\n\n\n\n<p>Esta apuesta por la sostenibilidad y la protecci\u00f3n del medioambiente se traduce en los siguientes compromisos establecidos en nuestra pol\u00edtica:<\/p>\n\n\n\n<ul class=\"wp-block-list\">\n<li>Cumplimiento de los requisitos legales y otros requisitos que la organizaci\u00f3n suscriba adem\u00e1s de los requisitos aplicables adquiridos con los clientes.<\/li>\n\n\n\n<li>Mejora continua del Sistema de Gesti\u00f3n para conseguir la mejora de nuestro desempe\u00f1o ambiental y nuestros procesos medioambientales<\/li>\n\n\n\n<li>Protecci\u00f3n del medio ambiente incluyendo la prevenci\u00f3n de la contaminaci\u00f3n mediante la aplicaci\u00f3n de criterios de eficiencia en consumos de recursos naturales, vertidos, emisiones y generaci\u00f3n de residuos por el desarrollo de nuestras actividades, as\u00ed como otros impactos que nuestra actividad pudiera producir sobre el medio ambiente en la medida que sea t\u00e9cnica y econ\u00f3micamente viable<\/li>\n\n\n\n<li>Colaborar con nuestros proveedores con el fin de mejorar sus actuaciones medioambientales, que repercutan en una mayor eficiencia ambiental de nuestra actividad.<\/li>\n\n\n\n<li>Compromiso de di\u00e1logo abierto y cordial con los diferentes entes administrativos, as\u00ed como vecinos y otros grupos de interesados en nuestras actividades.<\/li>\n\n\n\n<li>Garantizar el correcto estado de las instalaciones y el equipamiento adecuado de forma tal que est\u00e9n en correspondencia con la actividad, objetivos y metas de la empresa.<\/li>\n<\/ul>\n\n\n\n<hr class=\"wp-block-separator has-alpha-channel-opacity\"\/>\n\n\n\n<div class=\"wp-block-file\"><a id=\"wp-block-file--media-201a9638-caf7-4f06-bd18-b970a0df9c54\" href=\"https:\/\/site.educa.madrid.org\/ies.lapoveda.arganda\/\/wp-content\/uploads\/ies.lapoveda.arganda\/2024\/11\/Politica-Medioambiental.pdf\">Pol\u00edtica medioambiental<\/a><\/div>\n\n\n\n<p><a href=\"https:\/\/region04eu5.fusionsolar.huawei.com\/pvmswebsite\/nologin\/assets\/build\/index.html#\/kiosk?kk=D1LzMbPhNe5wj3jQ2ca9y0mGvkydOtsq\" target=\"_blank\" rel=\"noreferrer noopener\">Rendimiento de la instalaci\u00f3n de placas solares en el centro.<\/a><\/p>\n\n\n\n<p><a href=\"https:\/\/site.educa.madrid.org\/ies.lapoveda.arganda\/\/wp-content\/uploads\/ies.lapoveda.arganda\/2023\/10\/Manual-de-Buenas-practicas-Ambientales-V01.pdf\" target=\"_blank\" rel=\"noreferrer noopener\">MANUAL BUENAS PR\u00c1CTICAS MEDIOAMBIENTALES<\/a><\/p>\n\n\n\n<div class=\"wp-block-columns is-layout-flex wp-container-core-columns-is-layout-9d6595d7 wp-block-columns-is-layout-flex\">\n<div class=\"wp-block-column is-layout-flow wp-block-column-is-layout-flow\">\n<figure class=\"wp-block-image size-large\"><img loading=\"lazy\" decoding=\"async\" width=\"1024\" height=\"768\" src=\"https:\/\/site.educa.madrid.org\/ies.lapoveda.arganda\/\/wp-content\/uploads\/ies.lapoveda.arganda\/2023\/11\/IMG20231031091313-1-1024x768.jpg\" alt=\"\" class=\"wp-image-6350\" srcset=\"https:\/\/site.educa.madrid.org\/ies.lapoveda.arganda\/\/wp-content\/uploads\/ies.lapoveda.arganda\/2023\/11\/IMG20231031091313-1-1024x768.jpg 1024w, https:\/\/site.educa.madrid.org\/ies.lapoveda.arganda\/\/wp-content\/uploads\/ies.lapoveda.arganda\/2023\/11\/IMG20231031091313-1-300x225.jpg 300w, https:\/\/site.educa.madrid.org\/ies.lapoveda.arganda\/\/wp-content\/uploads\/ies.lapoveda.arganda\/2023\/11\/IMG20231031091313-1-768x576.jpg 768w, https:\/\/site.educa.madrid.org\/ies.lapoveda.arganda\/\/wp-content\/uploads\/ies.lapoveda.arganda\/2023\/11\/IMG20231031091313-1-1536x1152.jpg 1536w, https:\/\/site.educa.madrid.org\/ies.lapoveda.arganda\/\/wp-content\/uploads\/ies.lapoveda.arganda\/2023\/11\/IMG20231031091313-1-2048x1536.jpg 2048w\" sizes=\"auto, (max-width: 1024px) 100vw, 1024px\" \/><\/figure>\n\n\n\n<figure class=\"wp-block-image size-large\"><a href=\"https:\/\/site.educa.madrid.org\/ies.lapoveda.arganda\/index.php\/proyectos-del-centro\/comunes-a-todas-las-ensenanzas\/ecoescuela\/\" rel=\"https:\/\/site.educa.madrid.org\/ies.lapoveda.arganda\/index.php\/proyectos-del-centro\/comunes-a-todas-las-ensenanzas\/ecoescuela\/\"><img loading=\"lazy\" decoding=\"async\" width=\"1024\" height=\"768\" src=\"https:\/\/site.educa.madrid.org\/ies.lapoveda.arganda\/\/wp-content\/uploads\/ies.lapoveda.arganda\/2023\/11\/IMG20231031091325-1024x768.jpg\" alt=\"\" class=\"wp-image-6352\" srcset=\"https:\/\/site.educa.madrid.org\/ies.lapoveda.arganda\/\/wp-content\/uploads\/ies.lapoveda.arganda\/2023\/11\/IMG20231031091325-1024x768.jpg 1024w, https:\/\/site.educa.madrid.org\/ies.lapoveda.arganda\/\/wp-content\/uploads\/ies.lapoveda.arganda\/2023\/11\/IMG20231031091325-300x225.jpg 300w, https:\/\/site.educa.madrid.org\/ies.lapoveda.arganda\/\/wp-content\/uploads\/ies.lapoveda.arganda\/2023\/11\/IMG20231031091325-768x576.jpg 768w, https:\/\/site.educa.madrid.org\/ies.lapoveda.arganda\/\/wp-content\/uploads\/ies.lapoveda.arganda\/2023\/11\/IMG20231031091325-1536x1152.jpg 1536w, https:\/\/site.educa.madrid.org\/ies.lapoveda.arganda\/\/wp-content\/uploads\/ies.lapoveda.arganda\/2023\/11\/IMG20231031091325-2048x1536.jpg 2048w\" sizes=\"auto, (max-width: 1024px) 100vw, 1024px\" \/><\/a><\/figure>\n<\/div>\n\n\n\n<div class=\"wp-block-column is-layout-flow wp-block-column-is-layout-flow\">\n<figure class=\"wp-block-image size-large\"><img loading=\"lazy\" decoding=\"async\" width=\"768\" height=\"1024\" src=\"https:\/\/site.educa.madrid.org\/ies.lapoveda.arganda\/\/wp-content\/uploads\/ies.lapoveda.arganda\/2023\/11\/IMG20231031091745-768x1024.jpg\" alt=\"\" class=\"wp-image-6351\" srcset=\"https:\/\/site.educa.madrid.org\/ies.lapoveda.arganda\/\/wp-content\/uploads\/ies.lapoveda.arganda\/2023\/11\/IMG20231031091745-768x1024.jpg 768w, https:\/\/site.educa.madrid.org\/ies.lapoveda.arganda\/\/wp-content\/uploads\/ies.lapoveda.arganda\/2023\/11\/IMG20231031091745-225x300.jpg 225w, https:\/\/site.educa.madrid.org\/ies.lapoveda.arganda\/\/wp-content\/uploads\/ies.lapoveda.arganda\/2023\/11\/IMG20231031091745-300x400.jpg 300w, https:\/\/site.educa.madrid.org\/ies.lapoveda.arganda\/\/wp-content\/uploads\/ies.lapoveda.arganda\/2023\/11\/IMG20231031091745-1152x1536.jpg 1152w, https:\/\/site.educa.madrid.org\/ies.lapoveda.arganda\/\/wp-content\/uploads\/ies.lapoveda.arganda\/2023\/11\/IMG20231031091745-1536x2048.jpg 1536w, https:\/\/site.educa.madrid.org\/ies.lapoveda.arganda\/\/wp-content\/uploads\/ies.lapoveda.arganda\/2023\/11\/IMG20231031091745-scaled.jpg 1920w\" sizes=\"auto, (max-width: 768px) 100vw, 768px\" \/><\/figure>\n<\/div>\n<\/div>\n","protected":false},"excerpt":{"rendered":"<p>EL IES La Poveda est\u00e1 alineado con los valores de la protecci\u00f3n del medioambiente y la sostenibilidad. Adem\u00e1s, impulsamos diversas iniciativas encaminadas a potenciar el ahorro energ\u00e9tico, el reciclaje, la medici\u00f3n del impacto de nuestra actividad en el entorno y el negocio responsable. El objetivo de la pol\u00edtica ambiental es establecer nuestros compromisos ambientales para [&hellip;]<\/p>\n","protected":false},"author":3,"featured_media":0,"parent":0,"menu_order":0,"comment_status":"closed","ping_status":"closed","template":"","meta":{"footnotes":""},"folder":[],"class_list":["post-6316","page","type-page","status-publish","hentry"],"rttpg_featured_image_url":null,"rttpg_author":{"display_name":"ies.lapoveda.arganda","author_link":"https:\/\/site.educa.madrid.org\/ies.lapoveda.arganda\/index.php\/author\/cuenta_ies-lapoveda-arganda\/"},"rttpg_comment":0,"rttpg_category":false,"rttpg_excerpt":"EL IES La Poveda est\u00e1 alineado con los valores de la protecci\u00f3n del medioambiente y la sostenibilidad. Adem\u00e1s, impulsamos diversas iniciativas encaminadas a potenciar el ahorro energ\u00e9tico, el reciclaje, la medici\u00f3n del impacto de nuestra actividad en el entorno y el negocio responsable. El objetivo de la pol\u00edtica ambiental es establecer nuestros compromisos ambientales para&hellip;","post_mailing_queue_ids":[],"_links":{"self":[{"href":"https:\/\/site.educa.madrid.org\/ies.lapoveda.arganda\/index.php\/wp-json\/wp\/v2\/pages\/6316","targetHints":{"allow":["GET"]}}],"collection":[{"href":"https:\/\/site.educa.madrid.org\/ies.lapoveda.arganda\/index.php\/wp-json\/wp\/v2\/pages"}],"about":[{"href":"https:\/\/site.educa.madrid.org\/ies.lapoveda.arganda\/index.php\/wp-json\/wp\/v2\/types\/page"}],"author":[{"embeddable":true,"href":"https:\/\/site.educa.madrid.org\/ies.lapoveda.arganda\/index.php\/wp-json\/wp\/v2\/users\/3"}],"replies":[{"embeddable":true,"href":"https:\/\/site.educa.madrid.org\/ies.lapoveda.arganda\/index.php\/wp-json\/wp\/v2\/comments?post=6316"}],"version-history":[{"count":24,"href":"https:\/\/site.educa.madrid.org\/ies.lapoveda.arganda\/index.php\/wp-json\/wp\/v2\/pages\/6316\/revisions"}],"predecessor-version":[{"id":7294,"href":"https:\/\/site.educa.madrid.org\/ies.lapoveda.arganda\/index.php\/wp-json\/wp\/v2\/pages\/6316\/revisions\/7294"}],"wp:attachment":[{"href":"https:\/\/site.educa.madrid.org\/ies.lapoveda.arganda\/index.php\/wp-json\/wp\/v2\/media?parent=6316"}],"wp:term":[{"taxonomy":"folder","embeddable":true,"href":"https:\/\/site.educa.madrid.org\/ies.lapoveda.arganda\/index.php\/wp-json\/wp\/v2\/folder?post=6316"}],"curies":[{"name":"wp","href":"https:\/\/api.w.org\/{rel}","templated":true}]}}