{"id":1021,"date":"2022-09-20T19:54:27","date_gmt":"2022-09-20T17:54:27","guid":{"rendered":"https:\/\/site.educa.madrid.org\/ies.lasencinas.villanuevadelacanada\/?page_id=1021"},"modified":"2025-10-22T22:15:58","modified_gmt":"2025-10-22T20:15:58","slug":"fisica-y-quimica","status":"publish","type":"page","link":"https:\/\/site.educa.madrid.org\/ies.lasencinas.villanuevadelacanada\/index.php\/comunidad-educativa\/departamentos\/fisica-y-quimica\/","title":{"rendered":"F\u00edsica y Qu\u00edmica"},"content":{"rendered":"\n<p><strong>PROFESORES DEL DEPARTAMENTO, hora de atenci\u00f3n y correo electr\u00f3nico:<\/strong><\/p>\n\n\n\n<ul class=\"wp-block-list\">\n<li>Javier Soto Romero (Jefe del Dpto.): viernes 9:30 a 10-15 &#8211; jsotoromero@educa.madrid.org<\/li>\n\n\n\n<li>F\u00e1tima Marcos-Alberca Mart\u00ednez-Santos: martes 13:30 a 14:15 &#8211; fatima.marcos@educa.madrid.org<\/li>\n\n\n\n<li>Nuria Barba Triguero: martes 12:35 a 13:20 &#8211; nuria.barba@educa.madrid.org<\/li>\n\n\n\n<li>Marta del Valle Ferrer: viernes 12:35 a 13:20 &#8211; marta.delvalleferrer@educa.madrid.org<\/li>\n\n\n\n<li>CONCERTAR REUNI\u00d3N PREVIAMENTE<\/li>\n<\/ul>\n\n\n\n<p><\/p>\n\n\n\n<p><strong>CRITERIOS DE CALIFICACI\u00d3N:<\/strong><\/p>\n\n\n\n<ul class=\"wp-block-list\">\n<li><a href=\"https:\/\/drive.google.com\/file\/d\/1GLX10zO4x8XItXrHCHeJRI1rgNU910cZ\/view?usp=sharing\" data-type=\"URL\" target=\"_blank\" rel=\"noreferrer noopener\">Extracto o cuadro resumen<\/a> (actualizaci\u00f3n de 22\/10\/25)<\/li>\n\n\n\n<li>Para informaci\u00f3n m\u00e1s detallada, consultar programaci\u00f3n a trav\u00e9s de los profesores del departamento<\/li>\n<\/ul>\n\n\n\n<p><strong>MATERIAS IMPARTIDAS POR EL DEPARTAMENTO:<\/strong><\/p>\n\n\n\n<ul class=\"wp-block-list\">\n<li>F\u00edsica y Qu\u00edmica 2\u00ba, 3\u00ba, 4\u00ba ESO y 1\u00ba Bach.<\/li>\n\n\n\n<li>F\u00edsica 2\u00ba Bach.<\/li>\n\n\n\n<li>Qu\u00edmica 2\u00ba Bach.<\/li>\n<\/ul>\n","protected":false},"excerpt":{"rendered":"<p>PROFESORES DEL DEPARTAMENTO, hora de atenci\u00f3n y correo electr\u00f3nico: CRITERIOS DE CALIFICACI\u00d3N: MATERIAS IMPARTIDAS POR EL DEPARTAMENTO:<\/p>\n","protected":false},"author":11,"featured_media":0,"parent":672,"menu_order":0,"comment_status":"closed","ping_status":"closed","template":"","meta":{"footnotes":""},"folder":[],"class_list":["post-1021","page","type-page","status-publish","hentry"],"rttpg_featured_image_url":null,"rttpg_author":{"display_name":"Javier Soto Romero","author_link":"https:\/\/site.educa.madrid.org\/ies.lasencinas.villanuevadelacanada\/index.php\/author\/javier_soto-romero\/"},"rttpg_comment":0,"rttpg_category":false,"rttpg_excerpt":"PROFESORES DEL DEPARTAMENTO, hora de atenci\u00f3n y correo electr\u00f3nico: CRITERIOS DE CALIFICACI\u00d3N: MATERIAS IMPARTIDAS POR EL DEPARTAMENTO:","post_mailing_queue_ids":[],"_links":{"self":[{"href":"https:\/\/site.educa.madrid.org\/ies.lasencinas.villanuevadelacanada\/index.php\/wp-json\/wp\/v2\/pages\/1021","targetHints":{"allow":["GET"]}}],"collection":[{"href":"https:\/\/site.educa.madrid.org\/ies.lasencinas.villanuevadelacanada\/index.php\/wp-json\/wp\/v2\/pages"}],"about":[{"href":"https:\/\/site.educa.madrid.org\/ies.lasencinas.villanuevadelacanada\/index.php\/wp-json\/wp\/v2\/types\/page"}],"author":[{"embeddable":true,"href":"https:\/\/site.educa.madrid.org\/ies.lasencinas.villanuevadelacanada\/index.php\/wp-json\/wp\/v2\/users\/11"}],"replies":[{"embeddable":true,"href":"https:\/\/site.educa.madrid.org\/ies.lasencinas.villanuevadelacanada\/index.php\/wp-json\/wp\/v2\/comments?post=1021"}],"version-history":[{"count":12,"href":"https:\/\/site.educa.madrid.org\/ies.lasencinas.villanuevadelacanada\/index.php\/wp-json\/wp\/v2\/pages\/1021\/revisions"}],"predecessor-version":[{"id":4187,"href":"https:\/\/site.educa.madrid.org\/ies.lasencinas.villanuevadelacanada\/index.php\/wp-json\/wp\/v2\/pages\/1021\/revisions\/4187"}],"up":[{"embeddable":true,"href":"https:\/\/site.educa.madrid.org\/ies.lasencinas.villanuevadelacanada\/index.php\/wp-json\/wp\/v2\/pages\/672"}],"wp:attachment":[{"href":"https:\/\/site.educa.madrid.org\/ies.lasencinas.villanuevadelacanada\/index.php\/wp-json\/wp\/v2\/media?parent=1021"}],"wp:term":[{"taxonomy":"folder","embeddable":true,"href":"https:\/\/site.educa.madrid.org\/ies.lasencinas.villanuevadelacanada\/index.php\/wp-json\/wp\/v2\/folder?post=1021"}],"curies":[{"name":"wp","href":"https:\/\/api.w.org\/{rel}","templated":true}]}}