{"id":3557,"date":"2025-02-13T20:30:24","date_gmt":"2025-02-13T19:30:24","guid":{"rendered":"https:\/\/site.educa.madrid.org\/ies.lasencinas.villanuevadelacanada\/?page_id=3557"},"modified":"2025-02-13T23:07:22","modified_gmt":"2025-02-13T22:07:22","slug":"fuera-drogas","status":"publish","type":"page","link":"https:\/\/site.educa.madrid.org\/ies.lasencinas.villanuevadelacanada\/index.php\/bienestar\/fuera-drogas\/","title":{"rendered":"Fuera drogas"},"content":{"rendered":"<div class=\"wp-block-image\">\n<figure class=\"alignright size-full is-resized\"><img loading=\"lazy\" decoding=\"async\" width=\"611\" height=\"858\" src=\"https:\/\/site.educa.madrid.org\/ies.lasencinas.villanuevadelacanada\/\/wp-content\/uploads\/ies.lasencinas.villanuevadelacanada\/2025\/02\/LosPorrosDestrozantuvida.png\" alt=\"\" class=\"wp-image-3563\" style=\"width:214px;height:auto\" srcset=\"https:\/\/site.educa.madrid.org\/ies.lasencinas.villanuevadelacanada\/\/wp-content\/uploads\/ies.lasencinas.villanuevadelacanada\/2025\/02\/LosPorrosDestrozantuvida.png 611w, https:\/\/site.educa.madrid.org\/ies.lasencinas.villanuevadelacanada\/\/wp-content\/uploads\/ies.lasencinas.villanuevadelacanada\/2025\/02\/LosPorrosDestrozantuvida-214x300.png 214w\" sizes=\"auto, (max-width: 611px) 100vw, 611px\" \/><\/figure>\n<\/div>\n\n\n<p><span style=\"color: #000000;\">Publicado el <a href=\"https:\/\/www.educa2.madrid.org\/web\/educamadrid\/principal\/files\/164f47b2-e030-45cb-bcea-09d649a84937\/241104%20PlanDrogas_Relacio%CC%81n%20de%20medidas.pdf?t=1730795466163\"><strong>Plan Regional contra las drogas<\/strong><\/a> en la Comunidad de Madrid el pasado mes de noviembre de 2024, nuestro centro pone en marcha las medidas que se solicitan desde la Consejer\u00eda de Educaci\u00f3n, para actuar de forma m\u00e1s eficaz en la erradicaci\u00f3n de actitudes relacionadas con el consumo de drogas.<\/span><\/p>\n\n\n\n<p class=\"has-black-color has-text-color has-link-color wp-elements-1a934f5cf3deffd6810aee1da6212cf9\"><span style=\"color: #000000;\">As\u00ed, ante una situaci\u00f3n de posible riesgo, sospecha o evidencia de consumo de drogas entre el alumnado, se activa un nuevo protocolo de actuaci\u00f3n, que <strong>garantizar\u00e1 el anonimato<\/strong> as\u00ed como las actuaciones derivadas de las mismas a trav\u00e9s del principio de confidencialidad. Las tres modalidades de denunci<\/span>a son las siguientes:<\/p>\n\n\n\n<p><span style=\"color: #000000;\">. El <strong>BUZ\u00d3N DENUNCIAS<\/strong>, ubicado en el vest\u00edbulo del IES, zona accesible y visible, que ser\u00e1 revisado diariamente por la direcci\u00f3n del centro.<\/span><\/p>\n\n\n\n<p><span style=\"color: #000000;\">. El buz\u00f3n de denuncias por <strong>CORREO electr\u00f3nico<\/strong>: <a href=\"https:\/\/buzonanonimo.educa.madrid.org\/\"><strong>buzonfueradrogas@educa.madrid.org<\/strong>,<\/a><\/span><\/p>\n\n\n\n<p><span style=\"color: #000000;\">. Tanto en el caso del anterior, como en el buz\u00f3n de denuncias a trav\u00e9s del siguiente<strong> C\u00d3DIGO QR<\/strong>, el mensaje llegar\u00e1 autom\u00e1ticamente a la Unidad de Convivencia y contra el acoso escolar, de la Comunidad de Madrid.&nbsp;<\/span><\/p>\n\n\n<div class=\"wp-block-image\">\n<figure class=\"aligncenter size-medium is-resized\"><a href=\"https:\/\/buzonanonimo.educa.madrid.org\/\"><img loading=\"lazy\" decoding=\"async\" width=\"300\" height=\"300\" src=\"https:\/\/site.educa.madrid.org\/ies.lasencinas.villanuevadelacanada\/\/wp-content\/uploads\/ies.lasencinas.villanuevadelacanada\/2025\/02\/qr-code-300x300.png\" alt=\"\" class=\"wp-image-3561\" style=\"aspect-ratio:1;object-fit:cover;width:150px\" srcset=\"https:\/\/site.educa.madrid.org\/ies.lasencinas.villanuevadelacanada\/\/wp-content\/uploads\/ies.lasencinas.villanuevadelacanada\/2025\/02\/qr-code-300x300.png 300w, https:\/\/site.educa.madrid.org\/ies.lasencinas.villanuevadelacanada\/\/wp-content\/uploads\/ies.lasencinas.villanuevadelacanada\/2025\/02\/qr-code-150x150.png 150w, https:\/\/site.educa.madrid.org\/ies.lasencinas.villanuevadelacanada\/\/wp-content\/uploads\/ies.lasencinas.villanuevadelacanada\/2025\/02\/qr-code-500x500.png 500w, https:\/\/site.educa.madrid.org\/ies.lasencinas.villanuevadelacanada\/\/wp-content\/uploads\/ies.lasencinas.villanuevadelacanada\/2025\/02\/qr-code.png 635w\" sizes=\"auto, (max-width: 300px) 100vw, 300px\" \/><\/a><\/figure>\n<\/div>\n\n\n<p class=\"has-black-color has-text-color has-link-color wp-elements-7bf5b45fbe3d5ec71e95aa5b46c9dfc4\">Se recuerda que, al amparo del Decreto 32\/2019, de 9 de abril, del Consejo de Gobierno, por el que se establece el marco<br>regulador de la convivencia en los centros docentes de la Comunidad de Madrid, se encuentra tipificada como <strong>falta muy grave <\/strong>\u00ab<strong>el uso, la incitaci\u00f3n al mismo, la introducci\u00f3n en el centro, o el comercio de objetos o sustancias perjudiciales para la salud, o peligrosas, para la integridad personal de los miembros de la comunidad educativa<\/strong>\u201d.<\/p>\n\n\n\n<p class=\"has-black-color has-text-color has-link-color wp-elements-3d6843dd524bd73ec2b0bbe7de05fa08\"><br>Igualmente, constituye falta muy grave \u201cla <strong>omisi\u00f3n del deber de comunicar al personal del centro las situaciones de acoso o que puedan poner en riesgo grave la integridad f\u00edsica o moral de otros miembros de la comunidad educativa, que presencie o de las que sea conocedor<\/strong>\u201d.<\/p>\n\n\n\n<p class=\"has-black-color has-text-color has-link-color wp-elements-ff7ca9bd5bcbbb279719ec27b81ff9a9\"><br>Seg\u00fan la Ley 4\/2023, de 22 de marzo, de Derechos, Garant\u00edas y Protecci\u00f3n Integral de la Infancia y la Adolescencia de la Comunidad de Madrid, en su art\u00edculo 15, sobre Derecho a la protecci\u00f3n de la salud mental y a la prevenci\u00f3n y tratamiento de adicciones y trastornos de la conducta alimentaria, se establece que (\u2026) <strong>\u00abLos ni\u00f1os tienen derecho a ser protegidos frente a conductas que puedan generar adicci\u00f3n, tales como los juegos de azar y apuestas, el mal uso de las tecnolog\u00edas, y el consumo de bebidas alcoh\u00f3licas, tabaco, cannabis y otras drogas y sustancias estupefacientes\u00bb.<\/strong><\/p>\n","protected":false},"excerpt":{"rendered":"<p>Publicado el Plan Regional contra las drogas en la Comunidad de Madrid el pasado mes de noviembre de 2024, nuestro centro pone en marcha las medidas que se solicitan desde &#8230;<\/p>\n","protected":false},"author":3,"featured_media":0,"parent":662,"menu_order":5,"comment_status":"closed","ping_status":"closed","template":"","meta":{"footnotes":""},"folder":[],"class_list":["post-3557","page","type-page","status-publish","hentry"],"rttpg_featured_image_url":null,"rttpg_author":{"display_name":"ies.lasencinas.villanuevadelacanada","author_link":"https:\/\/site.educa.madrid.org\/ies.lasencinas.villanuevadelacanada\/index.php\/author\/cuenta_ies-lasencinas-villanuevadelacanada\/"},"rttpg_comment":0,"rttpg_category":false,"rttpg_excerpt":"Publicado el Plan Regional contra las drogas en la Comunidad de Madrid el pasado mes de noviembre de 2024, nuestro centro pone en marcha las medidas que se solicitan desde ...","post_mailing_queue_ids":[],"_links":{"self":[{"href":"https:\/\/site.educa.madrid.org\/ies.lasencinas.villanuevadelacanada\/index.php\/wp-json\/wp\/v2\/pages\/3557","targetHints":{"allow":["GET"]}}],"collection":[{"href":"https:\/\/site.educa.madrid.org\/ies.lasencinas.villanuevadelacanada\/index.php\/wp-json\/wp\/v2\/pages"}],"about":[{"href":"https:\/\/site.educa.madrid.org\/ies.lasencinas.villanuevadelacanada\/index.php\/wp-json\/wp\/v2\/types\/page"}],"author":[{"embeddable":true,"href":"https:\/\/site.educa.madrid.org\/ies.lasencinas.villanuevadelacanada\/index.php\/wp-json\/wp\/v2\/users\/3"}],"replies":[{"embeddable":true,"href":"https:\/\/site.educa.madrid.org\/ies.lasencinas.villanuevadelacanada\/index.php\/wp-json\/wp\/v2\/comments?post=3557"}],"version-history":[{"count":7,"href":"https:\/\/site.educa.madrid.org\/ies.lasencinas.villanuevadelacanada\/index.php\/wp-json\/wp\/v2\/pages\/3557\/revisions"}],"predecessor-version":[{"id":3573,"href":"https:\/\/site.educa.madrid.org\/ies.lasencinas.villanuevadelacanada\/index.php\/wp-json\/wp\/v2\/pages\/3557\/revisions\/3573"}],"up":[{"embeddable":true,"href":"https:\/\/site.educa.madrid.org\/ies.lasencinas.villanuevadelacanada\/index.php\/wp-json\/wp\/v2\/pages\/662"}],"wp:attachment":[{"href":"https:\/\/site.educa.madrid.org\/ies.lasencinas.villanuevadelacanada\/index.php\/wp-json\/wp\/v2\/media?parent=3557"}],"wp:term":[{"taxonomy":"folder","embeddable":true,"href":"https:\/\/site.educa.madrid.org\/ies.lasencinas.villanuevadelacanada\/index.php\/wp-json\/wp\/v2\/folder?post=3557"}],"curies":[{"name":"wp","href":"https:\/\/api.w.org\/{rel}","templated":true}]}}