{"id":647,"date":"2022-09-19T16:07:10","date_gmt":"2022-09-19T14:07:10","guid":{"rendered":"https:\/\/site.educa.madrid.org\/ies.lasencinas.villanuevadelacanada\/?page_id=647"},"modified":"2022-09-26T08:32:36","modified_gmt":"2022-09-26T06:32:36","slug":"comunidad-educativa","status":"publish","type":"page","link":"https:\/\/site.educa.madrid.org\/ies.lasencinas.villanuevadelacanada\/index.php\/comunidad-educativa\/","title":{"rendered":"COMUNIDAD EDUCATIVA"},"content":{"rendered":"\n<p class=\"has-text-align-center\"><strong>\u00a1Bienvenidos!<\/strong><\/p>\n\n\n\n<p>Comenzamos un nuevo curso escolar, un tiempo en el que compartiremos mucho m\u00e1s que un espacio, en el que queremos que dej\u00e9is huella, con nosotros, trabajando por mejorar cada d\u00eda. A eso nos comprometemos desde el nuevo equipo directivo, y eso es lo que esperamos tambi\u00e9n de vosotros: compromiso, esfuerzo y alegr\u00eda.<\/p>\n\n\n\n<p>Mucha energ\u00eda\u2026 \u00a1y adelante!<\/p>\n\n\n\n<p class=\"has-text-align-center\"><strong>Welcome to the new school year!<\/strong><\/p>\n\n\n\n<p>We are looking forward to a great year, filled with learning experiences in a climate of shared responsibility. We want to accompany and challenge you to make the most of your intelligence and creativity, to open critical mind, to work hard and do your best in pursuing your dreams.<\/p>\n\n\n\n<p>Enjoy this adventure with us!<\/p>\n\n\n\n<p class=\"has-text-align-center\"><strong>Bienvenue!<\/strong><\/p>\n\n\n\n<p>Nous sommes ici de nouveau pour vous offrir l&#8217;ambiance de multiculturalit\u00e9 qui est la raison d\u2019\u00eatre de la section fran\u00e7aise depuis onze ans, une formation pour travailler en trois langues et recevoir aussi la flexibilit\u00e9 et la connaissance d\u2019autres r\u00e9alit\u00e9s culturelles.<\/p>\n\n\n\n<p>Courage et bonne route \u00e0 tous!<\/p>\n\n\n\n<p><\/p>\n\n\n\n<p>Cristina Gonz\u00e1lez L\u00f3pez<\/p>\n\n\n\n<p>Directora<\/p>\n\n\n\n<div style=\"height:45px\" aria-hidden=\"true\" class=\"wp-block-spacer\"><\/div>\n\n\n\n<div class=\"wp-block-columns is-layout-flex wp-container-core-columns-is-layout-9d6595d7 wp-block-columns-is-layout-flex\">\n<div class=\"wp-block-column is-layout-flow wp-block-column-is-layout-flow\">\n<div class=\"wp-block-buttons is-layout-flex wp-block-buttons-is-layout-flex\">\n<div class=\"wp-block-button has-custom-width wp-block-button__width-100 has-custom-font-size is-style-outline is-style-outline--1\" style=\"font-size:14px\"><a class=\"wp-block-button__link\" href=\"https:\/\/site.educa.madrid.org\/ies.lasencinas.villanuevadelacanada\/index.php\/comunidad-educativa\/localizacion\/\">\u00bfD\u00f3nde est\u00e1mos?<\/a><\/div>\n\n\n\n<div class=\"wp-block-button has-custom-width wp-block-button__width-100 has-custom-font-size is-style-outline is-style-outline--2\" style=\"font-size:14px\"><a class=\"wp-block-button__link\" href=\"https:\/\/site.educa.madrid.org\/ies.lasencinas.villanuevadelacanada\/index.php\/documentos-institucionales\/\">Proyecto Educativo<\/a><\/div>\n<\/div>\n<\/div>\n\n\n\n<div class=\"wp-block-column is-layout-flow wp-block-column-is-layout-flow\">\n<div class=\"wp-block-buttons is-layout-flex wp-block-buttons-is-layout-flex\">\n<div class=\"wp-block-button has-custom-width wp-block-button__width-100 has-custom-font-size is-style-outline is-style-outline--3\" style=\"font-size:14px\"><a class=\"wp-block-button__link\" href=\"https:\/\/site.educa.madrid.org\/ies.lasencinas.villanuevadelacanada\/index.php\/comunidad-educativa\/ampa\/\">AMPA<\/a><\/div>\n\n\n\n<div class=\"wp-block-button has-custom-width wp-block-button__width-100 has-custom-font-size is-style-outline is-style-outline--4\" style=\"font-size:14px\"><a class=\"wp-block-button__link\" href=\"https:\/\/site.educa.madrid.org\/ies.lasencinas.villanuevadelacanada\/index.php\/convivencia\/decalogos-convivencia\/\">Normas de Convivencia<\/a><\/div>\n\n\n\n<div class=\"wp-block-button has-custom-width wp-block-button__width-100 has-custom-font-size is-style-outline is-style-outline--5\" style=\"font-size:14px\"><a class=\"wp-block-button__link\" href=\"https:\/\/site.educa.madrid.org\/ies.lasencinas.villanuevadelacanada\/index.php\/servicios\/instalaciones\/\">Instalaciones<\/a><\/div>\n<\/div>\n<\/div>\n\n\n\n<div class=\"wp-block-column is-layout-flow wp-block-column-is-layout-flow\">\n<div class=\"wp-block-buttons is-layout-flex wp-block-buttons-is-layout-flex\">\n<div class=\"wp-block-button has-custom-width wp-block-button__width-100 has-custom-font-size is-style-outline is-style-outline--6\" style=\"font-size:14px\"><a class=\"wp-block-button__link\" href=\"https:\/\/site.educa.madrid.org\/ies.lasencinas.villanuevadelacanada\/index.php\/secretaria\/\">Secretaria<\/a><\/div>\n\n\n\n<div class=\"wp-block-button has-custom-width wp-block-button__width-100 has-custom-font-size is-style-outline is-style-outline--7\" style=\"font-size:14px\"><a class=\"wp-block-button__link\" href=\"https:\/\/site.educa.madrid.org\/ies.lasencinas.villanuevadelacanada\/index.php\/comunidad-educativa\/equipo-directivo\/\">Equipo Directivo<\/a><\/div>\n<\/div>\n<\/div>\n<\/div>\n\n\n\n<p><\/p>\n","protected":false},"excerpt":{"rendered":"<p>\u00a1Bienvenidos! Comenzamos un nuevo curso escolar, un tiempo en el que compartiremos mucho m\u00e1s que un espacio, en el que queremos que dej\u00e9is huella, con nosotros, trabajando por mejorar cada &#8230;<\/p>\n","protected":false},"author":3,"featured_media":0,"parent":0,"menu_order":0,"comment_status":"closed","ping_status":"closed","template":"","meta":{"footnotes":""},"folder":[],"class_list":["post-647","page","type-page","status-publish","hentry"],"rttpg_featured_image_url":null,"rttpg_author":{"display_name":"ies.lasencinas.villanuevadelacanada","author_link":"https:\/\/site.educa.madrid.org\/ies.lasencinas.villanuevadelacanada\/index.php\/author\/cuenta_ies-lasencinas-villanuevadelacanada\/"},"rttpg_comment":0,"rttpg_category":false,"rttpg_excerpt":"\u00a1Bienvenidos! Comenzamos un nuevo curso escolar, un tiempo en el que compartiremos mucho m\u00e1s que un espacio, en el que queremos que dej\u00e9is huella, con nosotros, trabajando por mejorar cada ...","post_mailing_queue_ids":[],"_links":{"self":[{"href":"https:\/\/site.educa.madrid.org\/ies.lasencinas.villanuevadelacanada\/index.php\/wp-json\/wp\/v2\/pages\/647","targetHints":{"allow":["GET"]}}],"collection":[{"href":"https:\/\/site.educa.madrid.org\/ies.lasencinas.villanuevadelacanada\/index.php\/wp-json\/wp\/v2\/pages"}],"about":[{"href":"https:\/\/site.educa.madrid.org\/ies.lasencinas.villanuevadelacanada\/index.php\/wp-json\/wp\/v2\/types\/page"}],"author":[{"embeddable":true,"href":"https:\/\/site.educa.madrid.org\/ies.lasencinas.villanuevadelacanada\/index.php\/wp-json\/wp\/v2\/users\/3"}],"replies":[{"embeddable":true,"href":"https:\/\/site.educa.madrid.org\/ies.lasencinas.villanuevadelacanada\/index.php\/wp-json\/wp\/v2\/comments?post=647"}],"version-history":[{"count":4,"href":"https:\/\/site.educa.madrid.org\/ies.lasencinas.villanuevadelacanada\/index.php\/wp-json\/wp\/v2\/pages\/647\/revisions"}],"predecessor-version":[{"id":1444,"href":"https:\/\/site.educa.madrid.org\/ies.lasencinas.villanuevadelacanada\/index.php\/wp-json\/wp\/v2\/pages\/647\/revisions\/1444"}],"wp:attachment":[{"href":"https:\/\/site.educa.madrid.org\/ies.lasencinas.villanuevadelacanada\/index.php\/wp-json\/wp\/v2\/media?parent=647"}],"wp:term":[{"taxonomy":"folder","embeddable":true,"href":"https:\/\/site.educa.madrid.org\/ies.lasencinas.villanuevadelacanada\/index.php\/wp-json\/wp\/v2\/folder?post=647"}],"curies":[{"name":"wp","href":"https:\/\/api.w.org\/{rel}","templated":true}]}}