{"id":2693,"date":"2022-09-19T15:06:10","date_gmt":"2022-09-19T13:06:10","guid":{"rendered":"https:\/\/site.educa.madrid.org\/ies.lazarocardenas.colladovillalba\/?page_id=2693"},"modified":"2024-03-05T17:00:45","modified_gmt":"2024-03-05T16:00:45","slug":"figura-de-lazaro-cardenas","status":"publish","type":"page","link":"https:\/\/site.educa.madrid.org\/ies.lazarocardenas.colladovillalba\/index.php\/figura-de-lazaro-cardenas\/","title":{"rendered":"Figura de L\u00e1zaro C\u00e1rdenas"},"content":{"rendered":"<div id=\"pl-2693\"  class=\"panel-layout\" ><div id=\"pg-2693-0\"  class=\"panel-grid panel-has-style\" ><div class=\"so-parallax siteorigin-panels-stretch panel-row-style panel-row-style-for-2693-0\" data-stretch-type=\"full-stretched-padded\" ><img fetchpriority=\"high\" decoding=\"async\" width=\"1440\" height=\"395\" src=\"https:\/\/site.educa.madrid.org\/ies.lazarocardenas.colladovillalba\/\/wp-content\/uploads\/ies.lazarocardenas.colladovillalba\/2022\/07\/historia-del-centro.png\" class=\"attachment-full size-full\" alt=\"\" data-siteorigin-parallax=\"true\" loading=\"eager\" srcset=\"https:\/\/site.educa.madrid.org\/ies.lazarocardenas.colladovillalba\/\/wp-content\/uploads\/ies.lazarocardenas.colladovillalba\/2022\/07\/historia-del-centro.png 1440w, https:\/\/site.educa.madrid.org\/ies.lazarocardenas.colladovillalba\/\/wp-content\/uploads\/ies.lazarocardenas.colladovillalba\/2022\/07\/historia-del-centro-300x82.png 300w, https:\/\/site.educa.madrid.org\/ies.lazarocardenas.colladovillalba\/\/wp-content\/uploads\/ies.lazarocardenas.colladovillalba\/2022\/07\/historia-del-centro-1024x281.png 1024w, https:\/\/site.educa.madrid.org\/ies.lazarocardenas.colladovillalba\/\/wp-content\/uploads\/ies.lazarocardenas.colladovillalba\/2022\/07\/historia-del-centro-768x211.png 768w\" sizes=\"100vw\" \/><div id=\"pgc-2693-0-0\"  class=\"panel-grid-cell panel-grid-cell-empty\" ><\/div><\/div><\/div><div id=\"pg-2693-1\"  class=\"panel-grid panel-has-style\" ><div class=\"siteorigin-panels-stretch panel-row-style panel-row-style-for-2693-1\" data-stretch-type=\"full-stretched\" ><div id=\"pgc-2693-1-0\"  class=\"panel-grid-cell\" ><div class=\"panel-cell-style panel-cell-style-for-2693-1-0\" ><div id=\"panel-2693-1-0-0\" class=\"so-panel widget widget_siteorigin-panels-builder panel-first-child panel-last-child\" data-index=\"0\" ><div class=\"panel-widget-style panel-widget-style-for-2693-1-0-0\" ><div id=\"pl-w636a68a3bb59b\"  class=\"panel-layout\" ><div id=\"pg-w636a68a3bb59b-0\"  class=\"panel-grid panel-no-style\" ><div id=\"pgc-w636a68a3bb59b-0-0\"  class=\"panel-grid-cell\" ><div id=\"panel-w636a68a3bb59b-0-0-0\" class=\"so-panel widget widget_text panel-first-child\" data-index=\"0\" ><h3 class=\"widget-title\">Figura de L\u00e1zaro C\u00e1rdenas<\/h3>\t\t\t<div class=\"textwidget\"><p><strong>Presidente de la Rep\u00fablica de M\u00e9xico del 1 de Diciembre de 1934 al 30 de Noviembre de 1940.<\/strong><\/p>\n<p>L\u00e1zaro C\u00e1rdenas desempe\u00f1\u00f3 un papel fundamental en la historia de los exiliados espa\u00f1oles. Desde los primeros a\u00f1os de la Guerra Civil Espa\u00f1ola hizo cuanto estuvo en su mano por tender una mano amiga a este pa\u00eds. Dio asilo pol\u00edtico en su embajada a los que padec\u00edan los rigores del conflicto, tom\u00f3 a su cargo a m\u00e1s de 400 ni\u00f1os espa\u00f1oles y tras el conflicto, acogi\u00f3 cerca de 25.000 espa\u00f1oles del derrotado bando republicano. Todos fueron acogidos, no solamente los intelectuales de prestigio, los investigadores o los cient\u00edficos. Tambi\u00e9n los artesanos, los obreros, los agricultores\u2026<\/p>\n<p>Como espa\u00f1oles debemos agradecer a L\u00e1zaro C\u00e1rdenas su solidaridad y su hospitalidad sin l\u00edmites. Fue una relaci\u00f3n enriquecedora en la que ambas partes pudieron extraer vivencias positivas.<\/p>\n<\/div>\n\t\t<\/div><div id=\"panel-w636a68a3bb59b-0-0-1\" class=\"so-panel widget widget_sow-button panel-last-child\" data-index=\"1\" ><div\n\t\t\t\n\t\t\tclass=\"so-widget-sow-button so-widget-sow-button-wire-f526f135a791\"\n\t\t\t\n\t\t><div class=\"ow-button-base ow-button-align-left\">\n\t<a\n\thref=\"https:\/\/es.wikipedia.org\/wiki\/L\u00e1zaro_C\u00e1rdenas\"\n\t\tclass=\"ow-icon-placement-left ow-button-hover\" target=\"_blank\" rel=\"noopener noreferrer\" \t>\n\t\t<span>\n\t\t\t\n\t\t\tM\u00e1s informaci\u00f3n\t\t<\/span>\n\t<\/a>\n<\/div>\n<\/div><\/div><\/div><\/div><\/div><\/div><\/div><\/div><\/div><div id=\"pgc-2693-1-1\"  class=\"panel-grid-cell\" ><div class=\"panel-cell-style panel-cell-style-for-2693-1-1\" ><div id=\"panel-2693-1-1-0\" class=\"so-panel widget widget_sow-image panel-first-child panel-last-child\" data-index=\"1\" ><div\n\t\t\t\n\t\t\tclass=\"so-widget-sow-image so-widget-sow-image-default-46c7616ffdb5-2693\"\n\t\t\t\n\t\t>\n\n<div class=\"sow-image-container\">\n\t\t<img loading=\"lazy\" decoding=\"async\" src=\"https:\/\/site.educa.madrid.org\/ies.lazarocardenas.colladovillalba\/\/wp-content\/uploads\/ies.lazarocardenas.colladovillalba\/2022\/07\/cardenas.png\" width=\"216\" height=\"300\" sizes=\"auto, (max-width: 216px) 100vw, 216px\" alt=\"\" \t\tclass=\"so-widget-image\"\/>\n\t<\/div>\n\n<\/div><\/div><\/div><\/div><\/div><\/div><\/div>","protected":false},"excerpt":{"rendered":"<p>Figura de L\u00e1zaro C\u00e1rdenas Presidente de la Rep\u00fablica de M\u00e9xico del 1 de Diciembre de 1934 al 30 de Noviembre de 1940. L\u00e1zaro C\u00e1rdenas desempe\u00f1\u00f3 un papel fundamental en la historia de los exiliados espa\u00f1oles. Desde los primeros a\u00f1os de la Guerra Civil Espa\u00f1ola hizo cuanto estuvo en su mano por tender una mano amiga &hellip; <\/p>\n<p class=\"link-more\"><a href=\"https:\/\/site.educa.madrid.org\/ies.lazarocardenas.colladovillalba\/index.php\/figura-de-lazaro-cardenas\/\" class=\"more-link\">Continuar leyendo<span class=\"screen-reader-text\"> \u00abFigura de L\u00e1zaro C\u00e1rdenas\u00bb<\/span><\/a><\/p>\n","protected":false},"author":3,"featured_media":0,"parent":0,"menu_order":0,"comment_status":"closed","ping_status":"closed","template":"","meta":{"footnotes":""},"folder":[],"class_list":["post-2693","page","type-page","status-publish","hentry"],"rttpg_featured_image_url":null,"rttpg_author":{"display_name":"ies.lazarocardenas.colladovillalba","author_link":"https:\/\/site.educa.madrid.org\/ies.lazarocardenas.colladovillalba\/index.php\/author\/cuenta_ies-lazarocardenas-colladovillalba\/"},"rttpg_comment":0,"rttpg_category":false,"rttpg_excerpt":"Figura de L\u00e1zaro C\u00e1rdenas Presidente de la Rep\u00fablica de M\u00e9xico del 1 de Diciembre de 1934 al 30 de Noviembre de 1940. L\u00e1zaro C\u00e1rdenas desempe\u00f1\u00f3 un papel fundamental en la historia de los exiliados espa\u00f1oles. Desde los primeros a\u00f1os de la Guerra Civil Espa\u00f1ola hizo cuanto estuvo en su mano por tender una mano amiga&hellip;","post_mailing_queue_ids":[],"_links":{"self":[{"href":"https:\/\/site.educa.madrid.org\/ies.lazarocardenas.colladovillalba\/index.php\/wp-json\/wp\/v2\/pages\/2693","targetHints":{"allow":["GET"]}}],"collection":[{"href":"https:\/\/site.educa.madrid.org\/ies.lazarocardenas.colladovillalba\/index.php\/wp-json\/wp\/v2\/pages"}],"about":[{"href":"https:\/\/site.educa.madrid.org\/ies.lazarocardenas.colladovillalba\/index.php\/wp-json\/wp\/v2\/types\/page"}],"author":[{"embeddable":true,"href":"https:\/\/site.educa.madrid.org\/ies.lazarocardenas.colladovillalba\/index.php\/wp-json\/wp\/v2\/users\/3"}],"replies":[{"embeddable":true,"href":"https:\/\/site.educa.madrid.org\/ies.lazarocardenas.colladovillalba\/index.php\/wp-json\/wp\/v2\/comments?post=2693"}],"version-history":[{"count":47,"href":"https:\/\/site.educa.madrid.org\/ies.lazarocardenas.colladovillalba\/index.php\/wp-json\/wp\/v2\/pages\/2693\/revisions"}],"predecessor-version":[{"id":6324,"href":"https:\/\/site.educa.madrid.org\/ies.lazarocardenas.colladovillalba\/index.php\/wp-json\/wp\/v2\/pages\/2693\/revisions\/6324"}],"wp:attachment":[{"href":"https:\/\/site.educa.madrid.org\/ies.lazarocardenas.colladovillalba\/index.php\/wp-json\/wp\/v2\/media?parent=2693"}],"wp:term":[{"taxonomy":"folder","embeddable":true,"href":"https:\/\/site.educa.madrid.org\/ies.lazarocardenas.colladovillalba\/index.php\/wp-json\/wp\/v2\/folder?post=2693"}],"curies":[{"name":"wp","href":"https:\/\/api.w.org\/{rel}","templated":true}]}}