{"id":2863,"date":"2022-09-19T20:31:48","date_gmt":"2022-09-19T18:31:48","guid":{"rendered":"https:\/\/site.educa.madrid.org\/ies.lazarocardenas.colladovillalba\/?page_id=2863"},"modified":"2024-03-05T17:11:10","modified_gmt":"2024-03-05T16:11:10","slug":"programa-bilingue","status":"publish","type":"page","link":"https:\/\/site.educa.madrid.org\/ies.lazarocardenas.colladovillalba\/index.php\/programa-bilingue\/","title":{"rendered":"Programa Biling\u00fce"},"content":{"rendered":"<div id=\"pl-2863\"  class=\"panel-layout\" ><div id=\"pg-2863-0\"  class=\"panel-grid panel-has-style\" ><div class=\"so-parallax siteorigin-panels-stretch panel-row-style panel-row-style-for-2863-0\" data-stretch-type=\"full-stretched-padded\" ><img fetchpriority=\"high\" decoding=\"async\" width=\"1440\" height=\"493\" src=\"https:\/\/site.educa.madrid.org\/ies.lazarocardenas.colladovillalba\/\/wp-content\/uploads\/ies.lazarocardenas.colladovillalba\/2022\/07\/Conoce-nuestro-programa.png\" class=\"attachment-full size-full\" alt=\"\" data-siteorigin-parallax=\"true\" loading=\"eager\" srcset=\"https:\/\/site.educa.madrid.org\/ies.lazarocardenas.colladovillalba\/\/wp-content\/uploads\/ies.lazarocardenas.colladovillalba\/2022\/07\/Conoce-nuestro-programa.png 1440w, https:\/\/site.educa.madrid.org\/ies.lazarocardenas.colladovillalba\/\/wp-content\/uploads\/ies.lazarocardenas.colladovillalba\/2022\/07\/Conoce-nuestro-programa-300x103.png 300w, https:\/\/site.educa.madrid.org\/ies.lazarocardenas.colladovillalba\/\/wp-content\/uploads\/ies.lazarocardenas.colladovillalba\/2022\/07\/Conoce-nuestro-programa-1024x351.png 1024w, https:\/\/site.educa.madrid.org\/ies.lazarocardenas.colladovillalba\/\/wp-content\/uploads\/ies.lazarocardenas.colladovillalba\/2022\/07\/Conoce-nuestro-programa-768x263.png 768w\" sizes=\"100vw\" \/><div id=\"pgc-2863-0-0\"  class=\"panel-grid-cell panel-grid-cell-empty\" ><\/div><\/div><\/div><div id=\"pg-2863-1\"  class=\"panel-grid panel-has-style\" ><div class=\"siteorigin-panels-stretch panel-row-style panel-row-style-for-2863-1\" data-stretch-type=\"full-stretched-padded\" ><div id=\"pgc-2863-1-0\"  class=\"panel-grid-cell\" ><div class=\"panel-cell-style panel-cell-style-for-2863-1-0\" ><div id=\"panel-2863-1-0-0\" class=\"so-panel widget widget_text panel-first-child panel-last-child\" data-index=\"0\" >\t\t\t<div class=\"textwidget\"><p>En el curso 18-19 nuestro centro comenz\u00f3 su andadura biling\u00fce que se ha ido implantando de forma paulatina desde 1\u00ba de ESO. El proceso concluye en el curso 2021-22 al llegar a 4\u00ba ESO.\u00a0Todos los alumnos matriculados en el centro cursan sus ense\u00f1anzas bien en la Secci\u00f3n Biling\u00fce o en el Programa Biling\u00fce, pero \u00bfqu\u00e9 diferencia hay entre Programa Biling\u00fce y Secci\u00f3n Biling\u00fce?:<\/p>\n<ul>\n<li>Tanto en Programa como en Secci\u00f3n tienen 5 horas semanales de ingles (1 m\u00e1s de lo habitual en 1\u00ba y 4\u00ba y 2 m\u00e1s de lo habitual en 2\u00ba y 3\u00ba).<\/li>\n<li>En Secci\u00f3n cursan la materia de<strong> Ingl\u00e9s Avanzado<\/strong> y en Programa cursan la materia de <strong>Ingl\u00e9s<\/strong>.<\/li>\n<li>En Secci\u00f3n Biling\u00fce tienen una mayor cantidad de materias impartidas en ingl\u00e9s, debiendo ser, al menos, un tercio de las horas lectivas.<\/li>\n<li>En Programa deben cursar, al menos, otra materia en ingl\u00e9s de entre Educaci\u00f3n F\u00edsica, Educaci\u00f3n Pl\u00e1stica Visual y Audioviosual, M\u00fasica, Tecnolog\u00eda, Programaci\u00f3n y Rob\u00f3tica y Valores \u00c9ticos<\/li>\n<\/ul>\n<p>\u00bfQu\u00e9 alumnos van a Programa y cu\u00e1les a Secci\u00f3n en 1\u00ba de la ESO?<\/p>\n<ul>\n<li>Entran en Secci\u00f3n aquellos alumnos que han estudiado Primaria en un colegio biling\u00fce y han alcanzado el nivel A2 o B1 en las pruebas de Cambridge (KET o PET) a la que son presentados los alumnos\/as de 6\u00ba de primaria.<\/li>\n<li>Tambi\u00e9n podr\u00e1 incorporarse un alumno que provenga de un colegio no biling\u00fce si acredita en una prueba externa un nivel de B1.<\/li>\n<li>Entran en Programa todos los alumnos que provienen de un colegio biling\u00fce y no re\u00fanen los requisitos para entrar en Secci\u00f3n y todos los alumnos que provienen de colegios no biling\u00fces.<\/li>\n<\/ul>\n<p>&nbsp;<\/p>\n<\/div>\n\t\t<\/div><\/div><\/div><div id=\"pgc-2863-1-1\"  class=\"panel-grid-cell\" ><div class=\"panel-cell-style panel-cell-style-for-2863-1-1\" ><div id=\"panel-2863-1-1-0\" class=\"so-panel widget widget_sow-image panel-first-child\" data-index=\"1\" ><div\n\t\t\t\n\t\t\tclass=\"so-widget-sow-image so-widget-sow-image-default-8b5b6f678277-2863\"\n\t\t\t\n\t\t>\n\n<div class=\"sow-image-container\">\n\t\t<img loading=\"lazy\" decoding=\"async\" src=\"https:\/\/site.educa.madrid.org\/ies.lazarocardenas.colladovillalba\/\/wp-content\/uploads\/ies.lazarocardenas.colladovillalba\/2022\/07\/image-17.png\" width=\"340\" height=\"285\" srcset=\"https:\/\/site.educa.madrid.org\/ies.lazarocardenas.colladovillalba\/\/wp-content\/uploads\/ies.lazarocardenas.colladovillalba\/2022\/07\/image-17.png 340w, https:\/\/site.educa.madrid.org\/ies.lazarocardenas.colladovillalba\/\/wp-content\/uploads\/ies.lazarocardenas.colladovillalba\/2022\/07\/image-17-300x251.png 300w\" sizes=\"auto, (max-width: 340px) 100vw, 340px\" title=\"image 17\" alt=\"\" \t\tclass=\"so-widget-image\"\/>\n\t<\/div>\n\n<\/div><\/div><div id=\"panel-2863-1-1-1\" class=\"so-panel widget widget_sow-image\" data-index=\"2\" ><div\n\t\t\t\n\t\t\tclass=\"so-widget-sow-image so-widget-sow-image-default-8b5b6f678277-2863\"\n\t\t\t\n\t\t>\n\n<div class=\"sow-image-container\">\n\t\t<img loading=\"lazy\" decoding=\"async\" src=\"https:\/\/site.educa.madrid.org\/ies.lazarocardenas.colladovillalba\/\/wp-content\/uploads\/ies.lazarocardenas.colladovillalba\/2022\/07\/image-18.png\" width=\"341\" height=\"219\" srcset=\"https:\/\/site.educa.madrid.org\/ies.lazarocardenas.colladovillalba\/\/wp-content\/uploads\/ies.lazarocardenas.colladovillalba\/2022\/07\/image-18.png 341w, https:\/\/site.educa.madrid.org\/ies.lazarocardenas.colladovillalba\/\/wp-content\/uploads\/ies.lazarocardenas.colladovillalba\/2022\/07\/image-18-300x193.png 300w\" sizes=\"auto, (max-width: 341px) 100vw, 341px\" title=\"image 18\" alt=\"\" \t\tclass=\"so-widget-image\"\/>\n\t<\/div>\n\n<\/div><\/div><div id=\"panel-2863-1-1-2\" class=\"so-panel widget widget_text panel-last-child\" data-index=\"3\" >\t\t\t<div class=\"textwidget\"><p style=\"font-size: 20px;\"><strong>AUXILIARES DE CONVERSACI\u00d3N<\/strong><\/p>\n<p style=\"font-size: 20px;\">El centro cuenta tambi\u00e9n con tres auxiliares de conversaci\u00f3n nativos. Trabajan con todo el alumnado del centro para que nuestros alumnos mejoren su competencia en ingl\u00e9s, centr\u00e1ndose, sobre todo, en mejorar la comprensi\u00f3n y producci\u00f3n oral (hablar y escuchar), as\u00ed como compartiendo su cultura y ayudando a los alumnos a perder el miedo al idioma.<\/p>\n<p style=\"font-size: 20px;\">Las auxiliares trabajan tanto con los alumnos de Programa en la materia de Ingl\u00e9s -teniendo, al menos una hora semanal con auxiliar- como con los alumnos de Secci\u00f3n, entrando tanto en la materia de Ingl\u00e9s Avanzado como en otras materias que se imparten en ingl\u00e9s (Historia y Geograf\u00eda, Biolog\u00eda, etc.)- teniendo, incluso, un total de hasta 4h semanales acompa\u00f1ados por el auxiliar.<\/p>\n<\/div>\n\t\t<\/div><\/div><\/div><\/div><\/div><\/div>","protected":false},"excerpt":{"rendered":"<p>En el curso 18-19 nuestro centro comenz\u00f3 su andadura biling\u00fce que se ha ido implantando de forma paulatina desde 1\u00ba de ESO. El proceso concluye en el curso 2021-22 al llegar a 4\u00ba ESO.\u00a0Todos los alumnos matriculados en el centro cursan sus ense\u00f1anzas bien en la Secci\u00f3n Biling\u00fce o en el Programa Biling\u00fce, pero \u00bfqu\u00e9 &hellip; <\/p>\n<p class=\"link-more\"><a href=\"https:\/\/site.educa.madrid.org\/ies.lazarocardenas.colladovillalba\/index.php\/programa-bilingue\/\" class=\"more-link\">Continuar leyendo<span class=\"screen-reader-text\"> \u00abPrograma Biling\u00fce\u00bb<\/span><\/a><\/p>\n","protected":false},"author":3,"featured_media":0,"parent":0,"menu_order":0,"comment_status":"closed","ping_status":"closed","template":"","meta":{"footnotes":""},"folder":[],"class_list":["post-2863","page","type-page","status-publish","hentry"],"rttpg_featured_image_url":null,"rttpg_author":{"display_name":"ies.lazarocardenas.colladovillalba","author_link":"https:\/\/site.educa.madrid.org\/ies.lazarocardenas.colladovillalba\/index.php\/author\/cuenta_ies-lazarocardenas-colladovillalba\/"},"rttpg_comment":0,"rttpg_category":false,"rttpg_excerpt":"En el curso 18-19 nuestro centro comenz\u00f3 su andadura biling\u00fce que se ha ido implantando de forma paulatina desde 1\u00ba de ESO. El proceso concluye en el curso 2021-22 al llegar a 4\u00ba ESO.\u00a0Todos los alumnos matriculados en el centro cursan sus ense\u00f1anzas bien en la Secci\u00f3n Biling\u00fce o en el Programa Biling\u00fce, pero \u00bfqu\u00e9&hellip;","post_mailing_queue_ids":[],"_links":{"self":[{"href":"https:\/\/site.educa.madrid.org\/ies.lazarocardenas.colladovillalba\/index.php\/wp-json\/wp\/v2\/pages\/2863","targetHints":{"allow":["GET"]}}],"collection":[{"href":"https:\/\/site.educa.madrid.org\/ies.lazarocardenas.colladovillalba\/index.php\/wp-json\/wp\/v2\/pages"}],"about":[{"href":"https:\/\/site.educa.madrid.org\/ies.lazarocardenas.colladovillalba\/index.php\/wp-json\/wp\/v2\/types\/page"}],"author":[{"embeddable":true,"href":"https:\/\/site.educa.madrid.org\/ies.lazarocardenas.colladovillalba\/index.php\/wp-json\/wp\/v2\/users\/3"}],"replies":[{"embeddable":true,"href":"https:\/\/site.educa.madrid.org\/ies.lazarocardenas.colladovillalba\/index.php\/wp-json\/wp\/v2\/comments?post=2863"}],"version-history":[{"count":45,"href":"https:\/\/site.educa.madrid.org\/ies.lazarocardenas.colladovillalba\/index.php\/wp-json\/wp\/v2\/pages\/2863\/revisions"}],"predecessor-version":[{"id":6371,"href":"https:\/\/site.educa.madrid.org\/ies.lazarocardenas.colladovillalba\/index.php\/wp-json\/wp\/v2\/pages\/2863\/revisions\/6371"}],"wp:attachment":[{"href":"https:\/\/site.educa.madrid.org\/ies.lazarocardenas.colladovillalba\/index.php\/wp-json\/wp\/v2\/media?parent=2863"}],"wp:term":[{"taxonomy":"folder","embeddable":true,"href":"https:\/\/site.educa.madrid.org\/ies.lazarocardenas.colladovillalba\/index.php\/wp-json\/wp\/v2\/folder?post=2863"}],"curies":[{"name":"wp","href":"https:\/\/api.w.org\/{rel}","templated":true}]}}