{"id":2971,"date":"2022-09-20T15:32:58","date_gmt":"2022-09-20T13:32:58","guid":{"rendered":"https:\/\/site.educa.madrid.org\/ies.lazarocardenas.colladovillalba\/?page_id=2971"},"modified":"2026-04-09T19:23:54","modified_gmt":"2026-04-09T17:23:54","slug":"informatica-ies-lazaro-cardenas-2","status":"publish","type":"page","link":"https:\/\/site.educa.madrid.org\/ies.lazarocardenas.colladovillalba\/index.php\/informatica-ies-lazaro-cardenas-2\/","title":{"rendered":"Inform\u00e1tica IES L\u00e1zaro C\u00e1rdenas"},"content":{"rendered":"<div id=\"pl-2971\"  class=\"panel-layout\" ><div id=\"pg-2971-0\"  class=\"panel-grid panel-has-style\" ><div class=\"so-parallax siteorigin-panels-stretch panel-row-style panel-row-style-for-2971-0\" data-stretch-type=\"full-width-stretch\" ><img fetchpriority=\"high\" decoding=\"async\" width=\"1440\" height=\"493\" src=\"https:\/\/site.educa.madrid.org\/ies.lazarocardenas.colladovillalba\/\/wp-content\/uploads\/ies.lazarocardenas.colladovillalba\/2022\/07\/Conoce-nuestro-programa.png\" class=\"attachment-full size-full\" alt=\"\" data-siteorigin-parallax=\"true\" loading=\"eager\" srcset=\"https:\/\/site.educa.madrid.org\/ies.lazarocardenas.colladovillalba\/\/wp-content\/uploads\/ies.lazarocardenas.colladovillalba\/2022\/07\/Conoce-nuestro-programa.png 1440w, https:\/\/site.educa.madrid.org\/ies.lazarocardenas.colladovillalba\/\/wp-content\/uploads\/ies.lazarocardenas.colladovillalba\/2022\/07\/Conoce-nuestro-programa-300x103.png 300w, https:\/\/site.educa.madrid.org\/ies.lazarocardenas.colladovillalba\/\/wp-content\/uploads\/ies.lazarocardenas.colladovillalba\/2022\/07\/Conoce-nuestro-programa-1024x351.png 1024w, https:\/\/site.educa.madrid.org\/ies.lazarocardenas.colladovillalba\/\/wp-content\/uploads\/ies.lazarocardenas.colladovillalba\/2022\/07\/Conoce-nuestro-programa-768x263.png 768w\" sizes=\"100vw\" \/><div id=\"pgc-2971-0-0\"  class=\"panel-grid-cell panel-grid-cell-empty\" ><\/div><\/div><\/div><div id=\"pg-2971-1\"  class=\"panel-grid panel-has-style\" ><div class=\"siteorigin-panels-stretch panel-row-style panel-row-style-for-2971-1\" data-stretch-type=\"full-width-stretch\" ><div id=\"pgc-2971-1-0\"  class=\"panel-grid-cell\" ><div class=\"panel-cell-style panel-cell-style-for-2971-1-0\" ><div id=\"panel-2971-1-0-0\" class=\"so-panel widget widget_text panel-first-child panel-last-child\" data-index=\"0\" >\t\t\t<div class=\"textwidget\"><p><strong>Familia Profesional de Inform\u00e1tica y Comunicaciones<\/strong><\/p>\n<p><strong>Oferta de Formaci\u00f3n Profesional:<\/strong><\/p>\n<p><strong><u>Ciclos de Grado Superior:<\/u><\/strong><\/p>\n<ul>\n<li><strong>Administraci\u00f3n de Sistemas Inform\u00e1ticos en Red<\/strong>: se imparte en horario de\u00a0ma\u00f1ana.<\/li>\n<li><strong>Desarrollo de Aplicaciones Multiplataforma<\/strong>: se imparte en horario de\u00a0ma\u00f1ana.<\/li>\n<li><strong>Desarrollo de Aplicaciones Web<\/strong>: se imparte en horario de\u00a0tarde.<\/li>\n<\/ul>\n<p>El primer curso de los ciclos de grado superior de Desarrollo de Aplicaciones Multiplataforma y Desarrollo de Aplicaciones Web es com\u00fan en ambos ciclos, por lo que quienes finalicen uno de estos ciclos pueden acceder al segundo curso del otro y obtener la doble titulaci\u00f3n, cursando un \u00fanico curso adicional.<\/p>\n<p style=\"font-size: 20px;\"><strong>Aqu\u00ed puedes descargar varios tr\u00edpticos con la informaci\u00f3n de cada una de las ense\u00f1anzas:<\/strong><\/p>\n<p><a href=\"https:\/\/site.educa.madrid.org\/ies.lazarocardenas.colladovillalba\/\/wp-content\/uploads\/ies.lazarocardenas.colladovillalba\/2026\/04\/TRIPTICO-DAW-con-modulos.pdf\"><img loading=\"lazy\" decoding=\"async\" class=\"wp-image-6445 alignleft\" src=\"https:\/\/site.educa.madrid.org\/ies.lazarocardenas.colladovillalba\/\/wp-content\/uploads\/ies.lazarocardenas.colladovillalba\/2024\/03\/daw.jpg\" alt=\"\" width=\"225\" height=\"516\" srcset=\"https:\/\/site.educa.madrid.org\/ies.lazarocardenas.colladovillalba\/\/wp-content\/uploads\/ies.lazarocardenas.colladovillalba\/2024\/03\/daw.jpg 335w, https:\/\/site.educa.madrid.org\/ies.lazarocardenas.colladovillalba\/\/wp-content\/uploads\/ies.lazarocardenas.colladovillalba\/2024\/03\/daw-131x300.jpg 131w\" sizes=\"auto, (max-width: 225px) 100vw, 225px\" \/><\/a><a href=\"https:\/\/site.educa.madrid.org\/ies.lazarocardenas.colladovillalba\/\/wp-content\/uploads\/ies.lazarocardenas.colladovillalba\/2026\/04\/TRIPTICO-DAM-con-modulos.pdf\"><img loading=\"lazy\" decoding=\"async\" class=\"wp-image-6446 alignleft\" src=\"https:\/\/site.educa.madrid.org\/ies.lazarocardenas.colladovillalba\/\/wp-content\/uploads\/ies.lazarocardenas.colladovillalba\/2024\/03\/dam.jpg\" alt=\"\" width=\"230\" height=\"517\" srcset=\"https:\/\/site.educa.madrid.org\/ies.lazarocardenas.colladovillalba\/\/wp-content\/uploads\/ies.lazarocardenas.colladovillalba\/2024\/03\/dam.jpg 344w, https:\/\/site.educa.madrid.org\/ies.lazarocardenas.colladovillalba\/\/wp-content\/uploads\/ies.lazarocardenas.colladovillalba\/2024\/03\/dam-134x300.jpg 134w\" sizes=\"auto, (max-width: 230px) 100vw, 230px\" \/><\/a><\/p>\n<p><a href=\"https:\/\/site.educa.madrid.org\/ies.lazarocardenas.colladovillalba\/\/wp-content\/uploads\/ies.lazarocardenas.colladovillalba\/2026\/04\/TRIPTICO-ASIR-con-modulos.pdf\"><img loading=\"lazy\" decoding=\"async\" class=\"wp-image-6447 alignleft\" src=\"https:\/\/site.educa.madrid.org\/ies.lazarocardenas.colladovillalba\/\/wp-content\/uploads\/ies.lazarocardenas.colladovillalba\/2024\/03\/asir.jpg\" alt=\"\" width=\"224\" height=\"516\" srcset=\"https:\/\/site.educa.madrid.org\/ies.lazarocardenas.colladovillalba\/\/wp-content\/uploads\/ies.lazarocardenas.colladovillalba\/2024\/03\/asir.jpg 337w, https:\/\/site.educa.madrid.org\/ies.lazarocardenas.colladovillalba\/\/wp-content\/uploads\/ies.lazarocardenas.colladovillalba\/2024\/03\/asir-130x300.jpg 130w\" sizes=\"auto, (max-width: 224px) 100vw, 224px\" \/><\/a><\/p>\n<\/div>\n\t\t<\/div><\/div><\/div><div id=\"pgc-2971-1-1\"  class=\"panel-grid-cell\" ><div class=\"panel-cell-style panel-cell-style-for-2971-1-1\" ><div id=\"panel-2971-1-1-0\" class=\"so-panel widget widget_text panel-first-child\" data-index=\"1\" >\t\t\t<div class=\"textwidget\"><p><strong>Si quieres saber m\u00e1s sobre nuestras ense\u00f1anzas de Grado Superior de Inform\u00e1tica, nuestro profesor Mario Gago te explica en este video los contenidos, planes de estudio y salidas profesionales:<\/strong><\/p>\n<\/div>\n\t\t<\/div><div id=\"panel-2971-1-1-1\" class=\"so-panel widget widget_mediateca-widget\" data-index=\"2\" ><iframe loading=\"lazy\" src=\"https:\/\/mediateca.educa.madrid.org\/video\/y5vzgkrya5x1xltf\/fs\" width=\"420\" height=\"315\" frameborder=\"0\" scrolling=\"no\" style=\"border:0;overflow:hidden\" allowfullscreen><\/iframe><\/div><div id=\"panel-2971-1-1-2\" class=\"so-panel widget widget_sow-image panel-last-child\" data-index=\"3\" ><div\n\t\t\t\n\t\t\tclass=\"so-widget-sow-image so-widget-sow-image-default-c67d20f9f743-2971\"\n\t\t\t\n\t\t>\n\n<div class=\"sow-image-container\">\n\t\t<img loading=\"lazy\" decoding=\"async\" src=\"https:\/\/site.educa.madrid.org\/ies.lazarocardenas.colladovillalba\/\/wp-content\/uploads\/ies.lazarocardenas.colladovillalba\/2022\/07\/logotipo_reproduccion_normal_en_color.jpg\" width=\"252\" height=\"232\" sizes=\"auto, (max-width: 252px) 100vw, 252px\" alt=\"\" \t\tclass=\"so-widget-image\"\/>\n\t<\/div>\n\n<\/div><\/div><\/div><\/div><\/div><\/div><\/div>","protected":false},"excerpt":{"rendered":"<p>Familia Profesional de Inform\u00e1tica y Comunicaciones Oferta de Formaci\u00f3n Profesional: Ciclos de Grado Superior: Administraci\u00f3n de Sistemas Inform\u00e1ticos en Red: se imparte en horario de\u00a0ma\u00f1ana. Desarrollo de Aplicaciones Multiplataforma: se imparte en horario de\u00a0ma\u00f1ana. Desarrollo de Aplicaciones Web: se imparte en horario de\u00a0tarde. El primer curso de los ciclos de grado superior de Desarrollo de &hellip; <\/p>\n<p class=\"link-more\"><a href=\"https:\/\/site.educa.madrid.org\/ies.lazarocardenas.colladovillalba\/index.php\/informatica-ies-lazaro-cardenas-2\/\" class=\"more-link\">Continuar leyendo<span class=\"screen-reader-text\"> \u00abInform\u00e1tica IES L\u00e1zaro C\u00e1rdenas\u00bb<\/span><\/a><\/p>\n","protected":false},"author":3,"featured_media":0,"parent":0,"menu_order":0,"comment_status":"closed","ping_status":"closed","template":"","meta":{"footnotes":""},"folder":[],"class_list":["post-2971","page","type-page","status-publish","hentry"],"rttpg_featured_image_url":null,"rttpg_author":{"display_name":"ies.lazarocardenas.colladovillalba","author_link":"https:\/\/site.educa.madrid.org\/ies.lazarocardenas.colladovillalba\/index.php\/author\/cuenta_ies-lazarocardenas-colladovillalba\/"},"rttpg_comment":0,"rttpg_category":false,"rttpg_excerpt":"Familia Profesional de Inform\u00e1tica y Comunicaciones Oferta de Formaci\u00f3n Profesional: Ciclos de Grado Superior: Administraci\u00f3n de Sistemas Inform\u00e1ticos en Red: se imparte en horario de\u00a0ma\u00f1ana. Desarrollo de Aplicaciones Multiplataforma: se imparte en horario de\u00a0ma\u00f1ana. Desarrollo de Aplicaciones Web: se imparte en horario de\u00a0tarde. El primer curso de los ciclos de grado superior de Desarrollo de&hellip;","post_mailing_queue_ids":[],"_links":{"self":[{"href":"https:\/\/site.educa.madrid.org\/ies.lazarocardenas.colladovillalba\/index.php\/wp-json\/wp\/v2\/pages\/2971","targetHints":{"allow":["GET"]}}],"collection":[{"href":"https:\/\/site.educa.madrid.org\/ies.lazarocardenas.colladovillalba\/index.php\/wp-json\/wp\/v2\/pages"}],"about":[{"href":"https:\/\/site.educa.madrid.org\/ies.lazarocardenas.colladovillalba\/index.php\/wp-json\/wp\/v2\/types\/page"}],"author":[{"embeddable":true,"href":"https:\/\/site.educa.madrid.org\/ies.lazarocardenas.colladovillalba\/index.php\/wp-json\/wp\/v2\/users\/3"}],"replies":[{"embeddable":true,"href":"https:\/\/site.educa.madrid.org\/ies.lazarocardenas.colladovillalba\/index.php\/wp-json\/wp\/v2\/comments?post=2971"}],"version-history":[{"count":22,"href":"https:\/\/site.educa.madrid.org\/ies.lazarocardenas.colladovillalba\/index.php\/wp-json\/wp\/v2\/pages\/2971\/revisions"}],"predecessor-version":[{"id":2974,"href":"https:\/\/site.educa.madrid.org\/ies.lazarocardenas.colladovillalba\/index.php\/wp-json\/wp\/v2\/pages\/2971\/revisions\/2974"}],"wp:attachment":[{"href":"https:\/\/site.educa.madrid.org\/ies.lazarocardenas.colladovillalba\/index.php\/wp-json\/wp\/v2\/media?parent=2971"}],"wp:term":[{"taxonomy":"folder","embeddable":true,"href":"https:\/\/site.educa.madrid.org\/ies.lazarocardenas.colladovillalba\/index.php\/wp-json\/wp\/v2\/folder?post=2971"}],"curies":[{"name":"wp","href":"https:\/\/api.w.org\/{rel}","templated":true}]}}