{"id":3201,"date":"2022-09-21T14:45:46","date_gmt":"2022-09-21T12:45:46","guid":{"rendered":"https:\/\/site.educa.madrid.org\/ies.lazarocardenas.colladovillalba\/?page_id=3201"},"modified":"2025-07-11T11:37:22","modified_gmt":"2025-07-11T09:37:22","slug":"tramites","status":"publish","type":"page","link":"https:\/\/site.educa.madrid.org\/ies.lazarocardenas.colladovillalba\/index.php\/tramites\/","title":{"rendered":"Tr\u00e1mites"},"content":{"rendered":"<div id=\"pl-3201\"  class=\"panel-layout\" ><div id=\"pg-3201-0\"  class=\"panel-grid panel-has-style\" ><div class=\"so-parallax siteorigin-panels-stretch panel-row-style panel-row-style-for-3201-0\" data-stretch-type=\"full-width-stretch\" ><img fetchpriority=\"high\" decoding=\"async\" width=\"1440\" height=\"395\" src=\"https:\/\/site.educa.madrid.org\/ies.lazarocardenas.colladovillalba\/\/wp-content\/uploads\/ies.lazarocardenas.colladovillalba\/2022\/07\/historia-del-centro.png\" class=\"attachment-full size-full\" alt=\"\" data-siteorigin-parallax=\"true\" loading=\"eager\" srcset=\"https:\/\/site.educa.madrid.org\/ies.lazarocardenas.colladovillalba\/\/wp-content\/uploads\/ies.lazarocardenas.colladovillalba\/2022\/07\/historia-del-centro.png 1440w, https:\/\/site.educa.madrid.org\/ies.lazarocardenas.colladovillalba\/\/wp-content\/uploads\/ies.lazarocardenas.colladovillalba\/2022\/07\/historia-del-centro-300x82.png 300w, https:\/\/site.educa.madrid.org\/ies.lazarocardenas.colladovillalba\/\/wp-content\/uploads\/ies.lazarocardenas.colladovillalba\/2022\/07\/historia-del-centro-1024x281.png 1024w, https:\/\/site.educa.madrid.org\/ies.lazarocardenas.colladovillalba\/\/wp-content\/uploads\/ies.lazarocardenas.colladovillalba\/2022\/07\/historia-del-centro-768x211.png 768w\" sizes=\"100vw\" \/><div id=\"pgc-3201-0-0\"  class=\"panel-grid-cell panel-grid-cell-empty\" ><\/div><\/div><\/div><div id=\"pg-3201-1\"  class=\"panel-grid panel-has-style\" ><div class=\"siteorigin-panels-stretch panel-row-style panel-row-style-for-3201-1\" data-stretch-type=\"full-width-stretch\" ><div id=\"pgc-3201-1-0\"  class=\"panel-grid-cell\" ><div id=\"panel-3201-1-0-0\" class=\"so-panel widget widget_text panel-first-child\" data-index=\"0\" >\t\t\t<div class=\"textwidget\"><p style=\"font-size: 20px;\"><strong>ATENCI\u00d3N PRESENCIAL<\/strong><\/p>\n<p style=\"font-size: 20px;\">Para cualquier tr\u00e1mite administrativo (certificados, tasas, recogida de t\u00edtulos, etc.) pueden contactar en el correo secretaria.ies.lazarocardenas.colladovillalba@educa.madrid.org para solicitar cualquier documentaci\u00f3n o en el tel\u00e9fono 918514581 (en horario de 9 a 13:00).:<\/p>\n<p style=\"font-size: 20px;\"><strong>SOLICITUD T\u00cdTULO BACHILLERATO:<\/strong><\/p>\n<p style=\"font-size: 20px;\">Para solicitar el t\u00edtulo debe realizar el pago de la tasa siguiendo las instrucciones que aparecen al final de esta p\u00e1gina (pago de tasas)<\/p>\n<p style=\"font-size: 20px;\">Env\u00ede el justificante de pago al correo electr\u00f3nico secretaria.ies.lazarocardenas.colladovillalba@educa.madrid.org junto con:<\/p>\n<p style=\"font-size: 20px;\">Una fotocopia del DNI<br \/>\nCarnet de familia numerosa en vigor para aquellos que dispongan de \u00e9l y puedan acogerse a las bonificaciones.<br \/>\nSolicitud del t\u00edtulo que se encuentra en ese mismo enlace.<\/p>\n<p style=\"font-size: 20px;\">Una vez recibida la solicitud del t\u00edtulo y el pago del modelo 030, preparamos el certificado que podr\u00e1 recoger en la secretar\u00eda del centro una vez hayamos retomado la actividad normal y que tambi\u00e9n le enviaremos a su correo electr\u00f3nico.<\/p>\n<p style=\"font-size: 20px;\"><strong>PROCEDIMIENTO RECLAMACI\u00d3N NOTAS EVALUACI\u00d3N FINAL ORDINARIA O EXTRAORDINARIA<\/strong><\/p>\n<p style=\"font-size: 20px;\">Cualquier reclamaci\u00f3n a las notas finales se recomienda tratarla en primer lugar entre el alumno y el profesor. Aqu\u00ed pueden <strong><a href=\"https:\/\/site.educa.madrid.org\/ies.lazarocardenas.colladovillalba\/index.php\/documentos-centro\/\">descargar el listado<\/a><\/strong> con los correos electr\u00f3nicos de contacto de todos los profesores del centro. Si persiste el deseo de presentar la reclamaci\u00f3n, pueden <strong><a href=\"https:\/\/site.educa.madrid.org\/ies.lazarocardenas.colladovillalba\/index.php\/revisiones-y-reclamaciones\/\">consultar aqu\u00ed<\/a><\/strong> el procedimiento detallado y los modelos de revisi\u00f3n<\/p>\n<\/div>\n\t\t<\/div><div id=\"panel-3201-1-0-1\" class=\"so-panel widget widget_text\" data-index=\"1\" >\t\t\t<div class=\"textwidget\"><p style=\"font-size: 20px;\"><strong>SOLICITUDES<\/strong><\/p>\n<p style=\"font-size: 20px;\">Desde aqu\u00ed puedes descargar los modelos de solicitud m\u00e1s habituales. Recuerda presentarlos con la suficiente antelaci\u00f3n ya que el plazo para recogerlos suele ser de tres d\u00edas.<\/p>\n<\/div>\n\t\t<\/div><div id=\"panel-3201-1-0-2\" class=\"so-panel widget widget_sow-button\" data-index=\"2\" ><div\n\t\t\t\n\t\t\tclass=\"so-widget-sow-button so-widget-sow-button-wire-94755cff69db-3201\"\n\t\t\t\n\t\t><div class=\"ow-button-base ow-button-align-center\">\n\t<a\n\thref=\"https:\/\/site.educa.madrid.org\/ies.lazarocardenas.colladovillalba\/\/wp-content\/uploads\/ies.lazarocardenas.colladovillalba\/2025\/07\/Solicitud-General.pdf\"\n\t\tclass=\"ow-icon-placement-left ow-button-hover\" target=\"_blank\" rel=\"noopener noreferrer\" \t>\n\t\t<span>\n\t\t\t<span class=\"sow-icon-elegantline\" data-sow-icon=\"&#xe04d;\"\n\t\tstyle=\"color: #e34353\" \n\t\taria-hidden=\"true\"><\/span>\n\t\t\tSolicitud General (Modificaci\u00f3n datos personales, revisiones de ex\u00e1menes, etc.)\t\t<\/span>\n\t<\/a>\n<\/div>\n<\/div><\/div><div id=\"panel-3201-1-0-3\" class=\"so-panel widget widget_text\" data-index=\"3\" >\t\t\t<div class=\"textwidget\"><p style=\"font-size: 20px;\"><strong>Solicitudes Formaci\u00f3n Profesional:<\/strong><\/p>\n<\/div>\n\t\t<\/div><div id=\"panel-3201-1-0-4\" class=\"so-panel widget widget_sow-button\" data-index=\"4\" ><div\n\t\t\t\n\t\t\tclass=\"so-widget-sow-button so-widget-sow-button-wire-946e3da752a1-3201\"\n\t\t\t\n\t\t><div class=\"ow-button-base ow-button-align-center\">\n\t<a\n\thref=\"https:\/\/site.educa.madrid.org\/ies.lazarocardenas.colladovillalba\/\/wp-content\/uploads\/ies.lazarocardenas.colladovillalba\/2024\/05\/solicitud-aplazamiento-FCT-4R.pdf\"\n\t\tclass=\"ow-icon-placement-left ow-button-hover\" target=\"_blank\" rel=\"noopener noreferrer\" \t>\n\t\t<span>\n\t\t\t<span class=\"sow-icon-elegantline\" data-sow-icon=\"&#xe04d;\"\n\t\tstyle=\"color: #e34353\" \n\t\taria-hidden=\"true\"><\/span>\n\t\t\t Aplazamiento FCT\t\t<\/span>\n\t<\/a>\n<\/div>\n<\/div><\/div><div id=\"panel-3201-1-0-5\" class=\"so-panel widget widget_sow-button\" data-index=\"5\" ><div\n\t\t\t\n\t\t\tclass=\"so-widget-sow-button so-widget-sow-button-wire-946e3da752a1-3201\"\n\t\t\t\n\t\t><div class=\"ow-button-base ow-button-align-center\">\n\t<a\n\thref=\"https:\/\/site.educa.madrid.org\/ies.lazarocardenas.colladovillalba\/\/wp-content\/uploads\/ies.lazarocardenas.colladovillalba\/2022\/09\/solicitud-cancelacion-matricula-1R.pdf\"\n\t\tclass=\"ow-icon-placement-left ow-button-hover\" target=\"_blank\" rel=\"noopener noreferrer\" \t>\n\t\t<span>\n\t\t\t<span class=\"sow-icon-elegantline\" data-sow-icon=\"&#xe04d;\"\n\t\tstyle=\"color: #e34353\" \n\t\taria-hidden=\"true\"><\/span>\n\t\t\tCancelaci\u00f3n matr\u00edcula Ciclos Formativos\t\t<\/span>\n\t<\/a>\n<\/div>\n<\/div><\/div><div id=\"panel-3201-1-0-6\" class=\"so-panel widget widget_sow-button\" data-index=\"6\" ><div\n\t\t\t\n\t\t\tclass=\"so-widget-sow-button so-widget-sow-button-wire-946e3da752a1-3201\"\n\t\t\t\n\t\t><div class=\"ow-button-base ow-button-align-center\">\n\t<a\n\thref=\"https:\/\/site.educa.madrid.org\/ies.lazarocardenas.colladovillalba\/index.php\/convalidaciones-ciclos\/\"\n\t\tclass=\"ow-icon-placement-left ow-button-hover\" target=\"_blank\" rel=\"noopener noreferrer\" \t>\n\t\t<span>\n\t\t\t<span class=\"sow-icon-elegantline\" data-sow-icon=\"&#xe04d;\"\n\t\tstyle=\"color: #e34353\" \n\t\taria-hidden=\"true\"><\/span>\n\t\t\tConvalidaciones Ciclos Formativos\t\t<\/span>\n\t<\/a>\n<\/div>\n<\/div><\/div><div id=\"panel-3201-1-0-7\" class=\"so-panel widget widget_sow-button\" data-index=\"7\" ><div\n\t\t\t\n\t\t\tclass=\"so-widget-sow-button so-widget-sow-button-wire-946e3da752a1-3201\"\n\t\t\t\n\t\t><div class=\"ow-button-base ow-button-align-center\">\n\t<a\n\thref=\"https:\/\/site.educa.madrid.org\/ies.lazarocardenas.colladovillalba\/\/wp-content\/uploads\/ies.lazarocardenas.colladovillalba\/2022\/09\/Solicitud-exencion-FCT-13-N.pdf\"\n\t\tclass=\"ow-icon-placement-left ow-button-hover\" target=\"_blank\" rel=\"noopener noreferrer\" \t>\n\t\t<span>\n\t\t\t<span class=\"sow-icon-elegantline\" data-sow-icon=\"&#xe04d;\"\n\t\tstyle=\"color: #e34353\" \n\t\taria-hidden=\"true\"><\/span>\n\t\t\tExenci\u00f3n FCT\t\t<\/span>\n\t<\/a>\n<\/div>\n<\/div><\/div><div id=\"panel-3201-1-0-8\" class=\"so-panel widget widget_sow-button\" data-index=\"8\" ><div\n\t\t\t\n\t\t\tclass=\"so-widget-sow-button so-widget-sow-button-wire-946e3da752a1-3201\"\n\t\t\t\n\t\t><div class=\"ow-button-base ow-button-align-center\">\n\t<a\n\thref=\"https:\/\/site.educa.madrid.org\/ies.lazarocardenas.colladovillalba\/\/wp-content\/uploads\/ies.lazarocardenas.colladovillalba\/2024\/04\/solicitud-renuncia-convocatorias-3R-A.R.pdf\"\n\t\tclass=\"ow-icon-placement-left ow-button-hover\" target=\"_blank\" rel=\"noopener noreferrer\" \t>\n\t\t<span>\n\t\t\t<span class=\"sow-icon-elegantline\" data-sow-icon=\"&#xe04d;\"\n\t\tstyle=\"color: #e34353\" \n\t\taria-hidden=\"true\"><\/span>\n\t\t\tRenuncia convocatoria\t\t<\/span>\n\t<\/a>\n<\/div>\n<\/div><\/div><div id=\"panel-3201-1-0-9\" class=\"so-panel widget widget_text\" data-index=\"9\" >\t\t\t<div class=\"textwidget\"><p style=\"font-size: 20px;\"><strong>PAGO DE TASAS<\/strong><\/p>\n<p style=\"font-size: 20px;\">El alumno que tenga que abonar las tasas para la obtenci\u00f3n de un t\u00edtulo o de matr\u00edcula de Grado Superior lo podr\u00e1 realizar desde<strong> <a href=\"https:\/\/gestiona7.madrid.org\/rtas_webapp_pagotasas\/#!\/main\" target=\"_blank\" rel=\"noopener\">este enlace<\/a><\/strong>.<br \/>\nUna vez ingresamos en la p\u00e1gina introducimos en el buscador el nombre del centro (IES L\u00e1zaro C\u00e1rdenas) y elige la tasa correspondiente.<br \/>\nA continuaci\u00f3n el alumno deber\u00e1 completar el formulario con sus datos personales.<\/p>\n<p style=\"font-size: 20px;\"><strong>FORMA DE PAGO:<\/strong><\/p>\n<p style=\"font-size: 20px;\">-En efectivo con el impreso correctamente relleno en las siguientes Entidades Financieras: Caixabank, Banco Bilbao Vizcaya Argentaria SA (BBVA), Bankia, Banco de Sabadell SA (Bancosabadell), Banco Santander SA (Santander) y Banco Popular Espa\u00f1ol SA (Banco Popular).<\/p>\n<p style=\"font-size: 20px;\">-Telem\u00e1tico seleccion\u00e1ndolo en la propia web cuando solicite elegir entre EFECTIVO y TELEM\u00c1TICO. En este caso el interesado deber\u00e1 estar en posesi\u00f3n de uno de los certificados digitales de firma electr\u00f3nica reconocidos por la Comunidad de Madrid, entre los que se contempla el DNI digital.<\/p>\n<p style=\"font-size: 20px;\"><strong>EXENCIONES Y BONIFICACIONES:<\/strong><\/p>\n<p style=\"font-size: 20px;\">-Exentos del pago de la Tasa: v\u00edctimas del terrorismo, sus c\u00f3nyuges e hijos y los miembros de familias numerosas de Categor\u00eda Especial<\/p>\n<p style=\"font-size: 20px;\">-Bonificaci\u00f3n del 50% de la Tasa: miembros de familias numerosas de Categor\u00eda General.<\/p>\n<p style=\"font-size: 20px;\">-En todo caso habr\u00e1 de aportarse documentaci\u00f3n acreditativa en vigor.<\/p>\n<p style=\"font-size: 20px;\">Finalmente el alumno\/a entregar\u00e1 en su Centro docente el impreso 030 acreditativo del pago, junto con una fotocopia de su documento personal de identidad (DNI, NIE, PASAPORTE), y la solicitud de petici\u00f3n de t\u00edtulo (descargar desde aqu\u00ed) para que pueda comenzar la tramitaci\u00f3n de su T\u00edtulo.<\/p>\n<\/div>\n\t\t<\/div><div id=\"panel-3201-1-0-10\" class=\"so-panel widget widget_sow-button\" data-index=\"10\" ><div\n\t\t\t\n\t\t\tclass=\"so-widget-sow-button so-widget-sow-button-wire-94755cff69db-3201\"\n\t\t\t\n\t\t><div class=\"ow-button-base ow-button-align-center\">\n\t<a\n\thref=\"https:\/\/site.educa.madrid.org\/ies.lazarocardenas.colladovillalba\/\/wp-content\/uploads\/ies.lazarocardenas.colladovillalba\/2025\/07\/Peticion-Titulo.pdf\"\n\t\tclass=\"ow-icon-placement-left ow-button-hover\" target=\"_blank\" rel=\"noopener noreferrer\" \t>\n\t\t<span>\n\t\t\t<span class=\"sow-icon-elegantline\" data-sow-icon=\"&#xe04d;\"\n\t\tstyle=\"color: #e34353\" \n\t\taria-hidden=\"true\"><\/span>\n\t\t\tPETICI\u00d3N T\u00cdTULO\t\t<\/span>\n\t<\/a>\n<\/div>\n<\/div><\/div><div id=\"panel-3201-1-0-11\" class=\"so-panel widget widget_text panel-last-child\" data-index=\"11\" >\t\t\t<div class=\"textwidget\"><p style=\"font-size: 20px;\"><strong>BECAS<\/strong><\/p>\n<p style=\"font-size: 20px;\">En los siguientes enlaces puedes obtener informaci\u00f3n sobre becas y ayudas:<\/p>\n<p style=\"font-size: 20px;\">&#8211;<a href=\"https:\/\/www.educacionyfp.gob.es\/servicios-al-ciudadano\/catalogo\/estudiantes\/becas-ayudas\/para-estudiar\/formacion-profesional\/necesidad-especifica-apoyo-educativo.html\">Ayudas para alumnos con necesidad espec\u00edfica de apoyo educativo (ESO)<\/a><\/p>\n<p style=\"font-size: 20px;\">&#8211;<a href=\"https:\/\/www.becaseducacion.gob.es\/becas-y-ayudas\/fp-bachillerato-otros\/tipos-de-becas.html\" target=\"_blank\" rel=\"noopener\">Becas Bachillerato, Ciclos Formativos y Programas de Cualificaci\u00f3n Profesional Inicial<\/a><\/p>\n<p style=\"font-size: 20px;\"><strong>CONVALIDACIONES<\/strong><\/p>\n<p style=\"font-size: 20px;\">La convalidaci\u00f3n de estudios extranjeros por cursos espa\u00f1oles de educaci\u00f3n no universitaria supone la declaraci\u00f3n de la equivalencia de aqu\u00e9llos con estos \u00faltimos a efectos de continuar estudios en un Centro docente espa\u00f1ol.<br \/>\n<a href=\"https:\/\/www.educacionyfp.gob.es\/educacion\/sistema-educativo\/convalidaciones\/titulos-no-universitarios.html\" target=\"_blank\" rel=\"noopener\">M\u00e1s informaci\u00f3n<\/a><\/p>\n<p style=\"font-size: 20px;\">\n<\/div>\n\t\t<\/div><\/div><div id=\"pgc-3201-1-1\"  class=\"panel-grid-cell\" ><div id=\"panel-3201-1-1-0\" class=\"so-panel widget widget_sow-button panel-first-child\" data-index=\"12\" ><div\n\t\t\t\n\t\t\tclass=\"so-widget-sow-button so-widget-sow-button-wire-94755cff69db-3201\"\n\t\t\t\n\t\t><div class=\"ow-button-base ow-button-align-center\">\n\t<a\n\thref=\"https:\/\/site.educa.madrid.org\/ies.lazarocardenas.colladovillalba\/\/wp-content\/uploads\/ies.lazarocardenas.colladovillalba\/2025\/02\/Importes-y-epigrafes-de-tasas-segun-titulos-2025.pdf\"\n\t\tclass=\"ow-icon-placement-left ow-button-hover\" target=\"_blank\" rel=\"noopener noreferrer\" \t>\n\t\t<span>\n\t\t\t<span class=\"sow-icon-elegantline\" data-sow-icon=\"&#xe04d;\"\n\t\tstyle=\"color: #e34353\" \n\t\taria-hidden=\"true\"><\/span>\n\t\t\tImportes y ep\u00edgrafes de tasas seg\u00fan t\u00edtulos 2025\t\t<\/span>\n\t<\/a>\n<\/div>\n<\/div><\/div><div id=\"panel-3201-1-1-1\" class=\"so-panel widget widget_sow-button\" data-index=\"13\" ><div\n\t\t\t\n\t\t\tclass=\"so-widget-sow-button so-widget-sow-button-wire-94755cff69db-3201\"\n\t\t\t\n\t\t><div class=\"ow-button-base ow-button-align-center\">\n\t<a\n\thref=\"https:\/\/site.educa.madrid.org\/ies.lazarocardenas.colladovillalba\/\/wp-content\/uploads\/ies.lazarocardenas.colladovillalba\/2025\/02\/MODELO-030-EPIGRAFE-1911-5149.pdf\"\n\t\tclass=\"ow-icon-placement-left ow-button-hover\" target=\"_blank\" rel=\"noopener noreferrer\" \t>\n\t\t<span>\n\t\t\t<span class=\"sow-icon-elegantline\" data-sow-icon=\"&#xe04d;\"\n\t\tstyle=\"color: #e34353\" \n\t\taria-hidden=\"true\"><\/span>\n\t\t\tAyuda modelo 030 para t\u00edtulos de Bachiller, T\u00e9cnico y T\u00e9cnico Superior.\t\t<\/span>\n\t<\/a>\n<\/div>\n<\/div><\/div><div id=\"panel-3201-1-1-2\" class=\"so-panel widget widget_sow-button\" data-index=\"14\" ><div\n\t\t\t\n\t\t\tclass=\"so-widget-sow-button so-widget-sow-button-wire-94755cff69db-3201\"\n\t\t\t\n\t\t><div class=\"ow-button-base ow-button-align-center\">\n\t<a\n\thref=\"https:\/\/site.educa.madrid.org\/ies.lazarocardenas.colladovillalba\/\/wp-content\/uploads\/ies.lazarocardenas.colladovillalba\/2025\/02\/MODELO-030-DUPLICADO-TITULOS.pdf\"\n\t\tclass=\"ow-icon-placement-left ow-button-hover\" target=\"_blank\" rel=\"noopener noreferrer\" \t>\n\t\t<span>\n\t\t\t<span class=\"sow-icon-elegantline\" data-sow-icon=\"&#xe04d;\"\n\t\tstyle=\"color: #e34353\" \n\t\taria-hidden=\"true\"><\/span>\n\t\t\tAyuda modelo 030 para solicitar duplicados de t\u00edtulos\t\t<\/span>\n\t<\/a>\n<\/div>\n<\/div><\/div><div id=\"panel-3201-1-1-3\" class=\"so-panel widget widget_sow-button panel-last-child\" data-index=\"15\" ><div\n\t\t\t\n\t\t\tclass=\"so-widget-sow-button so-widget-sow-button-wire-94755cff69db-3201\"\n\t\t\t\n\t\t><div class=\"ow-button-base ow-button-align-center\">\n\t<a\n\thref=\"https:\/\/site.educa.madrid.org\/ies.lazarocardenas.colladovillalba\/\/wp-content\/uploads\/ies.lazarocardenas.colladovillalba\/2025\/02\/Instrucciones-devolucion-tasas-de-titulos.pdf\"\n\t\tclass=\"ow-icon-placement-left ow-button-hover\" target=\"_blank\" rel=\"noopener noreferrer\" \t>\n\t\t<span>\n\t\t\t<span class=\"sow-icon-elegantline\" data-sow-icon=\"&#xe04d;\"\n\t\tstyle=\"color: #e34353\" \n\t\taria-hidden=\"true\"><\/span>\n\t\t\tInstrucciones solicitud devoluci\u00f3n tasas\t\t<\/span>\n\t<\/a>\n<\/div>\n<\/div><\/div><\/div><\/div><\/div><\/div>","protected":false},"excerpt":{"rendered":"<p>ATENCI\u00d3N PRESENCIAL Para cualquier tr\u00e1mite administrativo (certificados, tasas, recogida de t\u00edtulos, etc.) pueden contactar en el correo secretaria.ies.lazarocardenas.colladovillalba@educa.madrid.org para solicitar cualquier documentaci\u00f3n o en el tel\u00e9fono 918514581 (en horario de 9 a 13:00).: SOLICITUD T\u00cdTULO BACHILLERATO: Para solicitar el t\u00edtulo debe realizar el pago de la tasa siguiendo las instrucciones que aparecen al final de &hellip; <\/p>\n<p class=\"link-more\"><a href=\"https:\/\/site.educa.madrid.org\/ies.lazarocardenas.colladovillalba\/index.php\/tramites\/\" class=\"more-link\">Continuar leyendo<span class=\"screen-reader-text\"> \u00abTr\u00e1mites\u00bb<\/span><\/a><\/p>\n","protected":false},"author":3,"featured_media":0,"parent":0,"menu_order":0,"comment_status":"closed","ping_status":"closed","template":"","meta":{"footnotes":""},"folder":[],"class_list":["post-3201","page","type-page","status-publish","hentry"],"rttpg_featured_image_url":null,"rttpg_author":{"display_name":"ies.lazarocardenas.colladovillalba","author_link":"https:\/\/site.educa.madrid.org\/ies.lazarocardenas.colladovillalba\/index.php\/author\/cuenta_ies-lazarocardenas-colladovillalba\/"},"rttpg_comment":0,"rttpg_category":false,"rttpg_excerpt":"ATENCI\u00d3N PRESENCIAL Para cualquier tr\u00e1mite administrativo (certificados, tasas, recogida de t\u00edtulos, etc.) pueden contactar en el correo secretaria.ies.lazarocardenas.colladovillalba@educa.madrid.org para solicitar cualquier documentaci\u00f3n o en el tel\u00e9fono 918514581 (en horario de 9 a 13:00).: SOLICITUD T\u00cdTULO BACHILLERATO: Para solicitar el t\u00edtulo debe realizar el pago de la tasa siguiendo las instrucciones que aparecen al final de&hellip;","post_mailing_queue_ids":[],"_links":{"self":[{"href":"https:\/\/site.educa.madrid.org\/ies.lazarocardenas.colladovillalba\/index.php\/wp-json\/wp\/v2\/pages\/3201","targetHints":{"allow":["GET"]}}],"collection":[{"href":"https:\/\/site.educa.madrid.org\/ies.lazarocardenas.colladovillalba\/index.php\/wp-json\/wp\/v2\/pages"}],"about":[{"href":"https:\/\/site.educa.madrid.org\/ies.lazarocardenas.colladovillalba\/index.php\/wp-json\/wp\/v2\/types\/page"}],"author":[{"embeddable":true,"href":"https:\/\/site.educa.madrid.org\/ies.lazarocardenas.colladovillalba\/index.php\/wp-json\/wp\/v2\/users\/3"}],"replies":[{"embeddable":true,"href":"https:\/\/site.educa.madrid.org\/ies.lazarocardenas.colladovillalba\/index.php\/wp-json\/wp\/v2\/comments?post=3201"}],"version-history":[{"count":50,"href":"https:\/\/site.educa.madrid.org\/ies.lazarocardenas.colladovillalba\/index.php\/wp-json\/wp\/v2\/pages\/3201\/revisions"}],"predecessor-version":[{"id":7166,"href":"https:\/\/site.educa.madrid.org\/ies.lazarocardenas.colladovillalba\/index.php\/wp-json\/wp\/v2\/pages\/3201\/revisions\/7166"}],"wp:attachment":[{"href":"https:\/\/site.educa.madrid.org\/ies.lazarocardenas.colladovillalba\/index.php\/wp-json\/wp\/v2\/media?parent=3201"}],"wp:term":[{"taxonomy":"folder","embeddable":true,"href":"https:\/\/site.educa.madrid.org\/ies.lazarocardenas.colladovillalba\/index.php\/wp-json\/wp\/v2\/folder?post=3201"}],"curies":[{"name":"wp","href":"https:\/\/api.w.org\/{rel}","templated":true}]}}