{"id":3297,"date":"2022-09-21T19:38:12","date_gmt":"2022-09-21T17:38:12","guid":{"rendered":"https:\/\/site.educa.madrid.org\/ies.lazarocardenas.colladovillalba\/?page_id=3297"},"modified":"2024-03-05T16:53:18","modified_gmt":"2024-03-05T15:53:18","slug":"concurso-emprendimiento","status":"publish","type":"page","link":"https:\/\/site.educa.madrid.org\/ies.lazarocardenas.colladovillalba\/index.php\/concurso-emprendimiento\/","title":{"rendered":"Concurso Emprendimiento"},"content":{"rendered":"<div id=\"pl-3297\"  class=\"panel-layout\" ><div id=\"pg-3297-0\"  class=\"panel-grid panel-has-style\" ><div class=\"so-parallax siteorigin-panels-stretch panel-row-style panel-row-style-for-3297-0\" data-stretch-type=\"full-stretched-padded\" ><img fetchpriority=\"high\" decoding=\"async\" width=\"1440\" height=\"493\" src=\"https:\/\/site.educa.madrid.org\/ies.lazarocardenas.colladovillalba\/\/wp-content\/uploads\/ies.lazarocardenas.colladovillalba\/2022\/07\/Conoce-nuestro-programa.png\" class=\"attachment-full size-full\" alt=\"\" data-siteorigin-parallax=\"true\" loading=\"eager\" srcset=\"https:\/\/site.educa.madrid.org\/ies.lazarocardenas.colladovillalba\/\/wp-content\/uploads\/ies.lazarocardenas.colladovillalba\/2022\/07\/Conoce-nuestro-programa.png 1440w, https:\/\/site.educa.madrid.org\/ies.lazarocardenas.colladovillalba\/\/wp-content\/uploads\/ies.lazarocardenas.colladovillalba\/2022\/07\/Conoce-nuestro-programa-300x103.png 300w, https:\/\/site.educa.madrid.org\/ies.lazarocardenas.colladovillalba\/\/wp-content\/uploads\/ies.lazarocardenas.colladovillalba\/2022\/07\/Conoce-nuestro-programa-1024x351.png 1024w, https:\/\/site.educa.madrid.org\/ies.lazarocardenas.colladovillalba\/\/wp-content\/uploads\/ies.lazarocardenas.colladovillalba\/2022\/07\/Conoce-nuestro-programa-768x263.png 768w\" sizes=\"100vw\" \/><div id=\"pgc-3297-0-0\"  class=\"panel-grid-cell panel-grid-cell-empty\" ><\/div><\/div><\/div><div id=\"pg-3297-1\"  class=\"panel-grid panel-has-style\" ><div class=\"siteorigin-panels-stretch panel-row-style panel-row-style-for-3297-1\" data-stretch-type=\"full-stretched-padded\" ><div id=\"pgc-3297-1-0\"  class=\"panel-grid-cell\" ><div class=\"panel-cell-style panel-cell-style-for-3297-1-0\" ><div id=\"panel-3297-1-0-0\" class=\"so-panel widget widget_sow-image panel-first-child\" data-index=\"0\" ><div\n\t\t\t\n\t\t\tclass=\"so-widget-sow-image so-widget-sow-image-default-c67d20f9f743-3297\"\n\t\t\t\n\t\t>\n\n<div class=\"sow-image-container\">\n\t\t<img loading=\"lazy\" decoding=\"async\" src=\"https:\/\/site.educa.madrid.org\/ies.lazarocardenas.colladovillalba\/\/wp-content\/uploads\/ies.lazarocardenas.colladovillalba\/2022\/07\/logo-concurso-emprendimiento.png\" width=\"1080\" height=\"1080\" srcset=\"https:\/\/site.educa.madrid.org\/ies.lazarocardenas.colladovillalba\/\/wp-content\/uploads\/ies.lazarocardenas.colladovillalba\/2022\/07\/logo-concurso-emprendimiento.png 1080w, https:\/\/site.educa.madrid.org\/ies.lazarocardenas.colladovillalba\/\/wp-content\/uploads\/ies.lazarocardenas.colladovillalba\/2022\/07\/logo-concurso-emprendimiento-300x300.png 300w, https:\/\/site.educa.madrid.org\/ies.lazarocardenas.colladovillalba\/\/wp-content\/uploads\/ies.lazarocardenas.colladovillalba\/2022\/07\/logo-concurso-emprendimiento-1024x1024.png 1024w, https:\/\/site.educa.madrid.org\/ies.lazarocardenas.colladovillalba\/\/wp-content\/uploads\/ies.lazarocardenas.colladovillalba\/2022\/07\/logo-concurso-emprendimiento-150x150.png 150w, https:\/\/site.educa.madrid.org\/ies.lazarocardenas.colladovillalba\/\/wp-content\/uploads\/ies.lazarocardenas.colladovillalba\/2022\/07\/logo-concurso-emprendimiento-768x768.png 768w, https:\/\/site.educa.madrid.org\/ies.lazarocardenas.colladovillalba\/\/wp-content\/uploads\/ies.lazarocardenas.colladovillalba\/2022\/07\/logo-concurso-emprendimiento-100x100.png 100w\" sizes=\"auto, (max-width: 706px) 89vw, (max-width: 767px) 82vw, 740px\" title=\"logo concurso emprendimiento\" alt=\"\" \t\tclass=\"so-widget-image\"\/>\n\t<\/div>\n\n<\/div><\/div><div id=\"panel-3297-1-0-1\" class=\"so-panel widget widget_text\" data-index=\"1\" >\t\t\t<div class=\"textwidget\"><p style=\"font-size: 28px;\"><strong>I CONCURSO DE EMPRENDIMIENTO<\/strong><\/p>\n<p style=\"font-size: 20px;\">El curso 2021-22 hemos celebrado el primer concurso de emprendimiento en el que participan alumnos de nuestro centro que est\u00e9n cursando las asignaturas de Empresa e Iniciativa Emprendedora, tambi\u00e9n est\u00e1n invitados todos aquellos alumnos que, aun no cursando este m\u00f3dulo en particular, s\u00ed est\u00e9n cursando otros relacionados con el emprendimiento, como podr\u00eda ser Simulaci\u00f3n empresarial o Gesti\u00f3n de eventos.<\/p>\n<p style=\"font-size: 20px;\">El objetivo es motivar a nuestros alumnos para conseguir una mayor capacidad y habilidad emprendedoras, despertar su inter\u00e9s por la creaci\u00f3n de empresas y potenciar habilidades como la innovaci\u00f3n, la creatividad y la responsabilidad social.<\/p>\n<\/div>\n\t\t<\/div><div id=\"panel-3297-1-0-2\" class=\"so-panel widget widget_sow-button\" data-index=\"2\" ><div\n\t\t\t\n\t\t\tclass=\"so-widget-sow-button so-widget-sow-button-wire-946e3da752a1-3297\"\n\t\t\t\n\t\t><div class=\"ow-button-base ow-button-align-center\">\n\t<a\n\thref=\"https:\/\/site.educa.madrid.org\/ies.lazarocardenas.colladovillalba\/\/wp-content\/uploads\/ies.lazarocardenas.colladovillalba\/2022\/09\/bases-concurso-emprendimiento.pdf\"\n\t\tclass=\"ow-icon-placement-left ow-button-hover\" target=\"_blank\" rel=\"noopener noreferrer\" \t>\n\t\t<span>\n\t\t\t<span class=\"sow-icon-elegantline\" data-sow-icon=\"&#xe04d;\"\n\t\tstyle=\"color: #e34353\" \n\t\taria-hidden=\"true\"><\/span>\n\t\t\tDescarga aqu\u00ed las bases\t\t<\/span>\n\t<\/a>\n<\/div>\n<\/div><\/div><div id=\"panel-3297-1-0-3\" class=\"so-panel widget widget_text panel-last-child\" data-index=\"3\" >\t\t\t<div class=\"textwidget\"><p style=\"font-size: 20px;\"><a href=\"https:\/\/lavozdelasierra.es\/?powerpress_pinw=41532-podcast\" target=\"_blank\" rel=\"noopener\">Escucha aqu\u00ed la entrevista<\/a> a Paquita Escribanos y Carolina Sobr\u00f3n, profesoras del Dpto. de Formaci\u00f3n y Orientaci\u00f3n Laboral, explicando en la Cadena Ser nuestro concurso de Emprendimiento..<\/p>\n<\/div>\n\t\t<\/div><\/div><\/div><div id=\"pgc-3297-1-1\"  class=\"panel-grid-cell\" ><div id=\"panel-3297-1-1-0\" class=\"so-panel widget widget_text panel-first-child\" data-index=\"4\" >\t\t\t<div class=\"textwidget\"><p style=\"font-size: 28px;\"><strong>\u00a0II CONCURSO IDEAS EMPRENDEDORAS<\/strong><\/p>\n<p style=\"font-size: 20px;\">El pasado 2 de marzo celebramos la final del II Concurso de Ideas Emprendedoras del L\u00e1zaro. En el Aula Profesional de Emprendimiento los cuatro equipos finalistas de cada categor\u00eda presentaron sus planes de empresa ante el jurado.<\/p>\n<p style=\"font-size: 20px;\">Queremos agradecer a todos los equipos el esp\u00edritu con el que han participado en este concurso, el entusiasmo, el esfuerzo y el af\u00e1n de superaci\u00f3n. A los que han ganado, nuestra m\u00e1s sincer\u00edsima enhorabuena, y a los que no,\u00a0una enhorabuena igual de enorme, sois todos muy GRANDES, el trabajo ha sido fant\u00e1stico y\u00a0 el jurado ha quedado gratamente sorprendido, les ha resultado muy, muy dif\u00edcil decidir.<\/p>\n<p style=\"font-size: 20px;\">\u00a1\u00a1Gracias por el esfuerzo realizado!!<\/p>\n<\/div>\n\t\t<\/div><div id=\"panel-3297-1-1-1\" class=\"so-panel widget widget_sow-button\" data-index=\"5\" ><div\n\t\t\t\n\t\t\tclass=\"so-widget-sow-button so-widget-sow-button-wire-946e3da752a1-3297\"\n\t\t\t\n\t\t><div class=\"ow-button-base ow-button-align-center\">\n\t<a\n\thref=\"https:\/\/site.educa.madrid.org\/ies.lazarocardenas.colladovillalba\/\/wp-content\/uploads\/ies.lazarocardenas.colladovillalba\/2023\/03\/GANADORES.pdf\"\n\t\tclass=\"ow-icon-placement-left ow-button-hover\" target=\"_blank\" rel=\"noopener noreferrer\" \t>\n\t\t<span>\n\t\t\t<span class=\"sow-icon-elegantline\" data-sow-icon=\"&#xe04d;\"\n\t\tstyle=\"color: #e34353\" \n\t\taria-hidden=\"true\"><\/span>\n\t\t\tDescarga aqu\u00ed los resultados finales\t\t<\/span>\n\t<\/a>\n<\/div>\n<\/div><\/div><div id=\"panel-3297-1-1-2\" class=\"so-panel widget widget_sow-image\" data-index=\"6\" ><div\n\t\t\t\n\t\t\tclass=\"so-widget-sow-image so-widget-sow-image-default-4e6925654b7a-3297\"\n\t\t\t\n\t\t>\n\n<div class=\"sow-image-container\">\n\t\t<img loading=\"lazy\" decoding=\"async\" src=\"https:\/\/site.educa.madrid.org\/ies.lazarocardenas.colladovillalba\/\/wp-content\/uploads\/ies.lazarocardenas.colladovillalba\/2023\/03\/II-concuro-emprendimiento.jpg\" width=\"1080\" height=\"1080\" srcset=\"https:\/\/site.educa.madrid.org\/ies.lazarocardenas.colladovillalba\/\/wp-content\/uploads\/ies.lazarocardenas.colladovillalba\/2023\/03\/II-concuro-emprendimiento.jpg 1080w, https:\/\/site.educa.madrid.org\/ies.lazarocardenas.colladovillalba\/\/wp-content\/uploads\/ies.lazarocardenas.colladovillalba\/2023\/03\/II-concuro-emprendimiento-300x300.jpg 300w, https:\/\/site.educa.madrid.org\/ies.lazarocardenas.colladovillalba\/\/wp-content\/uploads\/ies.lazarocardenas.colladovillalba\/2023\/03\/II-concuro-emprendimiento-1024x1024.jpg 1024w, https:\/\/site.educa.madrid.org\/ies.lazarocardenas.colladovillalba\/\/wp-content\/uploads\/ies.lazarocardenas.colladovillalba\/2023\/03\/II-concuro-emprendimiento-150x150.jpg 150w, https:\/\/site.educa.madrid.org\/ies.lazarocardenas.colladovillalba\/\/wp-content\/uploads\/ies.lazarocardenas.colladovillalba\/2023\/03\/II-concuro-emprendimiento-768x768.jpg 768w\" sizes=\"auto, (max-width: 706px) 89vw, (max-width: 767px) 82vw, 740px\" title=\"II concuro emprendimiento\" alt=\"\" \t\tclass=\"so-widget-image\"\/>\n\t<\/div>\n\n<\/div><\/div><div id=\"panel-3297-1-1-3\" class=\"so-panel widget widget_text\" data-index=\"7\" >\t\t\t<div class=\"textwidget\"><p style=\"font-size: 28px;\"><strong>ENTREVISTA A LOS GANADORES DEL I CONCURSO EMPRENDIMIENTO<\/strong><\/p>\n<p style=\"font-size: 20px;\">El pasado 22 de marzo algunos de los alumnos ganadores del I Concurso Emprendimiento han sido entrevistados, junto a Paquita Escribano, profesora y una de las organizadoras del concurso, en la cadena Ser Sierra.<\/p>\n<p style=\"font-size: 20px;\"><a href=\"https:\/\/lavozdelasierra.es\/?powerpress_pinw=42310-podcast\" target=\"_blank\" rel=\"noopener\">Aqu\u00ed pod\u00e9is escuchar la entrevista completa<\/a><\/p>\n<\/div>\n\t\t<\/div><div id=\"panel-3297-1-1-4\" class=\"so-panel widget widget_sow-image\" data-index=\"8\" ><div\n\t\t\t\n\t\t\tclass=\"so-widget-sow-image so-widget-sow-image-default-4e6925654b7a-3297\"\n\t\t\t\n\t\t>\n\n<div class=\"sow-image-container\">\n\t\t<img loading=\"lazy\" decoding=\"async\" src=\"https:\/\/site.educa.madrid.org\/ies.lazarocardenas.colladovillalba\/\/wp-content\/uploads\/ies.lazarocardenas.colladovillalba\/2022\/07\/ENTRE2.jpg\" width=\"549\" height=\"412\" srcset=\"https:\/\/site.educa.madrid.org\/ies.lazarocardenas.colladovillalba\/\/wp-content\/uploads\/ies.lazarocardenas.colladovillalba\/2022\/07\/ENTRE2.jpg 549w, https:\/\/site.educa.madrid.org\/ies.lazarocardenas.colladovillalba\/\/wp-content\/uploads\/ies.lazarocardenas.colladovillalba\/2022\/07\/ENTRE2-300x225.jpg 300w\" sizes=\"auto, (max-width: 549px) 100vw, 549px\" alt=\"\" \t\tclass=\"so-widget-image\"\/>\n\t<\/div>\n\n<\/div><\/div><div id=\"panel-3297-1-1-5\" class=\"so-panel widget widget_text\" data-index=\"9\" >\t\t\t<div class=\"textwidget\"><p style=\"font-size: 28px;\"><strong>ENTREGA DE PREMIOS I CONCURSO EMPRENDIMIENTO<\/strong><\/p>\n<p style=\"font-size: 20px;\">El pasado jueves, 17 de marzo, hemos celebrado la entrega de premios del primer concurso de emprendimiento en el que han participado alumnos de Ciclos Formativos de nuestro centro que est\u00e1n cursando asignaturas relacionados con el emprendimiento, como Empresa, Iniciativa Emprendedora, Simulaci\u00f3n empresarial o Gesti\u00f3n de eventos. Agradecemos la asistencia de Yolanda Mart\u00ednez, concejal de Educaci\u00f3n, Ad\u00e1n Mart\u00ednez concejal de empleo del Ayuntamiento de Collado Villalba y Laura Mart\u00ednez del Servio Inspecci\u00f3n Educativa.<br \/>\nTambi\u00e9n nos ha acompa\u00f1ado Alejandro Est\u00e9vez, exalumno, que nos ha contado su experiencia como emprendedor con s\u00f3lo 19 a\u00f1os.<br \/>\nEmotivo d\u00eda para felicitar a todos los premiados por su gran trabajo y a Carolina Sobr\u00f3n y Paqui Escribano, profesoras de FOL y motores de esta iniciativa.<\/p>\n<\/div>\n\t\t<\/div><div id=\"panel-3297-1-1-6\" class=\"so-panel widget widget_sow-image\" data-index=\"10\" ><div\n\t\t\t\n\t\t\tclass=\"so-widget-sow-image so-widget-sow-image-default-4e6925654b7a-3297\"\n\t\t\t\n\t\t>\n\n<div class=\"sow-image-container\">\n\t\t<img loading=\"lazy\" decoding=\"async\" src=\"https:\/\/site.educa.madrid.org\/ies.lazarocardenas.colladovillalba\/\/wp-content\/uploads\/ies.lazarocardenas.colladovillalba\/2022\/07\/entrega-premios.jpg\" width=\"550\" height=\"254\" srcset=\"https:\/\/site.educa.madrid.org\/ies.lazarocardenas.colladovillalba\/\/wp-content\/uploads\/ies.lazarocardenas.colladovillalba\/2022\/07\/entrega-premios.jpg 550w, https:\/\/site.educa.madrid.org\/ies.lazarocardenas.colladovillalba\/\/wp-content\/uploads\/ies.lazarocardenas.colladovillalba\/2022\/07\/entrega-premios-300x139.jpg 300w\" sizes=\"auto, (max-width: 550px) 100vw, 550px\" title=\"entrega premios\" alt=\"\" \t\tclass=\"so-widget-image\"\/>\n\t<\/div>\n\n<\/div><\/div><div id=\"panel-3297-1-1-7\" class=\"so-panel widget widget_text panel-last-child\" data-index=\"11\" >\t\t\t<div class=\"textwidget\"><p style=\"font-size: 28px;\"><strong>FASE FINAL I CONCURSO EMPRENDIMIENTO<\/strong><\/p>\n<p style=\"font-size: 20px;\">El 23 de febrero hemos celebrado la final del I Concurso de Emprendimiento del IES L\u00e1zaro C\u00e1rdenas. Los 4 equipos finalistas de cada categor\u00eda han defendido unos excelentes proyectos que han puesto muy dif\u00edcil el trabajo del jurado.<\/p>\n<p style=\"font-size: 20px;\">Los equipos que han pasado a la fase final han sido:<\/p>\n<p style=\"font-size: 20px;\">Categor\u00eda Grado Superior:<\/p>\n<p style=\"font-size: 20px;\"><strong>\u00abFIT FAT RESTAURANTE\u00bb<\/strong> integrado por Yasmin Al Safadi, Maider Medina y Jennifer Larcos.<\/p>\n<p style=\"font-size: 20px;\"><strong>\u00abMAYuda\u00bb<\/strong> formado por Julia Carrillo Mayorga, Giovanny Cort\u00e9s Hern\u00e1ndez, Ariana Daniela S\u00e1nchez Werhmann y Pablo del Olmo de Casas.<\/p>\n<p style=\"font-size: 20px;\"><strong>\u00abPower Plug\u00bb<\/strong> formado por F. Javier Morote, \u00c1lvaro Monje y Alejandro Campos<\/p>\n<p style=\"font-size: 20px;\"><strong>\u00abVIVER\u00bb<\/strong> integrado por Jorge Salinero, Alejandro Ruiz, Aitor Losa y Emilio Hern\u00e1ndez.<\/p>\n<p>&nbsp;<\/p>\n<p style=\"font-size: 20px;\">Categor\u00eda Grado Medio:<\/p>\n<p style=\"font-size: 20px;\"><strong>\u00abDANDO VUELTAS\u00bb<\/strong> formado por Adri\u00e1n Herranz Lorente ,Basti\u00e1n Ignacio Concha Palma, Bilal El Ghoulbzouri y Victor Juan Herranz G\u00f3mez<\/p>\n<p style=\"font-size: 20px;\"><strong>\u00abJOB RETIRED\u00bb<\/strong> integrado por Arturo Camina, V\u00edctor Cuesta, \u00c1ngel Karsing y Pablo Garc\u00eda<\/p>\n<p style=\"font-size: 20px;\"><strong>\u00abMONTANA CLUB\u00bb<\/strong> formado por Manuel Garc\u00eda-Baquero, Erich Rafael Alonzo Ram\u00edrez y Hakim Tijarti<\/p>\n<p style=\"font-size: 20px;\"><strong>\u00abYSIVAS\u00bb<\/strong> creada por Yoel Le\u00f3n, Nicol\u00e1s Vargas, Juan Carlos Cevallos, Andr\u00e9s \u00c1vila, Hugo Bravo y Miguel Nieto.<\/p>\n<p>&nbsp;<\/p>\n<p style=\"font-size: 20px;\">Categor\u00eda Grado Medio:<\/p>\n<p style=\"font-size: 20px;\"><strong>CATEGOR\u00cdA DE GRADO SUPERIOR<\/strong>: Dado el similar nivel de esta categor\u00eda que ha llevado a un empate t\u00e9cnico el jurado ha decidido repartir primer y segundo premio en uno \u00fanico a partes iguales entre los equipos \u00abMAYuda\u00bb y \u00abFIT FAT RESTAURANTE\u00bb.<\/p>\n<p>&nbsp;<\/p>\n<p style=\"font-size: 20px;\"><strong>CATEGOR\u00cdA DE GRADO MEDIO:<\/strong><\/p>\n<p style=\"font-size: 20px;\"><strong>1\u00ba premio: \u00abDANDO VUELTAS\u00bb<\/strong><\/p>\n<p style=\"font-size: 20px;\"><strong>2\u00ba premio: \u00abMONTANA CLUB\u00bb<\/strong><\/p>\n<\/div>\n\t\t<\/div><\/div><\/div><\/div><\/div>","protected":false},"excerpt":{"rendered":"<p>I CONCURSO DE EMPRENDIMIENTO El curso 2021-22 hemos celebrado el primer concurso de emprendimiento en el que participan alumnos de nuestro centro que est\u00e9n cursando las asignaturas de Empresa e Iniciativa Emprendedora, tambi\u00e9n est\u00e1n invitados todos aquellos alumnos que, aun no cursando este m\u00f3dulo en particular, s\u00ed est\u00e9n cursando otros relacionados con el emprendimiento, como &hellip; <\/p>\n<p class=\"link-more\"><a href=\"https:\/\/site.educa.madrid.org\/ies.lazarocardenas.colladovillalba\/index.php\/concurso-emprendimiento\/\" class=\"more-link\">Continuar leyendo<span class=\"screen-reader-text\"> \u00abConcurso Emprendimiento\u00bb<\/span><\/a><\/p>\n","protected":false},"author":3,"featured_media":0,"parent":0,"menu_order":0,"comment_status":"closed","ping_status":"closed","template":"","meta":{"footnotes":""},"folder":[],"class_list":["post-3297","page","type-page","status-publish","hentry"],"rttpg_featured_image_url":null,"rttpg_author":{"display_name":"ies.lazarocardenas.colladovillalba","author_link":"https:\/\/site.educa.madrid.org\/ies.lazarocardenas.colladovillalba\/index.php\/author\/cuenta_ies-lazarocardenas-colladovillalba\/"},"rttpg_comment":0,"rttpg_category":false,"rttpg_excerpt":"I CONCURSO DE EMPRENDIMIENTO El curso 2021-22 hemos celebrado el primer concurso de emprendimiento en el que participan alumnos de nuestro centro que est\u00e9n cursando las asignaturas de Empresa e Iniciativa Emprendedora, tambi\u00e9n est\u00e1n invitados todos aquellos alumnos que, aun no cursando este m\u00f3dulo en particular, s\u00ed est\u00e9n cursando otros relacionados con el emprendimiento, como&hellip;","post_mailing_queue_ids":[],"_links":{"self":[{"href":"https:\/\/site.educa.madrid.org\/ies.lazarocardenas.colladovillalba\/index.php\/wp-json\/wp\/v2\/pages\/3297","targetHints":{"allow":["GET"]}}],"collection":[{"href":"https:\/\/site.educa.madrid.org\/ies.lazarocardenas.colladovillalba\/index.php\/wp-json\/wp\/v2\/pages"}],"about":[{"href":"https:\/\/site.educa.madrid.org\/ies.lazarocardenas.colladovillalba\/index.php\/wp-json\/wp\/v2\/types\/page"}],"author":[{"embeddable":true,"href":"https:\/\/site.educa.madrid.org\/ies.lazarocardenas.colladovillalba\/index.php\/wp-json\/wp\/v2\/users\/3"}],"replies":[{"embeddable":true,"href":"https:\/\/site.educa.madrid.org\/ies.lazarocardenas.colladovillalba\/index.php\/wp-json\/wp\/v2\/comments?post=3297"}],"version-history":[{"count":37,"href":"https:\/\/site.educa.madrid.org\/ies.lazarocardenas.colladovillalba\/index.php\/wp-json\/wp\/v2\/pages\/3297\/revisions"}],"predecessor-version":[{"id":6298,"href":"https:\/\/site.educa.madrid.org\/ies.lazarocardenas.colladovillalba\/index.php\/wp-json\/wp\/v2\/pages\/3297\/revisions\/6298"}],"wp:attachment":[{"href":"https:\/\/site.educa.madrid.org\/ies.lazarocardenas.colladovillalba\/index.php\/wp-json\/wp\/v2\/media?parent=3297"}],"wp:term":[{"taxonomy":"folder","embeddable":true,"href":"https:\/\/site.educa.madrid.org\/ies.lazarocardenas.colladovillalba\/index.php\/wp-json\/wp\/v2\/folder?post=3297"}],"curies":[{"name":"wp","href":"https:\/\/api.w.org\/{rel}","templated":true}]}}