{"id":3321,"date":"2022-09-21T20:30:18","date_gmt":"2022-09-21T18:30:18","guid":{"rendered":"https:\/\/site.educa.madrid.org\/ies.lazarocardenas.colladovillalba\/?page_id=3321"},"modified":"2024-03-05T16:54:28","modified_gmt":"2024-03-05T15:54:28","slug":"empresa-en-el-aula","status":"publish","type":"page","link":"https:\/\/site.educa.madrid.org\/ies.lazarocardenas.colladovillalba\/index.php\/empresa-en-el-aula\/","title":{"rendered":"Empresa en el aula"},"content":{"rendered":"<div id=\"pl-3321\"  class=\"panel-layout\" ><div id=\"pg-3321-0\"  class=\"panel-grid panel-has-style\" ><div class=\"so-parallax siteorigin-panels-stretch panel-row-style panel-row-style-for-3321-0\" data-stretch-type=\"full-stretched-padded\" ><img fetchpriority=\"high\" decoding=\"async\" width=\"1440\" height=\"493\" src=\"https:\/\/site.educa.madrid.org\/ies.lazarocardenas.colladovillalba\/\/wp-content\/uploads\/ies.lazarocardenas.colladovillalba\/2022\/07\/Conoce-nuestro-programa.png\" class=\"attachment-full size-full\" alt=\"\" data-siteorigin-parallax=\"true\" loading=\"eager\" srcset=\"https:\/\/site.educa.madrid.org\/ies.lazarocardenas.colladovillalba\/\/wp-content\/uploads\/ies.lazarocardenas.colladovillalba\/2022\/07\/Conoce-nuestro-programa.png 1440w, https:\/\/site.educa.madrid.org\/ies.lazarocardenas.colladovillalba\/\/wp-content\/uploads\/ies.lazarocardenas.colladovillalba\/2022\/07\/Conoce-nuestro-programa-300x103.png 300w, https:\/\/site.educa.madrid.org\/ies.lazarocardenas.colladovillalba\/\/wp-content\/uploads\/ies.lazarocardenas.colladovillalba\/2022\/07\/Conoce-nuestro-programa-1024x351.png 1024w, https:\/\/site.educa.madrid.org\/ies.lazarocardenas.colladovillalba\/\/wp-content\/uploads\/ies.lazarocardenas.colladovillalba\/2022\/07\/Conoce-nuestro-programa-768x263.png 768w\" sizes=\"100vw\" \/><div id=\"pgc-3321-0-0\"  class=\"panel-grid-cell panel-grid-cell-empty\" ><\/div><\/div><\/div><div id=\"pg-3321-1\"  class=\"panel-grid panel-has-style\" ><div class=\"siteorigin-panels-stretch panel-row-style panel-row-style-for-3321-1\" data-stretch-type=\"full-stretched-padded\" ><div id=\"pgc-3321-1-0\"  class=\"panel-grid-cell\" ><div id=\"panel-3321-1-0-0\" class=\"so-panel widget widget_text panel-first-child panel-last-child\" data-index=\"0\" >\t\t\t<div class=\"textwidget\"><p style=\"font-size: 28px;\"><strong>EMPRESA EN EL AULA Y PROYECTO SEFED.<\/strong><\/p>\n<p style=\"font-size: 20px;\">El segundo curso del Ciclo de Grado Medio de Gesti\u00f3n Administrativa cuenta con un aula nueva en el que desarrollar el m\u00f3dulo de EMPRESA EN EL AULA, cuyo objetivo es simular el funcionamiento real de los distintos departamentos de una empresa.<\/p>\n<p style=\"font-size: 20px;\">Este aula es un espacio polivalente, funcional y acogedor que permite el desarrollo del m\u00f3dulo en un entorno real de trabajo. Cuenta con mobiliario vers\u00e1til que se adapta a las necesidades de los distintos departamentos, ordenadores port\u00e1tiles, impresora, tel\u00e9fono y todo tipo de material de oficina.<\/p>\n<p style=\"font-size: 20px;\">El m\u00f3dulo se desarrolla a trav\u00e9s de una empresa simulada (Empresa PMC OFICINAS SLS para el turno de ma\u00f1ana y LC SOLUCIONES INFORM\u00c1TICAS SLS para el grupo de tarde) que interact\u00faa con empresas simuladas de otros centros y con organismos y entidades simulados como Hacienda, Seguridad Social y entidades de cr\u00e9dito a trav\u00e9s de la plataforma de simulaci\u00f3n SEFED.<\/p>\n<p style=\"font-size: 20px;\">Tenemos mucha ilusi\u00f3n en este proyecto. Entendemos que esta forma de trabajar ayudar\u00e1 a nuestros alumnos en la realizaci\u00f3n del m\u00f3dulo de FCT (Formaci\u00f3n en Centros de Trabajo) y en su incorporaci\u00f3n al mundo laboral.<\/p>\n<\/div>\n\t\t<\/div><\/div><\/div><\/div><div id=\"pg-3321-2\"  class=\"panel-grid panel-has-style\" ><div class=\"siteorigin-panels-stretch panel-row-style panel-row-style-for-3321-2\" data-stretch-type=\"full-stretched-padded\" ><div id=\"pgc-3321-2-0\"  class=\"panel-grid-cell\" ><div id=\"panel-3321-2-0-0\" class=\"so-panel widget widget_sow-image panel-first-child panel-last-child\" data-index=\"1\" ><div\n\t\t\t\n\t\t\tclass=\"so-widget-sow-image so-widget-sow-image-default-c67d20f9f743-3321\"\n\t\t\t\n\t\t>\n\n<div class=\"sow-image-container\">\n\t\t<img loading=\"lazy\" decoding=\"async\" src=\"https:\/\/site.educa.madrid.org\/ies.lazarocardenas.colladovillalba\/\/wp-content\/uploads\/ies.lazarocardenas.colladovillalba\/2022\/07\/1.jpg\" width=\"549\" height=\"366\" srcset=\"https:\/\/site.educa.madrid.org\/ies.lazarocardenas.colladovillalba\/\/wp-content\/uploads\/ies.lazarocardenas.colladovillalba\/2022\/07\/1.jpg 549w, https:\/\/site.educa.madrid.org\/ies.lazarocardenas.colladovillalba\/\/wp-content\/uploads\/ies.lazarocardenas.colladovillalba\/2022\/07\/1-300x200.jpg 300w, https:\/\/site.educa.madrid.org\/ies.lazarocardenas.colladovillalba\/\/wp-content\/uploads\/ies.lazarocardenas.colladovillalba\/2022\/07\/1-391x260.jpg 391w, https:\/\/site.educa.madrid.org\/ies.lazarocardenas.colladovillalba\/\/wp-content\/uploads\/ies.lazarocardenas.colladovillalba\/2022\/07\/1-272x182.jpg 272w\" sizes=\"auto, (max-width: 549px) 100vw, 549px\" alt=\"\" \t\tclass=\"so-widget-image\"\/>\n\t<\/div>\n\n<\/div><\/div><\/div><div id=\"pgc-3321-2-1\"  class=\"panel-grid-cell\" ><div id=\"panel-3321-2-1-0\" class=\"so-panel widget widget_sow-image panel-first-child panel-last-child\" data-index=\"2\" ><div\n\t\t\t\n\t\t\tclass=\"so-widget-sow-image so-widget-sow-image-default-c67d20f9f743-3321\"\n\t\t\t\n\t\t>\n\n<div class=\"sow-image-container\">\n\t\t<img loading=\"lazy\" decoding=\"async\" src=\"https:\/\/site.educa.madrid.org\/ies.lazarocardenas.colladovillalba\/\/wp-content\/uploads\/ies.lazarocardenas.colladovillalba\/2022\/07\/2-1.jpg\" width=\"550\" height=\"366\" srcset=\"https:\/\/site.educa.madrid.org\/ies.lazarocardenas.colladovillalba\/\/wp-content\/uploads\/ies.lazarocardenas.colladovillalba\/2022\/07\/2-1.jpg 550w, https:\/\/site.educa.madrid.org\/ies.lazarocardenas.colladovillalba\/\/wp-content\/uploads\/ies.lazarocardenas.colladovillalba\/2022\/07\/2-1-300x200.jpg 300w, https:\/\/site.educa.madrid.org\/ies.lazarocardenas.colladovillalba\/\/wp-content\/uploads\/ies.lazarocardenas.colladovillalba\/2022\/07\/2-1-391x260.jpg 391w, https:\/\/site.educa.madrid.org\/ies.lazarocardenas.colladovillalba\/\/wp-content\/uploads\/ies.lazarocardenas.colladovillalba\/2022\/07\/2-1-272x182.jpg 272w\" sizes=\"auto, (max-width: 550px) 100vw, 550px\" title=\"2 (1)\" alt=\"\" \t\tclass=\"so-widget-image\"\/>\n\t<\/div>\n\n<\/div><\/div><\/div><\/div><\/div><\/div>","protected":false},"excerpt":{"rendered":"<p>EMPRESA EN EL AULA Y PROYECTO SEFED. El segundo curso del Ciclo de Grado Medio de Gesti\u00f3n Administrativa cuenta con un aula nueva en el que desarrollar el m\u00f3dulo de EMPRESA EN EL AULA, cuyo objetivo es simular el funcionamiento real de los distintos departamentos de una empresa. Este aula es un espacio polivalente, funcional &hellip; <\/p>\n<p class=\"link-more\"><a href=\"https:\/\/site.educa.madrid.org\/ies.lazarocardenas.colladovillalba\/index.php\/empresa-en-el-aula\/\" class=\"more-link\">Continuar leyendo<span class=\"screen-reader-text\"> \u00abEmpresa en el aula\u00bb<\/span><\/a><\/p>\n","protected":false},"author":3,"featured_media":0,"parent":0,"menu_order":0,"comment_status":"closed","ping_status":"closed","template":"","meta":{"footnotes":""},"folder":[],"class_list":["post-3321","page","type-page","status-publish","hentry"],"rttpg_featured_image_url":null,"rttpg_author":{"display_name":"ies.lazarocardenas.colladovillalba","author_link":"https:\/\/site.educa.madrid.org\/ies.lazarocardenas.colladovillalba\/index.php\/author\/cuenta_ies-lazarocardenas-colladovillalba\/"},"rttpg_comment":0,"rttpg_category":false,"rttpg_excerpt":"EMPRESA EN EL AULA Y PROYECTO SEFED. El segundo curso del Ciclo de Grado Medio de Gesti\u00f3n Administrativa cuenta con un aula nueva en el que desarrollar el m\u00f3dulo de EMPRESA EN EL AULA, cuyo objetivo es simular el funcionamiento real de los distintos departamentos de una empresa. Este aula es un espacio polivalente, funcional&hellip;","post_mailing_queue_ids":[],"_links":{"self":[{"href":"https:\/\/site.educa.madrid.org\/ies.lazarocardenas.colladovillalba\/index.php\/wp-json\/wp\/v2\/pages\/3321","targetHints":{"allow":["GET"]}}],"collection":[{"href":"https:\/\/site.educa.madrid.org\/ies.lazarocardenas.colladovillalba\/index.php\/wp-json\/wp\/v2\/pages"}],"about":[{"href":"https:\/\/site.educa.madrid.org\/ies.lazarocardenas.colladovillalba\/index.php\/wp-json\/wp\/v2\/types\/page"}],"author":[{"embeddable":true,"href":"https:\/\/site.educa.madrid.org\/ies.lazarocardenas.colladovillalba\/index.php\/wp-json\/wp\/v2\/users\/3"}],"replies":[{"embeddable":true,"href":"https:\/\/site.educa.madrid.org\/ies.lazarocardenas.colladovillalba\/index.php\/wp-json\/wp\/v2\/comments?post=3321"}],"version-history":[{"count":16,"href":"https:\/\/site.educa.madrid.org\/ies.lazarocardenas.colladovillalba\/index.php\/wp-json\/wp\/v2\/pages\/3321\/revisions"}],"predecessor-version":[{"id":6307,"href":"https:\/\/site.educa.madrid.org\/ies.lazarocardenas.colladovillalba\/index.php\/wp-json\/wp\/v2\/pages\/3321\/revisions\/6307"}],"wp:attachment":[{"href":"https:\/\/site.educa.madrid.org\/ies.lazarocardenas.colladovillalba\/index.php\/wp-json\/wp\/v2\/media?parent=3321"}],"wp:term":[{"taxonomy":"folder","embeddable":true,"href":"https:\/\/site.educa.madrid.org\/ies.lazarocardenas.colladovillalba\/index.php\/wp-json\/wp\/v2\/folder?post=3321"}],"curies":[{"name":"wp","href":"https:\/\/api.w.org\/{rel}","templated":true}]}}