{"id":3416,"date":"2022-09-22T15:30:59","date_gmt":"2022-09-22T13:30:59","guid":{"rendered":"https:\/\/site.educa.madrid.org\/ies.lazarocardenas.colladovillalba\/?page_id=3416"},"modified":"2024-03-05T17:12:52","modified_gmt":"2024-03-05T16:12:52","slug":"residuos","status":"publish","type":"page","link":"https:\/\/site.educa.madrid.org\/ies.lazarocardenas.colladovillalba\/index.php\/residuos\/","title":{"rendered":"Residuos"},"content":{"rendered":"<div id=\"pl-3416\"  class=\"panel-layout\" ><div id=\"pg-3416-0\"  class=\"panel-grid panel-has-style\" ><div class=\"so-parallax siteorigin-panels-stretch panel-row-style panel-row-style-for-3416-0\" data-stretch-type=\"full-stretched-padded\" ><img fetchpriority=\"high\" decoding=\"async\" width=\"1440\" height=\"493\" src=\"https:\/\/site.educa.madrid.org\/ies.lazarocardenas.colladovillalba\/\/wp-content\/uploads\/ies.lazarocardenas.colladovillalba\/2022\/07\/Conoce-nuestro-programa.png\" class=\"attachment-full size-full\" alt=\"\" data-siteorigin-parallax=\"true\" loading=\"eager\" srcset=\"https:\/\/site.educa.madrid.org\/ies.lazarocardenas.colladovillalba\/\/wp-content\/uploads\/ies.lazarocardenas.colladovillalba\/2022\/07\/Conoce-nuestro-programa.png 1440w, https:\/\/site.educa.madrid.org\/ies.lazarocardenas.colladovillalba\/\/wp-content\/uploads\/ies.lazarocardenas.colladovillalba\/2022\/07\/Conoce-nuestro-programa-300x103.png 300w, https:\/\/site.educa.madrid.org\/ies.lazarocardenas.colladovillalba\/\/wp-content\/uploads\/ies.lazarocardenas.colladovillalba\/2022\/07\/Conoce-nuestro-programa-1024x351.png 1024w, https:\/\/site.educa.madrid.org\/ies.lazarocardenas.colladovillalba\/\/wp-content\/uploads\/ies.lazarocardenas.colladovillalba\/2022\/07\/Conoce-nuestro-programa-768x263.png 768w\" sizes=\"100vw\" \/><div id=\"pgc-3416-0-0\"  class=\"panel-grid-cell panel-grid-cell-empty\" ><\/div><\/div><\/div><div id=\"pg-3416-1\"  class=\"panel-grid panel-has-style\" ><div class=\"siteorigin-panels-stretch panel-row-style panel-row-style-for-3416-1\" data-stretch-type=\"full-stretched-padded\" ><div id=\"pgc-3416-1-0\"  class=\"panel-grid-cell\" ><div id=\"panel-3416-1-0-0\" class=\"so-panel widget widget_text panel-first-child panel-last-child\" data-index=\"0\" >\t\t\t<div class=\"textwidget\"><p style=\"font-size: 28px;\"><strong>RECOGIDA SELECTIVA DE BASURAS EN EL I.E.S. L\u00c1ZARO C\u00c1RDENAS<\/strong><\/p>\n<p style=\"font-size: 20px;\">El IES L\u00e1zaro C\u00e1rdenas, sensibilizado con la Emergencia Clim\u00e1tica, propone llevar a cabo una separaci\u00f3n en origen de los residuos generados en el propio centro. Para ello, propone una actividad de formaci\u00f3n ambiental dirigida a toda la comunidad educativa a trav\u00e9s de los tutores.<\/p>\n<p style=\"font-size: 20px;\">En los tres pr\u00f3ximos a\u00f1os la Uni\u00f3n Europea nos va a obligar a establecer nodos de compostaje en todos los municipios y con el fin de que nos vayamos familiarizando con la recogida selectiva y el proceso de compostaje lo mejor es comenzar educando desde las escuelas.<\/p>\n<p style=\"font-size: 20px;\">Pautas para la recogida selectiva en nuestro instituto:<\/p>\n<p style=\"font-size: 20px;\"><strong>-EN EL AULA:<\/strong><\/p>\n<p style=\"font-size: 20px;\">En las aulas se han colocado tres contenedores de recogida selectiva:<\/p>\n<ul style=\"font-size: 20px;\">\n<li>Una papelera amarilla (ENVASES), para recoger exclusivamente los envases generados por el propio aula.<\/li>\n<li>Un contenedor azul de papel para reciclar (PAPEL). Cada grupo aula ha construido y decorado su propio contenedor de papel de acuerdo a su imaginaci\u00f3n y buen criterio de uso. El \u00fanico requisito es que en la decoraci\u00f3n predomine el color azul con el fin de identificarlo r\u00e1pidamente.<\/li>\n<li>Una papelera gris (RESTOS), para recogida de cualquier otro residuo generado en el aula que no sea envase o papel. Ante la duda de en qu\u00e9 contenedor depositarlo siempre se puede usar este.<\/li>\n<\/ul>\n<p style=\"font-size: 20px;\"><strong>-EN CADA PATIO:<\/strong><\/p>\n<p style=\"font-size: 20px;\">En los patios se ubican cuatro tipos de contenedores para la recogida de los restos generados en los patios y para la recogida de las papeleras de aula correspondientes a la fracci\u00f3n de PAPEL (azul) y ENVASES (amarillo).<\/p>\n<ul style=\"font-size: 20px;\">\n<li>Un contenedor amarillo de 125 L con ruedas (ENVASES) para la recogida de envases.<\/li>\n<li>Un contenedor azul de 125L (PAPEL)<\/li>\n<li>Contenedores peque\u00f1os grises (RESTOS) para la recogida de la fracci\u00f3n no compostable.<\/li>\n<li>Contenedores peque\u00f1o tipo cestillo de color marr\u00f3n (COMPOSTABLE) para la recogida de los restos org\u00e1nicos generados durante los recreos.<\/li>\n<\/ul>\n<\/div>\n\t\t<\/div><\/div><\/div><\/div><div id=\"pg-3416-2\"  class=\"panel-grid panel-has-style\" ><div class=\"siteorigin-panels-stretch panel-row-style panel-row-style-for-3416-2\" data-stretch-type=\"full-stretched-padded\" ><div id=\"pgc-3416-2-0\"  class=\"panel-grid-cell panel-grid-cell-mobile-last\" ><div id=\"panel-3416-2-0-0\" class=\"so-panel widget widget_sow-image panel-first-child panel-last-child\" data-index=\"1\" ><div\n\t\t\t\n\t\t\tclass=\"so-widget-sow-image so-widget-sow-image-default-4e6925654b7a-3416\"\n\t\t\t\n\t\t>\n\n<div class=\"sow-image-container\">\n\t\t<img loading=\"lazy\" decoding=\"async\" src=\"https:\/\/site.educa.madrid.org\/ies.lazarocardenas.colladovillalba\/\/wp-content\/uploads\/ies.lazarocardenas.colladovillalba\/2022\/07\/contenedores.jpg\" width=\"549\" height=\"461\" srcset=\"https:\/\/site.educa.madrid.org\/ies.lazarocardenas.colladovillalba\/\/wp-content\/uploads\/ies.lazarocardenas.colladovillalba\/2022\/07\/contenedores.jpg 549w, https:\/\/site.educa.madrid.org\/ies.lazarocardenas.colladovillalba\/\/wp-content\/uploads\/ies.lazarocardenas.colladovillalba\/2022\/07\/contenedores-300x252.jpg 300w\" sizes=\"auto, (max-width: 549px) 100vw, 549px\" alt=\"\" \t\tclass=\"so-widget-image\"\/>\n\t<\/div>\n\n<\/div><\/div><\/div><div id=\"pgc-3416-2-1\"  class=\"panel-grid-cell panel-grid-cell-empty\" ><\/div><\/div><\/div><div id=\"pg-3416-3\"  class=\"panel-grid panel-has-style\" ><div class=\"siteorigin-panels-stretch panel-row-style panel-row-style-for-3416-3\" data-stretch-type=\"full-stretched-padded\" ><div id=\"pgc-3416-3-0\"  class=\"panel-grid-cell\" ><div id=\"panel-3416-3-0-0\" class=\"so-panel widget widget_text panel-first-child panel-last-child\" data-index=\"2\" >\t\t\t<div class=\"textwidget\"><p style=\"font-size: 20px;\">Este \u00faltimo recoge restos org\u00e1nicos que ser\u00e1n trasladados diariamente, por nuestros alumnos involucrados en el proceso de compostaje, a una de las cinco composteras preparadas en la zona de huerto para su fermentaci\u00f3n aerobia y conversi\u00f3n en mantillo para nuestro huerto y jard\u00edn.<\/p>\n<p style=\"font-size: 20px;\"><strong>-EN LOS PASILLOS:<\/strong><\/p>\n<p style=\"font-size: 20px;\">En los pasillos de la planta baja se ubican contenedores para la recogida de las papeleras de aula correspondientes a la fracci\u00f3n de PAPEL (azul) y ENVASES (amarillo).<\/p>\n<p style=\"font-size: 20px;\">Todos los contenedores se acompa\u00f1an de carteles aclaratorios sobre el tipo de residuos a depositar en cada cubo.<br \/>\nPero, \u00bfqu\u00e9 entendemos por papel, envases compostables y restos?<\/p>\n<p style=\"font-size: 20px;\">A continuaci\u00f3n os detallamos que tipo de restos son los que debemos depositar en los contenedores y cuales no debemos echar bajo ning\u00fan concepto. Y en caso de duda siempre se pueden tirar en el cubo de RESTOS.<\/p>\n<p style=\"font-size: 20px;\"><strong>-PAPEL<\/strong><\/p>\n<p style=\"font-size: 20px;\">En \u00e9l se pueden depositar papel de cuadernos, folios, peri\u00f3dicos, folletos, cartones, \u2026 siempre que NO CONTENGAN restos de pegamentos, pinturas o grasas.<br \/>\nNo se pueden depositar: clips, anillas, espirales de pl\u00e1stico o alambre de cuadernos, post it, tapas de pl\u00e1stico, toallitas desechables, pa\u00f1uelos de papel o servilletas usadas.<\/p>\n<p style=\"font-size: 20px;\"><strong>-ENVASES<\/strong><\/p>\n<p style=\"font-size: 20px;\">El tipo de residuos que se suelen generar en el instituto y que se pueden depositar en este contenedor son botellas de pl\u00e1stico, vasos de pl\u00e1stico, envases de brick de zumos, latas de refresco, yogures l\u00edquidos, envoltorios de pl\u00e1stico y aluminio de los bocadillos, bolsas de snacks.<br \/>\nSi el envase contiene restos a\u00fan de la bebida deben vaciarse antes de echarlos a la papelera amarilla.<\/p>\n<p style=\"font-size: 20px;\"><strong>-COMPOSTABLES<\/strong><\/p>\n<p style=\"font-size: 20px;\">Entre el tipo de restos org\u00e1nicos que vamos a compostar en el centro se limitar\u00e1 a restos de frutas (c\u00e1scaras de pl\u00e1tano, manzanas,\u2026) posos del caf\u00e9, bolsitas de t\u00e9 (sin la grapa) , c\u00e1scaras de huevo, mondas de patata (procedentes de la cafeter\u00eda), pa\u00f1uelos de papel.<br \/>\nNo se depositar\u00e1n aqu\u00ed restos c\u00e1rnicos (chorizo, jam\u00f3n, mortadela, lomo, \u2026) o grasos (quesos, nocilla, \u2026) ni pan procedentes de bocadillos o sandwichs.<\/p>\n<p style=\"font-size: 20px;\"><strong>-RESTOS<\/strong><\/p>\n<p style=\"font-size: 20px;\">En estos cubos y papeleras se podr\u00e1 depositar todo lo que no se tenga claro en qu\u00e9 lugar tirarlo. (\u00bfSI DUDO? \u00a1 A RESTOS! ) Se incluyen aqu\u00ed residuos generados en las aulas como los chicles, gominolas, bol\u00edgrafos gastados, restos de sacapuntas de l\u00e1pices y gomas de borrar, trozos de bocadillo no comido, servilletas de papel, vasos de cart\u00f3n del caf\u00e9, papeles engrasados o con pinturas, etc.<br \/>\nTodos los contenedores y papeleras llevan carteles identificativos con los colores de los cubos correspondientes donde de manera pictogr\u00e1fica se aclara qu\u00e9 debemos o no echar en cada uno de ellos.<br \/>\nTodos los gestos suman y como dice el ambientalista Denis Hayes \u201c Me siento m\u00e1s confiado que nunca de que el poder para salvar el planeta descansa en el consumidor individual\u201d.<br \/>\nGracias a todos por vuestra colaboraci\u00f3n.<\/p>\n<p>&nbsp;<\/p>\n<\/div>\n\t\t<\/div><\/div><\/div><\/div><div id=\"pg-3416-4\"  class=\"panel-grid panel-has-style\" ><div class=\"siteorigin-panels-stretch panel-row-style panel-row-style-for-3416-4\" data-stretch-type=\"full-stretched-padded\" ><div id=\"pgc-3416-4-0\"  class=\"panel-grid-cell panel-grid-cell-mobile-last\" ><div id=\"panel-3416-4-0-0\" class=\"so-panel widget widget_sow-image panel-first-child panel-last-child\" data-index=\"3\" ><div\n\t\t\t\n\t\t\tclass=\"so-widget-sow-image so-widget-sow-image-default-4e6925654b7a-3416\"\n\t\t\t\n\t\t>\n\n<div class=\"sow-image-container\">\n\t\t<img loading=\"lazy\" decoding=\"async\" src=\"https:\/\/site.educa.madrid.org\/ies.lazarocardenas.colladovillalba\/\/wp-content\/uploads\/ies.lazarocardenas.colladovillalba\/2022\/07\/carteles.jpg\" width=\"550\" height=\"397\" srcset=\"https:\/\/site.educa.madrid.org\/ies.lazarocardenas.colladovillalba\/\/wp-content\/uploads\/ies.lazarocardenas.colladovillalba\/2022\/07\/carteles.jpg 550w, https:\/\/site.educa.madrid.org\/ies.lazarocardenas.colladovillalba\/\/wp-content\/uploads\/ies.lazarocardenas.colladovillalba\/2022\/07\/carteles-300x217.jpg 300w\" sizes=\"auto, (max-width: 550px) 100vw, 550px\" alt=\"\" \t\tclass=\"so-widget-image\"\/>\n\t<\/div>\n\n<\/div><\/div><\/div><div id=\"pgc-3416-4-1\"  class=\"panel-grid-cell panel-grid-cell-empty\" ><\/div><\/div><\/div><\/div>","protected":false},"excerpt":{"rendered":"<p>RECOGIDA SELECTIVA DE BASURAS EN EL I.E.S. L\u00c1ZARO C\u00c1RDENAS El IES L\u00e1zaro C\u00e1rdenas, sensibilizado con la Emergencia Clim\u00e1tica, propone llevar a cabo una separaci\u00f3n en origen de los residuos generados en el propio centro. Para ello, propone una actividad de formaci\u00f3n ambiental dirigida a toda la comunidad educativa a trav\u00e9s de los tutores. En los &hellip; <\/p>\n<p class=\"link-more\"><a href=\"https:\/\/site.educa.madrid.org\/ies.lazarocardenas.colladovillalba\/index.php\/residuos\/\" class=\"more-link\">Continuar leyendo<span class=\"screen-reader-text\"> \u00abResiduos\u00bb<\/span><\/a><\/p>\n","protected":false},"author":3,"featured_media":0,"parent":0,"menu_order":0,"comment_status":"closed","ping_status":"closed","template":"","meta":{"footnotes":""},"folder":[],"class_list":["post-3416","page","type-page","status-publish","hentry"],"rttpg_featured_image_url":null,"rttpg_author":{"display_name":"ies.lazarocardenas.colladovillalba","author_link":"https:\/\/site.educa.madrid.org\/ies.lazarocardenas.colladovillalba\/index.php\/author\/cuenta_ies-lazarocardenas-colladovillalba\/"},"rttpg_comment":0,"rttpg_category":false,"rttpg_excerpt":"RECOGIDA SELECTIVA DE BASURAS EN EL I.E.S. L\u00c1ZARO C\u00c1RDENAS El IES L\u00e1zaro C\u00e1rdenas, sensibilizado con la Emergencia Clim\u00e1tica, propone llevar a cabo una separaci\u00f3n en origen de los residuos generados en el propio centro. Para ello, propone una actividad de formaci\u00f3n ambiental dirigida a toda la comunidad educativa a trav\u00e9s de los tutores. En los&hellip;","post_mailing_queue_ids":[],"_links":{"self":[{"href":"https:\/\/site.educa.madrid.org\/ies.lazarocardenas.colladovillalba\/index.php\/wp-json\/wp\/v2\/pages\/3416","targetHints":{"allow":["GET"]}}],"collection":[{"href":"https:\/\/site.educa.madrid.org\/ies.lazarocardenas.colladovillalba\/index.php\/wp-json\/wp\/v2\/pages"}],"about":[{"href":"https:\/\/site.educa.madrid.org\/ies.lazarocardenas.colladovillalba\/index.php\/wp-json\/wp\/v2\/types\/page"}],"author":[{"embeddable":true,"href":"https:\/\/site.educa.madrid.org\/ies.lazarocardenas.colladovillalba\/index.php\/wp-json\/wp\/v2\/users\/3"}],"replies":[{"embeddable":true,"href":"https:\/\/site.educa.madrid.org\/ies.lazarocardenas.colladovillalba\/index.php\/wp-json\/wp\/v2\/comments?post=3416"}],"version-history":[{"count":16,"href":"https:\/\/site.educa.madrid.org\/ies.lazarocardenas.colladovillalba\/index.php\/wp-json\/wp\/v2\/pages\/3416\/revisions"}],"predecessor-version":[{"id":6379,"href":"https:\/\/site.educa.madrid.org\/ies.lazarocardenas.colladovillalba\/index.php\/wp-json\/wp\/v2\/pages\/3416\/revisions\/6379"}],"wp:attachment":[{"href":"https:\/\/site.educa.madrid.org\/ies.lazarocardenas.colladovillalba\/index.php\/wp-json\/wp\/v2\/media?parent=3416"}],"wp:term":[{"taxonomy":"folder","embeddable":true,"href":"https:\/\/site.educa.madrid.org\/ies.lazarocardenas.colladovillalba\/index.php\/wp-json\/wp\/v2\/folder?post=3416"}],"curies":[{"name":"wp","href":"https:\/\/api.w.org\/{rel}","templated":true}]}}