{"id":3809,"date":"2022-09-26T18:00:09","date_gmt":"2022-09-26T16:00:09","guid":{"rendered":"https:\/\/site.educa.madrid.org\/ies.lazarocardenas.colladovillalba\/?page_id=3809"},"modified":"2024-02-26T18:58:08","modified_gmt":"2024-02-26T17:58:08","slug":"coro","status":"publish","type":"page","link":"https:\/\/site.educa.madrid.org\/ies.lazarocardenas.colladovillalba\/index.php\/coro\/","title":{"rendered":"Coro"},"content":{"rendered":"<div id=\"pl-3809\"  class=\"panel-layout\" ><div id=\"pg-3809-0\"  class=\"panel-grid panel-has-style\" ><div class=\"siteorigin-panels-stretch panel-row-style panel-row-style-for-3809-0\" data-stretch-type=\"full-stretched-padded\" ><div id=\"pgc-3809-0-0\"  class=\"panel-grid-cell\" ><div class=\"panel-cell-style panel-cell-style-for-3809-0-0\" ><div id=\"panel-3809-0-0-0\" class=\"so-panel widget widget_text panel-first-child\" data-index=\"0\" >\t\t\t<div class=\"textwidget\"><p style=\"font-size: 20px;\">El Coro del IES L\u00e1zaro C\u00e1rdenas es una de las actividades extraescolares del centro con m\u00e1s tradicci\u00f3n y de la que m\u00e1s orgullosos nos sentimos.<br \/>\nAlumnos, padres y profesores se reunen para ensayar dirigidos por la profesora Natalia Rosillo.<br \/>\nYa llevan siete menciones de honor en diferentes ediciones del Certamen de Coros Escolares de la Comunidad de Madrid.<\/p>\n<\/div>\n\t\t<\/div><div id=\"panel-3809-0-0-1\" class=\"so-panel widget widget_sow-image\" data-index=\"1\" ><div\n\t\t\t\n\t\t\tclass=\"so-widget-sow-image so-widget-sow-image-default-8b5b6f678277-3809\"\n\t\t\t\n\t\t>\n\n<div class=\"sow-image-container\">\n\t\t<img loading=\"lazy\" decoding=\"async\" src=\"https:\/\/site.educa.madrid.org\/ies.lazarocardenas.colladovillalba\/\/wp-content\/uploads\/ies.lazarocardenas.colladovillalba\/2022\/07\/DSC_0191.jpg\" width=\"549\" height=\"365\" srcset=\"https:\/\/site.educa.madrid.org\/ies.lazarocardenas.colladovillalba\/\/wp-content\/uploads\/ies.lazarocardenas.colladovillalba\/2022\/07\/DSC_0191.jpg 549w, https:\/\/site.educa.madrid.org\/ies.lazarocardenas.colladovillalba\/\/wp-content\/uploads\/ies.lazarocardenas.colladovillalba\/2022\/07\/DSC_0191-300x199.jpg 300w, https:\/\/site.educa.madrid.org\/ies.lazarocardenas.colladovillalba\/\/wp-content\/uploads\/ies.lazarocardenas.colladovillalba\/2022\/07\/DSC_0191-391x260.jpg 391w, https:\/\/site.educa.madrid.org\/ies.lazarocardenas.colladovillalba\/\/wp-content\/uploads\/ies.lazarocardenas.colladovillalba\/2022\/07\/DSC_0191-272x182.jpg 272w\" sizes=\"auto, (max-width: 549px) 100vw, 549px\" alt=\"\" \t\tclass=\"so-widget-image\"\/>\n\t<\/div>\n\n<\/div><\/div><div id=\"panel-3809-0-0-2\" class=\"so-panel widget widget_text\" data-index=\"2\" >\t\t\t<div class=\"textwidget\"><p style=\"font-size: 20px;\">Y siempre nos acompa\u00f1an en los momentos m\u00e1s importantes del centro, como la ceremonia de graduaci\u00f3n de 2\u00ba de bachillerato.<\/p>\n<\/div>\n\t\t<\/div><div id=\"panel-3809-0-0-3\" class=\"so-panel widget widget_sow-image panel-last-child\" data-index=\"3\" ><div\n\t\t\t\n\t\t\tclass=\"so-widget-sow-image so-widget-sow-image-default-8b5b6f678277-3809\"\n\t\t\t\n\t\t>\n\n<div class=\"sow-image-container\">\n\t\t<img loading=\"lazy\" decoding=\"async\" src=\"https:\/\/site.educa.madrid.org\/ies.lazarocardenas.colladovillalba\/\/wp-content\/uploads\/ies.lazarocardenas.colladovillalba\/2022\/07\/P1050838.jpg\" width=\"550\" height=\"412\" srcset=\"https:\/\/site.educa.madrid.org\/ies.lazarocardenas.colladovillalba\/\/wp-content\/uploads\/ies.lazarocardenas.colladovillalba\/2022\/07\/P1050838.jpg 550w, https:\/\/site.educa.madrid.org\/ies.lazarocardenas.colladovillalba\/\/wp-content\/uploads\/ies.lazarocardenas.colladovillalba\/2022\/07\/P1050838-300x225.jpg 300w\" sizes=\"auto, (max-width: 550px) 100vw, 550px\" alt=\"\" \t\tclass=\"so-widget-image\"\/>\n\t<\/div>\n\n<\/div><\/div><\/div><\/div><div id=\"pgc-3809-0-1\"  class=\"panel-grid-cell\" ><div class=\"panel-cell-style panel-cell-style-for-3809-0-1\" ><div id=\"panel-3809-0-1-0\" class=\"so-panel widget widget_text panel-first-child\" data-index=\"4\" >\t\t\t<div class=\"textwidget\"><p style=\"font-size: 20px;\">XIV CERTAMEN DE COROS ESCOLARES COMUNIDAD DE MADRID<\/p>\n<p>&nbsp;<\/p>\n<p style=\"font-size: 20px;\">El coro del IES L\u00e1zaro C\u00e1rdenas ha obtenido una nueva MENCI\u00d3N, en el Certamen de Coros Escolares de la Comunidad de Madrid.<br \/>\n<strong>\u00a1\u00a1ENHORABUENA!!!<\/strong><br \/>\nAqu\u00ed pod\u00e9is escuchar su interpretaci\u00f3n de la canci\u00f3n popular de Zambia, \u00abBonse Aba\u00bb, que realizaron en la primera fase del certamen.<br \/>\nVideo:<\/p>\n<\/div>\n\t\t<\/div><div id=\"panel-3809-0-1-1\" class=\"so-panel widget widget_sow-image panel-last-child\" data-index=\"5\" ><div\n\t\t\t\n\t\t\tclass=\"so-widget-sow-image so-widget-sow-image-default-8b5b6f678277-3809\"\n\t\t\t\n\t\t>\n\n<div class=\"sow-image-container\">\n\t\t\t<a href=\"https:\/\/mediateca.educa.madrid.org\/video\/22pc52uyxkzl1aye?jwsource=cl\"\n\t\t\ttarget=\"_blank\" rel=\"noopener noreferrer\" \t\t>\n\t\t\t<img loading=\"lazy\" decoding=\"async\" src=\"https:\/\/site.educa.madrid.org\/ies.lazarocardenas.colladovillalba\/\/wp-content\/uploads\/ies.lazarocardenas.colladovillalba\/2022\/07\/DSC_0191.jpg\" width=\"549\" height=\"365\" srcset=\"https:\/\/site.educa.madrid.org\/ies.lazarocardenas.colladovillalba\/\/wp-content\/uploads\/ies.lazarocardenas.colladovillalba\/2022\/07\/DSC_0191.jpg 549w, https:\/\/site.educa.madrid.org\/ies.lazarocardenas.colladovillalba\/\/wp-content\/uploads\/ies.lazarocardenas.colladovillalba\/2022\/07\/DSC_0191-300x199.jpg 300w, https:\/\/site.educa.madrid.org\/ies.lazarocardenas.colladovillalba\/\/wp-content\/uploads\/ies.lazarocardenas.colladovillalba\/2022\/07\/DSC_0191-391x260.jpg 391w, https:\/\/site.educa.madrid.org\/ies.lazarocardenas.colladovillalba\/\/wp-content\/uploads\/ies.lazarocardenas.colladovillalba\/2022\/07\/DSC_0191-272x182.jpg 272w\" sizes=\"auto, (max-width: 549px) 100vw, 549px\" alt=\"\" \t\tclass=\"so-widget-image\"\/>\n\t<\/a><\/div>\n\n<\/div><\/div><\/div><\/div><\/div><\/div><\/div>","protected":false},"excerpt":{"rendered":"<p>El Coro del IES L\u00e1zaro C\u00e1rdenas es una de las actividades extraescolares del centro con m\u00e1s tradicci\u00f3n y de la que m\u00e1s orgullosos nos sentimos. Alumnos, padres y profesores se reunen para ensayar dirigidos por la profesora Natalia Rosillo. Ya llevan siete menciones de honor en diferentes ediciones del Certamen de Coros Escolares de la &hellip; <\/p>\n<p class=\"link-more\"><a href=\"https:\/\/site.educa.madrid.org\/ies.lazarocardenas.colladovillalba\/index.php\/coro\/\" class=\"more-link\">Continuar leyendo<span class=\"screen-reader-text\"> \u00abCoro\u00bb<\/span><\/a><\/p>\n","protected":false},"author":3,"featured_media":0,"parent":0,"menu_order":0,"comment_status":"closed","ping_status":"closed","template":"","meta":{"footnotes":""},"folder":[],"class_list":["post-3809","page","type-page","status-publish","hentry"],"rttpg_featured_image_url":null,"rttpg_author":{"display_name":"ies.lazarocardenas.colladovillalba","author_link":"https:\/\/site.educa.madrid.org\/ies.lazarocardenas.colladovillalba\/index.php\/author\/cuenta_ies-lazarocardenas-colladovillalba\/"},"rttpg_comment":0,"rttpg_category":false,"rttpg_excerpt":"El Coro del IES L\u00e1zaro C\u00e1rdenas es una de las actividades extraescolares del centro con m\u00e1s tradicci\u00f3n y de la que m\u00e1s orgullosos nos sentimos. Alumnos, padres y profesores se reunen para ensayar dirigidos por la profesora Natalia Rosillo. Ya llevan siete menciones de honor en diferentes ediciones del Certamen de Coros Escolares de la&hellip;","post_mailing_queue_ids":[],"_links":{"self":[{"href":"https:\/\/site.educa.madrid.org\/ies.lazarocardenas.colladovillalba\/index.php\/wp-json\/wp\/v2\/pages\/3809","targetHints":{"allow":["GET"]}}],"collection":[{"href":"https:\/\/site.educa.madrid.org\/ies.lazarocardenas.colladovillalba\/index.php\/wp-json\/wp\/v2\/pages"}],"about":[{"href":"https:\/\/site.educa.madrid.org\/ies.lazarocardenas.colladovillalba\/index.php\/wp-json\/wp\/v2\/types\/page"}],"author":[{"embeddable":true,"href":"https:\/\/site.educa.madrid.org\/ies.lazarocardenas.colladovillalba\/index.php\/wp-json\/wp\/v2\/users\/3"}],"replies":[{"embeddable":true,"href":"https:\/\/site.educa.madrid.org\/ies.lazarocardenas.colladovillalba\/index.php\/wp-json\/wp\/v2\/comments?post=3809"}],"version-history":[{"count":15,"href":"https:\/\/site.educa.madrid.org\/ies.lazarocardenas.colladovillalba\/index.php\/wp-json\/wp\/v2\/pages\/3809\/revisions"}],"predecessor-version":[{"id":6203,"href":"https:\/\/site.educa.madrid.org\/ies.lazarocardenas.colladovillalba\/index.php\/wp-json\/wp\/v2\/pages\/3809\/revisions\/6203"}],"wp:attachment":[{"href":"https:\/\/site.educa.madrid.org\/ies.lazarocardenas.colladovillalba\/index.php\/wp-json\/wp\/v2\/media?parent=3809"}],"wp:term":[{"taxonomy":"folder","embeddable":true,"href":"https:\/\/site.educa.madrid.org\/ies.lazarocardenas.colladovillalba\/index.php\/wp-json\/wp\/v2\/folder?post=3809"}],"curies":[{"name":"wp","href":"https:\/\/api.w.org\/{rel}","templated":true}]}}