{"id":7520,"date":"2025-10-06T23:06:23","date_gmt":"2025-10-06T21:06:23","guid":{"rendered":"https:\/\/site.educa.madrid.org\/ies.lazarocardenas.colladovillalba\/?page_id=7520"},"modified":"2025-10-06T23:23:39","modified_gmt":"2025-10-06T21:23:39","slug":"ipafd","status":"publish","type":"page","link":"https:\/\/site.educa.madrid.org\/ies.lazarocardenas.colladovillalba\/index.php\/ipafd\/","title":{"rendered":"IPAFD"},"content":{"rendered":"<p>El proyecto IPAFD (Institutos Promotores de la Actividad F\u00edsica y el Deporte) de la Comunidad de Madrid es un proyecto que se realiza en los centros de Educaci\u00f3n Secundaria Obligatoria con el fin de fomentar la actividad f\u00edsica entre el alumnado y convertir la pr\u00e1ctica de actividad f\u00edsica y el deporte en un h\u00e1bito en la vida de los j\u00f3venes integr\u00e1ndolo en la rutina escolar. Es un proyecto voluntario dirigido al alumnado de centros p\u00fablicos de la Comunidad de Madrid con edades entre los 12 y los 18 a\u00f1os.<\/p>\n<p>El alumnado participante podr\u00e1 entrenar en uno o dos deportes con <strong>un \u00fanico pago de 14\u20ac anuales<\/strong>, en horario de tarde de lunes a jueves.<\/p>\n<p>En el curso 2025-26 se puede elegir entre <strong>b\u00e1dminton, baloncesto, futbol sala o voleibol.<\/strong> Las inscripciones se realizan en septiembre a trav\u00e9s de los profesores de Educaci\u00f3n F\u00edsica.<\/p>\n<p>El horario provisional para este curso es:<\/p>\n<ul>\n<li>B\u00e1dminton:\u00a0 \u00a0 \u00a0Martes y jueves de 15:30 a 17:00 horas<\/li>\n<li>Baloncesto:\u00a0 \u00a0 Martes y jueves de 17:00 a 18:30 horas<\/li>\n<li>Futbol sala:\u00a0 \u00a0 \u00a0Lunes y mi\u00e9rcoles de 15:30 a 17:00 horas<\/li>\n<li>Voleibol:\u00a0 \u00a0 \u00a0 \u00a0 \u00a0 \u00a0Lunes y mi\u00e9rcoles de 15:30 a 17:00 horas<\/li>\n<\/ul>\n\n\n<figure class=\"wp-block-image size-large\"><img loading=\"lazy\" decoding=\"async\" width=\"819\" height=\"1024\" src=\"https:\/\/site.educa.madrid.org\/ies.lazarocardenas.colladovillalba\/\/wp-content\/uploads\/ies.lazarocardenas.colladovillalba\/2025\/10\/Empezamos-el-IPAF-819x1024.png\" alt=\"\" class=\"wp-image-7521\" srcset=\"https:\/\/site.educa.madrid.org\/ies.lazarocardenas.colladovillalba\/\/wp-content\/uploads\/ies.lazarocardenas.colladovillalba\/2025\/10\/Empezamos-el-IPAF-819x1024.png 819w, https:\/\/site.educa.madrid.org\/ies.lazarocardenas.colladovillalba\/\/wp-content\/uploads\/ies.lazarocardenas.colladovillalba\/2025\/10\/Empezamos-el-IPAF-240x300.png 240w, https:\/\/site.educa.madrid.org\/ies.lazarocardenas.colladovillalba\/\/wp-content\/uploads\/ies.lazarocardenas.colladovillalba\/2025\/10\/Empezamos-el-IPAF-768x960.png 768w, https:\/\/site.educa.madrid.org\/ies.lazarocardenas.colladovillalba\/\/wp-content\/uploads\/ies.lazarocardenas.colladovillalba\/2025\/10\/Empezamos-el-IPAF.png 1080w\" sizes=\"auto, (max-width: 706px) 89vw, (max-width: 767px) 82vw, 740px\" \/><\/figure>\n","protected":false},"excerpt":{"rendered":"<p>El proyecto IPAFD (Institutos Promotores de la Actividad F\u00edsica y el Deporte) de la Comunidad de Madrid es un proyecto que se realiza en los centros de Educaci\u00f3n Secundaria Obligatoria con el fin de fomentar la actividad f\u00edsica entre el alumnado y convertir la pr\u00e1ctica de actividad f\u00edsica y el deporte en un h\u00e1bito en &hellip; <\/p>\n<p class=\"link-more\"><a href=\"https:\/\/site.educa.madrid.org\/ies.lazarocardenas.colladovillalba\/index.php\/ipafd\/\" class=\"more-link\">Continuar leyendo<span class=\"screen-reader-text\"> \u00abIPAFD\u00bb<\/span><\/a><\/p>\n","protected":false},"author":3,"featured_media":0,"parent":0,"menu_order":0,"comment_status":"closed","ping_status":"closed","template":"","meta":{"footnotes":""},"folder":[],"class_list":["post-7520","page","type-page","status-publish","hentry"],"rttpg_featured_image_url":null,"rttpg_author":{"display_name":"ies.lazarocardenas.colladovillalba","author_link":"https:\/\/site.educa.madrid.org\/ies.lazarocardenas.colladovillalba\/index.php\/author\/cuenta_ies-lazarocardenas-colladovillalba\/"},"rttpg_comment":0,"rttpg_category":false,"rttpg_excerpt":"El proyecto IPAFD (Institutos Promotores de la Actividad F\u00edsica y el Deporte) de la Comunidad de Madrid es un proyecto que se realiza en los centros de Educaci\u00f3n Secundaria Obligatoria con el fin de fomentar la actividad f\u00edsica entre el alumnado y convertir la pr\u00e1ctica de actividad f\u00edsica y el deporte en un h\u00e1bito en&hellip;","post_mailing_queue_ids":[],"_links":{"self":[{"href":"https:\/\/site.educa.madrid.org\/ies.lazarocardenas.colladovillalba\/index.php\/wp-json\/wp\/v2\/pages\/7520","targetHints":{"allow":["GET"]}}],"collection":[{"href":"https:\/\/site.educa.madrid.org\/ies.lazarocardenas.colladovillalba\/index.php\/wp-json\/wp\/v2\/pages"}],"about":[{"href":"https:\/\/site.educa.madrid.org\/ies.lazarocardenas.colladovillalba\/index.php\/wp-json\/wp\/v2\/types\/page"}],"author":[{"embeddable":true,"href":"https:\/\/site.educa.madrid.org\/ies.lazarocardenas.colladovillalba\/index.php\/wp-json\/wp\/v2\/users\/3"}],"replies":[{"embeddable":true,"href":"https:\/\/site.educa.madrid.org\/ies.lazarocardenas.colladovillalba\/index.php\/wp-json\/wp\/v2\/comments?post=7520"}],"version-history":[{"count":4,"href":"https:\/\/site.educa.madrid.org\/ies.lazarocardenas.colladovillalba\/index.php\/wp-json\/wp\/v2\/pages\/7520\/revisions"}],"predecessor-version":[{"id":7529,"href":"https:\/\/site.educa.madrid.org\/ies.lazarocardenas.colladovillalba\/index.php\/wp-json\/wp\/v2\/pages\/7520\/revisions\/7529"}],"wp:attachment":[{"href":"https:\/\/site.educa.madrid.org\/ies.lazarocardenas.colladovillalba\/index.php\/wp-json\/wp\/v2\/media?parent=7520"}],"wp:term":[{"taxonomy":"folder","embeddable":true,"href":"https:\/\/site.educa.madrid.org\/ies.lazarocardenas.colladovillalba\/index.php\/wp-json\/wp\/v2\/folder?post=7520"}],"curies":[{"name":"wp","href":"https:\/\/api.w.org\/{rel}","templated":true}]}}