{"id":1660,"date":"2025-04-11T17:33:21","date_gmt":"2025-04-11T15:33:21","guid":{"rendered":"https:\/\/site.educa.madrid.org\/ies.leonfelipe.getafe\/?page_id=1660"},"modified":"2026-03-10T11:05:15","modified_gmt":"2026-03-10T10:05:15","slug":"admision","status":"publish","type":"page","link":"https:\/\/site.educa.madrid.org\/ies.leonfelipe.getafe\/index.php\/admision\/","title":{"rendered":"Admisi\u00f3n"},"content":{"rendered":"\n<p class=\"has-black-color has-text-color has-link-color has-x-large-font-size wp-elements-98769c8880957b7c43ce7d650e49d965\"><strong>ADMISION<\/strong><\/p>\n\n\n\n<div class=\"wp-block-cover alignwide is-light\"><span aria-hidden=\"true\" class=\"wp-block-cover__background has-background-dim\" style=\"background-color:#dfded9\"><\/span><img loading=\"lazy\" decoding=\"async\" width=\"1280\" height=\"689\" class=\"wp-block-cover__image-background wp-image-3186\" alt=\"\" src=\"https:\/\/site.educa.madrid.org\/ies.leonfelipe.getafe\/\/wp-content\/uploads\/ies.leonfelipe.getafe\/2026\/02\/edsys-educational-773651_1280.png\" data-object-fit=\"cover\" srcset=\"https:\/\/site.educa.madrid.org\/ies.leonfelipe.getafe\/\/wp-content\/uploads\/ies.leonfelipe.getafe\/2026\/02\/edsys-educational-773651_1280.png 1280w, https:\/\/site.educa.madrid.org\/ies.leonfelipe.getafe\/\/wp-content\/uploads\/ies.leonfelipe.getafe\/2026\/02\/edsys-educational-773651_1280-300x161.png 300w, https:\/\/site.educa.madrid.org\/ies.leonfelipe.getafe\/\/wp-content\/uploads\/ies.leonfelipe.getafe\/2026\/02\/edsys-educational-773651_1280-1024x551.png 1024w, https:\/\/site.educa.madrid.org\/ies.leonfelipe.getafe\/\/wp-content\/uploads\/ies.leonfelipe.getafe\/2026\/02\/edsys-educational-773651_1280-768x413.png 768w\" sizes=\"auto, (max-width: 1280px) 100vw, 1280px\" \/><div class=\"wp-block-cover__inner-container is-layout-flow wp-block-cover-is-layout-flow\">\n<p class=\"has-text-align-center has-large-font-size\"><\/p>\n<\/div><\/div>\n\n\n\n<div style=\"height:100px\" aria-hidden=\"true\" class=\"wp-block-spacer\"><\/div>\n\n\n\n<div class=\"wp-block-columns is-layout-flex wp-container-core-columns-is-layout-9d6595d7 wp-block-columns-is-layout-flex\">\n<div class=\"wp-block-column is-layout-flow wp-block-column-is-layout-flow\" style=\"flex-basis:66.66%\">\n<h3 class=\"wp-block-heading has-black-color has-text-color has-link-color wp-elements-a009fe68c514662e111cc0b37646eba7\">PROCESO DE PRESENTACI\u00d3N DE SOLICITUDES DE ADMISI\u00d3N CURSO 26\/27<\/h3>\n\n\n\n<ul class=\"wp-block-list\">\n<li class=\"has-black-color has-text-color has-link-color wp-elements-c8c124a7cc8cc995e07f1d4699d0f7dd\"><strong>Plazo de presentaci\u00f3n de solicitudes de admisi\u00f3n curso 26\/27<\/strong><\/li>\n<\/ul>\n\n\n\n<p class=\"has-black-color has-text-color has-link-color wp-elements-00f40070d4cf2ef1a60c04816bc29cef\">El plazo de&nbsp;presentaci\u00f3n de solicitudes&nbsp;es&nbsp;del 11 al 25 de marzo.<\/p>\n\n\n\n<div class=\"wp-block-buttons is-layout-flex wp-block-buttons-is-layout-flex\">\n<div class=\"wp-block-button\"><a class=\"wp-block-button__link wp-element-button\" href=\"https:\/\/cloud.educa.madrid.org\/s\/CziDXraxPABAG5p\">CALENDARIO PROCESO DE ADMISI\u00d3N 26\/27<\/a><\/div>\n<\/div>\n\n\n\n<ul class=\"wp-block-list\">\n<li class=\"has-black-color has-text-color has-link-color wp-elements-aa596398e8497c04ac55964966589ac0\"><strong>Presentaci\u00f3n de la solicitud de admisi\u00f3n curso 26\/27<\/strong><\/li>\n<\/ul>\n\n\n\n<p class=\"has-black-color has-text-color has-link-color wp-elements-451a2f10f4654ac9597ce58517b441df\">Las solicitudes se presentar\u00e1n preferentemente por v\u00eda telem\u00e1tica, a trav\u00e9s de la&nbsp;Secretar\u00eda Virtual de ra\u00edces, pinchando en el siguiente enlace:<\/p>\n\n\n\n<div class=\"wp-block-buttons is-layout-flex wp-block-buttons-is-layout-flex\">\n<div class=\"wp-block-button\"><a class=\"wp-block-button__link wp-element-button\" href=\"https:\/\/cloud.educa.madrid.org\/s\/oPexzzFRRZbz2QX\">SOLICITUD TELEM\u00c1TICA<\/a><\/div>\n<\/div>\n\n\n\n<p><\/p>\n\n\n\n<ul class=\"wp-block-list\">\n<li class=\"has-black-color has-text-color has-link-color wp-elements-79f5882676893c331da94bf4dd0f58d7\"><strong>Requisitos de la solicitud de admisi\u00f3n curso 26\/27<\/strong><\/li>\n<\/ul>\n\n\n\n<p class=\"has-black-color has-text-color has-link-color wp-elements-a2d769cf42c9f4825140637f73eb5e14\">En las solicitudes se podr\u00e1n indicar <strong>hasta seis centros educativos<\/strong> en los que se solicita admisi\u00f3n. Las familias del alumnado que est\u00e9 obligado a ser escolarizado o cambiar de centro deben valorar solicitar varios centros.<\/p>\n\n\n\n<p class=\"has-black-color has-text-color has-link-color wp-elements-a38852fd36c394cbe0eb4e9cc3632cde\">En las solicitudes cuyos nombres y apellidos incluyan preposici\u00f3n, art\u00edculo o preposici\u00f3n y art\u00edculo (\u00abde\u00bb o \u00abde la\u00bb, por ejemplo), deben grabarse <strong>tal y como aparezcan en los documentos oficiales: DNI, NIE o Libro de familia.<\/strong><\/p>\n\n\n\n<p class=\"has-black-color has-text-color has-link-color wp-elements-bd9c58a3caab25f0db56d87e3fee7cdb\"><strong>La solicitud ser\u00e1 cumplimentada y firmada por ambos padres, madres o tutores legales del alumnado,<\/strong> salvo si se acredita la imposibilidad de hacerlo o alguno de ellos no ostenta la patria potestad, en cuyo caso deber\u00e1 presentarse una&nbsp;declaraci\u00f3n responsable.<\/p>\n\n\n\n<p class=\"has-black-color has-text-color has-link-color wp-elements-783cd22122fbb89bc4bbc9c265fd700e\">Descarga aqu\u00ed la declaraci\u00f3n responsable:&nbsp;<a href=\"https:\/\/cloud.educa.madrid.org\/s\/L7QSXpd5qWPmZra\">DECLARACI\u00d3N RESPONSABLE<\/a><\/p>\n\n\n\n<p class=\"has-black-color has-text-color has-link-color wp-elements-98ada91b46834709a99a3665e05cdbdc\">En las solicitudes de admisi\u00f3n&nbsp;<strong>para cursar Bachillerato solo podr\u00e1 incluirse una modalidad<\/strong>&nbsp;y v\u00eda de Bachillerato.&nbsp;<\/p>\n\n\n\n<div class=\"wp-block-buttons is-layout-flex wp-block-buttons-is-layout-flex\">\n<div class=\"wp-block-button\"><a class=\"wp-block-button__link wp-element-button\" href=\"https:\/\/cloud.educa.madrid.org\/s\/gnSyetJePEERHn5\">AYUDA FIRMA DIGITAL DE SOLICITUD DE ADMISI\u00d3N<\/a><\/div>\n<\/div>\n\n\n\n<p class=\"has-black-color has-text-color has-link-color wp-elements-34e861b5ac8a24dffff6f46d485c36ac\">La Administraci\u00f3n educativa realizar\u00e1 las consultas relativas a la informaci\u00f3n disponible sobre las circunstancias alegadas en la solicitud, evitando en la medida de lo posible que los solicitantes tengan que aportar o acreditar dicha informaci\u00f3n. Los solicitantes pueden denegar la realizaci\u00f3n de dichas consultas ante otras administraciones, en cuyo caso la solicitud deber\u00e1 ir acompa\u00f1ada por la documentaci\u00f3n acreditativa necesaria para la justificaci\u00f3n de los criterios de baremaci\u00f3n por los que se aspire a obtener puntuaci\u00f3n.<\/p>\n<\/div>\n\n\n\n<div class=\"wp-block-column is-layout-flow wp-block-column-is-layout-flow\" style=\"flex-basis:33.33%\">\n<h3 class=\"wp-block-heading has-black-color has-text-color has-link-color wp-elements-1e5c7bc10312f2582c86c6c35286981e\">INFORMACI\u00d3N SOBRE EL PROCESO DE ADMISI\u00d3N<\/h3>\n\n\n\n<p class=\"has-black-color has-text-color has-link-color wp-elements-5adc740a79546996e8f76b38d8f41af7\"><strong>OFERTA DE VACANTES<\/strong><\/p>\n\n\n\n<p class=\"has-black-color has-text-color has-link-color wp-elements-b7087b1fad8285e32f402d257e59d6c2\">Para conocer la oferta de vacantes para el pr\u00f3ximo curso escolar, haz click sobre el siguiente enlace en azul:<\/p>\n\n\n\n<div class=\"wp-block-file\"><a id=\"wp-block-file--media-e4c0ce33-0a5b-4993-80b6-667bf8aaaa7f\" href=\"https:\/\/site.educa.madrid.org\/ies.leonfelipe.getafe\/\/wp-content\/uploads\/ies.leonfelipe.getafe\/2026\/03\/PLAZAS-VACANTES-OFERTADAS-CURSO-26-27.pdf\"><strong>PLAZAS VACANTES OFERTADAS CURSO 26-27<\/strong><\/a><a href=\"https:\/\/site.educa.madrid.org\/ies.leonfelipe.getafe\/\/wp-content\/uploads\/ies.leonfelipe.getafe\/2026\/03\/PLAZAS-VACANTES-OFERTADAS-CURSO-26-27.pdf\" class=\"wp-block-file__button wp-element-button\" download aria-describedby=\"wp-block-file--media-e4c0ce33-0a5b-4993-80b6-667bf8aaaa7f\">Descarga<\/a><\/div>\n\n\n\n<div class=\"wp-block-buttons is-layout-flex wp-block-buttons-is-layout-flex\">\n<div class=\"wp-block-button\"><a class=\"wp-block-button__link wp-element-button\" href=\"https:\/\/cloud.educa.madrid.org\/s\/nD7pgyxbbejDqdZ\">CRITERIOS DE BAREMACI\u00d3N<\/a><\/div>\n<\/div>\n\n\n\n<p class=\"has-black-color has-text-color has-link-color wp-elements-a0a864cd3facf2b61347703832d22325\"><strong>CRITERIO COMPLEMENTARIO<\/strong><\/p>\n\n\n\n<p class=\"has-black-color has-text-color has-link-color wp-elements-9aa9a97048510b19fee6b3282e93ca34\">Los supuestos aprobados por el centro para la adjudicaci\u00f3n del criterio complementario en el proceso de admisi\u00f3n para el curso 26\/27 son los siguientes:<\/p>\n\n\n\n<p class=\"has-black-color has-text-color has-link-color wp-elements-ebc6d686793c05c1a65e7d5051cece6d\">&#8211; Solicitar el IES Le\u00f3n Felipe en primer lugar en el proceso de admisi\u00f3n&nbsp;<\/p>\n\n\n\n<p class=\"has-black-color has-text-color has-link-color wp-elements-c18e7725b068224b3be012b18aaed3fb\">&#8211; Acreditar nivel B1 en alguna lengua extranjera impartida.<\/p>\n\n\n\n<p class=\"has-black-color has-text-color has-link-color wp-elements-8c171c90d774933b82063ede6fe9b2ce\"><strong>ADSCRIPCIONES DEL CENTRO<\/strong><\/p>\n\n\n\n<p class=\"has-black-color has-text-color has-link-color wp-elements-eb38f089a2d3803ced7284fa926aac10\">Los centros de adscripci\u00f3n \u00fanica biling\u00fce del IES Le\u00f3n Felipe (Getafe) son los siguientes:<\/p>\n\n\n\n<p class=\"has-black-color has-text-color has-link-color wp-elements-52396f40d08146cc4fde6d88133e02c7\">&#8211; CEIP Fernando de los R\u00edos<\/p>\n\n\n\n<p class=\"has-black-color has-text-color has-link-color wp-elements-4825361ca4c5efd920d985d18c52e7ee\">&#8211; CEIP Francisco de Quevedo<\/p>\n\n\n\n<div class=\"wp-block-buttons is-layout-flex wp-block-buttons-is-layout-flex\">\n<div class=\"wp-block-button\"><a class=\"wp-block-button__link wp-element-button\" href=\"https:\/\/cloud.educa.madrid.org\/s\/HJLwqiDp5BkTX7s\">LISTADOS CENTROS ADSCRIPCI\u00d3N<\/a><\/div>\n<\/div>\n\n\n\n<p class=\"has-black-color has-text-color has-link-color wp-elements-6a29950038492ddd4e06e4591dfa9d9b\"><strong>SERVICIO DE APOYO A LA ESCOLARIZACI\u00d3N<\/strong><\/p>\n\n\n\n<p class=\"has-black-color has-text-color has-link-color wp-elements-0d05e66a9c79ba0a3fbda8fc90db5688\">Tfno. 91.696.23.10<br>sae.getafe@madrid.org<br>Horario de atenci\u00f3n al p\u00fablico de 9 a 13 horas<br>Ubicado en el IES LA SENDA<br>C\/ SENDA DE MAFALDA, 2 y 4<br>28905-GETAFE<\/p>\n\n\n\n<div class=\"wp-block-buttons is-layout-flex wp-block-buttons-is-layout-flex\">\n<div class=\"wp-block-button\"><a class=\"wp-block-button__link wp-element-button\" href=\"https:\/\/cloud.educa.madrid.org\/s\/yZwd22Hb9K7F6gA\">NORMATIVA PROCESO DE ADMISI\u00d3N<\/a><\/div>\n<\/div>\n<\/div>\n<\/div>\n\n\n\n<p><\/p>\n","protected":false},"excerpt":{"rendered":"<p>ADMISION PROCESO DE PRESENTACI\u00d3N DE SOLICITUDES DE ADMISI\u00d3N CURSO 26\/27 El plazo de&nbsp;presentaci\u00f3n de solicitudes&nbsp;es&nbsp;del 11 al 25 de marzo. Las solicitudes se presentar\u00e1n preferentemente por v\u00eda telem\u00e1tica, a trav\u00e9s &#8230;<\/p>\n","protected":false},"author":3,"featured_media":0,"parent":0,"menu_order":0,"comment_status":"closed","ping_status":"closed","template":"","meta":{"footnotes":""},"folder":[],"class_list":["post-1660","page","type-page","status-publish","hentry"],"rttpg_featured_image_url":null,"rttpg_author":{"display_name":"ies.leonfelipe.getafe","author_link":"https:\/\/site.educa.madrid.org\/ies.leonfelipe.getafe\/index.php\/author\/cuenta_ies-leonfelipe-getafe\/"},"rttpg_comment":0,"rttpg_category":false,"rttpg_excerpt":"ADMISION PROCESO DE PRESENTACI\u00d3N DE SOLICITUDES DE ADMISI\u00d3N CURSO 26\/27 El plazo de&nbsp;presentaci\u00f3n de solicitudes&nbsp;es&nbsp;del 11 al 25 de marzo. Las solicitudes se presentar\u00e1n preferentemente por v\u00eda telem\u00e1tica, a trav\u00e9s ...","post_mailing_queue_ids":[],"_links":{"self":[{"href":"https:\/\/site.educa.madrid.org\/ies.leonfelipe.getafe\/index.php\/wp-json\/wp\/v2\/pages\/1660","targetHints":{"allow":["GET"]}}],"collection":[{"href":"https:\/\/site.educa.madrid.org\/ies.leonfelipe.getafe\/index.php\/wp-json\/wp\/v2\/pages"}],"about":[{"href":"https:\/\/site.educa.madrid.org\/ies.leonfelipe.getafe\/index.php\/wp-json\/wp\/v2\/types\/page"}],"author":[{"embeddable":true,"href":"https:\/\/site.educa.madrid.org\/ies.leonfelipe.getafe\/index.php\/wp-json\/wp\/v2\/users\/3"}],"replies":[{"embeddable":true,"href":"https:\/\/site.educa.madrid.org\/ies.leonfelipe.getafe\/index.php\/wp-json\/wp\/v2\/comments?post=1660"}],"version-history":[{"count":28,"href":"https:\/\/site.educa.madrid.org\/ies.leonfelipe.getafe\/index.php\/wp-json\/wp\/v2\/pages\/1660\/revisions"}],"predecessor-version":[{"id":3270,"href":"https:\/\/site.educa.madrid.org\/ies.leonfelipe.getafe\/index.php\/wp-json\/wp\/v2\/pages\/1660\/revisions\/3270"}],"wp:attachment":[{"href":"https:\/\/site.educa.madrid.org\/ies.leonfelipe.getafe\/index.php\/wp-json\/wp\/v2\/media?parent=1660"}],"wp:term":[{"taxonomy":"folder","embeddable":true,"href":"https:\/\/site.educa.madrid.org\/ies.leonfelipe.getafe\/index.php\/wp-json\/wp\/v2\/folder?post=1660"}],"curies":[{"name":"wp","href":"https:\/\/api.w.org\/{rel}","templated":true}]}}