{"id":2983,"date":"2025-10-29T14:02:13","date_gmt":"2025-10-29T13:02:13","guid":{"rendered":"https:\/\/site.educa.madrid.org\/ies.leonfelipe.getafe\/?page_id=2983"},"modified":"2026-04-30T15:25:57","modified_gmt":"2026-04-30T13:25:57","slug":"tecnologia-2","status":"publish","type":"page","link":"https:\/\/site.educa.madrid.org\/ies.leonfelipe.getafe\/index.php\/tecnologia-2\/","title":{"rendered":"TECNOLOG\u00cdA"},"content":{"rendered":"<h3><strong><span style=\"color: #000000;\">JORNADAS DE LA F\u00cdSICA EN EL PARQUE DE ATRACCIONES DE MADRID<\/span><\/strong><\/h3>\n<p><span style=\"font-size: x-large; color: #000000;\"><b>La F\u00edsica se vive a 105 km\/h: nuestros alumnos en el Parque de Atracciones de Madrid.<\/b><\/span><\/p>\n<p><span style=\"color: #000000;\">El pasado <b>viernes 24 de abril<\/b>, <b>alumnos<\/b> de nuestro Instituto participaron en las <b>Jornadas de la F\u00edsica<\/b> del Parque de Atracciones de Madrid, una actividad a la que cada curso acuden cientos de estudiantes de toda la Comunidad de Madrid.<\/span><\/p>\n<p><span style=\"color: #000000;\">Acudieron los grupos de <b>4\u00ba ESO A, B y Diversificaci\u00f3n<\/b> (F\u00edsica y Tecnolog\u00eda) y <b>1\u00ba Bachillerato<\/b> (Tecnolog\u00eda e Ingenier\u00eda), acompa\u00f1ados por sus profesores.<\/span><\/p>\n<p><span style=\"font-size: large; color: #000000;\"><b>Un aula a 49 metros de altura<\/b><\/span><\/p>\n<p><span style=\"color: #000000;\">La jornada comenz\u00f3 con una <b>charla sobre energ\u00eda mec\u00e1nica<\/b> ambientada en las propias atracciones del parque, con demostraciones pr\u00e1cticas en directo. Los monitores explicaron, sobre el terreno, los conceptos que trabajamos en clase: <b>cinem\u00e1tica, din\u00e1mica, fuerza centr\u00edpeta, trabajo, potencia y conservaci\u00f3n de la energ\u00eda<\/b>.<\/span><\/p>\n<p><span style=\"color: #000000;\">Despu\u00e9s lleg\u00f3 lo mejor: comprobarlo en primera persona subi\u00e9ndose a la atracci\u00f3n <b>Abismo<\/b> (ca\u00edda de 49 m a 105 km\/h), <b>Tornado<\/b> (monta\u00f1a rusa invertida con dos <i>loopings<\/i> a 80 km\/h), <b>La Lanzadera<\/b> (ca\u00edda libre desde 63 m), <b>La M\u00e1quina<\/b>, <b>Tar\u00e1ntula<\/b>, <b>Las Sillas Voladoras<\/b> y muchas m\u00e1s. Aqu\u00ed ten\u00e9is unas fotos de la visita.<\/span><\/p>\n<p><img loading=\"lazy\" decoding=\"async\" class=\"alignnone size-medium wp-image-3416\" src=\"https:\/\/site.educa.madrid.org\/ies.leonfelipe.getafe\/\/wp-content\/uploads\/ies.leonfelipe.getafe\/2026\/04\/IMG_0408-225x300.jpeg\" alt=\"\" width=\"225\" height=\"300\" srcset=\"https:\/\/site.educa.madrid.org\/ies.leonfelipe.getafe\/\/wp-content\/uploads\/ies.leonfelipe.getafe\/2026\/04\/IMG_0408-225x300.jpeg 225w, https:\/\/site.educa.madrid.org\/ies.leonfelipe.getafe\/\/wp-content\/uploads\/ies.leonfelipe.getafe\/2026\/04\/IMG_0408-768x1024.jpeg 768w, https:\/\/site.educa.madrid.org\/ies.leonfelipe.getafe\/\/wp-content\/uploads\/ies.leonfelipe.getafe\/2026\/04\/IMG_0408-300x400.jpeg 300w, https:\/\/site.educa.madrid.org\/ies.leonfelipe.getafe\/\/wp-content\/uploads\/ies.leonfelipe.getafe\/2026\/04\/IMG_0408-1152x1536.jpeg 1152w, https:\/\/site.educa.madrid.org\/ies.leonfelipe.getafe\/\/wp-content\/uploads\/ies.leonfelipe.getafe\/2026\/04\/IMG_0408-1536x2048.jpeg 1536w, https:\/\/site.educa.madrid.org\/ies.leonfelipe.getafe\/\/wp-content\/uploads\/ies.leonfelipe.getafe\/2026\/04\/IMG_0408-scaled.jpeg 1920w\" sizes=\"auto, (max-width: 225px) 100vw, 225px\" \/> <img loading=\"lazy\" decoding=\"async\" class=\"alignnone size-medium wp-image-3417\" src=\"https:\/\/site.educa.madrid.org\/ies.leonfelipe.getafe\/\/wp-content\/uploads\/ies.leonfelipe.getafe\/2026\/04\/IMG_0425-225x300.jpeg\" alt=\"\" width=\"225\" height=\"300\" srcset=\"https:\/\/site.educa.madrid.org\/ies.leonfelipe.getafe\/\/wp-content\/uploads\/ies.leonfelipe.getafe\/2026\/04\/IMG_0425-225x300.jpeg 225w, https:\/\/site.educa.madrid.org\/ies.leonfelipe.getafe\/\/wp-content\/uploads\/ies.leonfelipe.getafe\/2026\/04\/IMG_0425-768x1024.jpeg 768w, https:\/\/site.educa.madrid.org\/ies.leonfelipe.getafe\/\/wp-content\/uploads\/ies.leonfelipe.getafe\/2026\/04\/IMG_0425-300x400.jpeg 300w, https:\/\/site.educa.madrid.org\/ies.leonfelipe.getafe\/\/wp-content\/uploads\/ies.leonfelipe.getafe\/2026\/04\/IMG_0425-1152x1536.jpeg 1152w, https:\/\/site.educa.madrid.org\/ies.leonfelipe.getafe\/\/wp-content\/uploads\/ies.leonfelipe.getafe\/2026\/04\/IMG_0425-1536x2048.jpeg 1536w, https:\/\/site.educa.madrid.org\/ies.leonfelipe.getafe\/\/wp-content\/uploads\/ies.leonfelipe.getafe\/2026\/04\/IMG_0425-scaled.jpeg 1920w\" sizes=\"auto, (max-width: 225px) 100vw, 225px\" \/> <img loading=\"lazy\" decoding=\"async\" class=\"alignnone size-medium wp-image-3418\" src=\"https:\/\/site.educa.madrid.org\/ies.leonfelipe.getafe\/\/wp-content\/uploads\/ies.leonfelipe.getafe\/2026\/04\/IMG_0431-300x225.jpeg\" alt=\"\" width=\"300\" height=\"225\" srcset=\"https:\/\/site.educa.madrid.org\/ies.leonfelipe.getafe\/\/wp-content\/uploads\/ies.leonfelipe.getafe\/2026\/04\/IMG_0431-300x225.jpeg 300w, https:\/\/site.educa.madrid.org\/ies.leonfelipe.getafe\/\/wp-content\/uploads\/ies.leonfelipe.getafe\/2026\/04\/IMG_0431-1024x768.jpeg 1024w, https:\/\/site.educa.madrid.org\/ies.leonfelipe.getafe\/\/wp-content\/uploads\/ies.leonfelipe.getafe\/2026\/04\/IMG_0431-768x576.jpeg 768w, https:\/\/site.educa.madrid.org\/ies.leonfelipe.getafe\/\/wp-content\/uploads\/ies.leonfelipe.getafe\/2026\/04\/IMG_0431-1536x1152.jpeg 1536w, https:\/\/site.educa.madrid.org\/ies.leonfelipe.getafe\/\/wp-content\/uploads\/ies.leonfelipe.getafe\/2026\/04\/IMG_0431-2048x1536.jpeg 2048w\" sizes=\"auto, (max-width: 300px) 100vw, 300px\" \/><\/p>\n<p>\u00a0<\/p>\n<h3><strong><span style=\"color: #000000;\">VISITA ROADSHOW INCIBE<\/span><\/strong><\/h3>\n<p><span style=\"color: #000000;\">Los pasados 8 y 10 de abril, alumnos de 1\u00ba y 2\u00ba ESO de la asignatura de Ciencias de la Computaci\u00f3n han visitado la exposici\u00f3n sobre Cibersegurdad que el INCIBE instal\u00f3 en la Plaza de Espa\u00f1a de Getafe.<\/span><\/p>\n<p><span style=\"color: #000000;\">La visita ha sido muy interesante ya que la ciberseguridad y la confianza digital son dos de los retos m\u00e1s importantes a los que nos enfrentamos en la sociedad actual. El Roadshow cuenta con dos zonas (interior y exterior) con diversas actividades de concienciaci\u00f3n, formaci\u00f3n y l\u00fadicas: escape room de ciberseguridad, juegos online, p\u00edldoras de ciberseguridad y una cabina \u00abTu Ayuda en Ciberseguridad\u00bb.<\/span><\/p>\n<p><span style=\"color: #000000;\">Para m\u00e1s informaci\u00f3n pod\u00e9is consultar la p\u00e1gina web del INCIBE (Instituto Nacional de Ciberseguridad):<\/span><\/p>\n<p><a href=\"https:\/\/www.incibe.es\/\">WEB INCIBE<\/a><\/p>\n<p><span style=\"color: #000000;\">o llamar al n\u00famero <span style=\"color: #ff0000;\"><strong>017<\/strong><\/span>.<\/span><\/p>\n<p><img loading=\"lazy\" decoding=\"async\" class=\"alignnone size-medium wp-image-3367\" src=\"https:\/\/site.educa.madrid.org\/ies.leonfelipe.getafe\/\/wp-content\/uploads\/ies.leonfelipe.getafe\/2026\/04\/WhatsApp-Image-2026-04-16-at-09.40.21-2-300x225.jpeg\" alt=\"\" width=\"300\" height=\"225\" srcset=\"https:\/\/site.educa.madrid.org\/ies.leonfelipe.getafe\/\/wp-content\/uploads\/ies.leonfelipe.getafe\/2026\/04\/WhatsApp-Image-2026-04-16-at-09.40.21-2-300x225.jpeg 300w, https:\/\/site.educa.madrid.org\/ies.leonfelipe.getafe\/\/wp-content\/uploads\/ies.leonfelipe.getafe\/2026\/04\/WhatsApp-Image-2026-04-16-at-09.40.21-2-1024x768.jpeg 1024w, https:\/\/site.educa.madrid.org\/ies.leonfelipe.getafe\/\/wp-content\/uploads\/ies.leonfelipe.getafe\/2026\/04\/WhatsApp-Image-2026-04-16-at-09.40.21-2-768x576.jpeg 768w, https:\/\/site.educa.madrid.org\/ies.leonfelipe.getafe\/\/wp-content\/uploads\/ies.leonfelipe.getafe\/2026\/04\/WhatsApp-Image-2026-04-16-at-09.40.21-2-1536x1152.jpeg 1536w, https:\/\/site.educa.madrid.org\/ies.leonfelipe.getafe\/\/wp-content\/uploads\/ies.leonfelipe.getafe\/2026\/04\/WhatsApp-Image-2026-04-16-at-09.40.21-2.jpeg 2048w\" sizes=\"auto, (max-width: 300px) 100vw, 300px\" \/> <img loading=\"lazy\" decoding=\"async\" class=\"alignnone size-medium wp-image-3368\" src=\"https:\/\/site.educa.madrid.org\/ies.leonfelipe.getafe\/\/wp-content\/uploads\/ies.leonfelipe.getafe\/2026\/04\/WhatsApp-Image-2026-04-16-at-09.40.21-1-300x225.jpeg\" alt=\"\" width=\"300\" height=\"225\" srcset=\"https:\/\/site.educa.madrid.org\/ies.leonfelipe.getafe\/\/wp-content\/uploads\/ies.leonfelipe.getafe\/2026\/04\/WhatsApp-Image-2026-04-16-at-09.40.21-1-300x225.jpeg 300w, https:\/\/site.educa.madrid.org\/ies.leonfelipe.getafe\/\/wp-content\/uploads\/ies.leonfelipe.getafe\/2026\/04\/WhatsApp-Image-2026-04-16-at-09.40.21-1-1024x768.jpeg 1024w, https:\/\/site.educa.madrid.org\/ies.leonfelipe.getafe\/\/wp-content\/uploads\/ies.leonfelipe.getafe\/2026\/04\/WhatsApp-Image-2026-04-16-at-09.40.21-1-768x576.jpeg 768w, https:\/\/site.educa.madrid.org\/ies.leonfelipe.getafe\/\/wp-content\/uploads\/ies.leonfelipe.getafe\/2026\/04\/WhatsApp-Image-2026-04-16-at-09.40.21-1-1536x1152.jpeg 1536w, https:\/\/site.educa.madrid.org\/ies.leonfelipe.getafe\/\/wp-content\/uploads\/ies.leonfelipe.getafe\/2026\/04\/WhatsApp-Image-2026-04-16-at-09.40.21-1.jpeg 2048w\" sizes=\"auto, (max-width: 300px) 100vw, 300px\" \/><\/p>\n<h3><strong><span style=\"color: #000000;\">VISITA EMPRESA AIRBUS &#8211; DiversIT DAY<\/span><\/strong><\/h3>\n<p><span style=\"color: #000000;\">El pasado 9 de diciembre, alumnos de 2\u00ba ESO han visitado las instalaciones de Airbus en Getafe coincidiendo con el evento DiversIT Day.<\/span><\/p>\n<p><span style=\"color: #000000;\">La visita ha sido muy interesante ya que hemos podido ver in situ como se trabaja en la construcci\u00f3n de los aviones, en concreto los modelos A400M y el A330MRTT.<\/span><\/p>\n<p><span style=\"color: #000000;\">Tambi\u00e9n han preparado varios puestos informativos de diferentes departamentos de la empresa: ensayos, RRHH, realidad virtual, IA, estructuras, etc. en d\u00f3nde los alumnos han podido aprender y experimentar sobre la tecnolog\u00eda aeron\u00e1utica y la propia compa\u00f1\u00eda Airbus.<\/span><\/p>\n<p><span style=\"color: #000000;\">Finalizamos la jornada con la entrega a los alumnos de unos obsequios gentileza de Airbus. <\/span><\/p>\n<p><span style=\"color: #000000;\">Ha sido toda una experiencia y nuestros alumnos han terminado la jornada encantados.<\/span><\/p>\n<p><img loading=\"lazy\" decoding=\"async\" class=\"wp-image-3090 alignleft\" src=\"https:\/\/site.educa.madrid.org\/ies.leonfelipe.getafe\/\/wp-content\/uploads\/ies.leonfelipe.getafe\/2025\/12\/DS_GET_EVE_CY_20251209_DiversIT-Day_300ppp_DS_GET_EVE_CY_20251209_DiversIT-Day_300ppp-4-300x200.jpg\" alt=\"\" width=\"246\" height=\"164\" srcset=\"https:\/\/site.educa.madrid.org\/ies.leonfelipe.getafe\/\/wp-content\/uploads\/ies.leonfelipe.getafe\/2025\/12\/DS_GET_EVE_CY_20251209_DiversIT-Day_300ppp_DS_GET_EVE_CY_20251209_DiversIT-Day_300ppp-4-300x200.jpg 300w, https:\/\/site.educa.madrid.org\/ies.leonfelipe.getafe\/\/wp-content\/uploads\/ies.leonfelipe.getafe\/2025\/12\/DS_GET_EVE_CY_20251209_DiversIT-Day_300ppp_DS_GET_EVE_CY_20251209_DiversIT-Day_300ppp-4-1024x683.jpg 1024w, https:\/\/site.educa.madrid.org\/ies.leonfelipe.getafe\/\/wp-content\/uploads\/ies.leonfelipe.getafe\/2025\/12\/DS_GET_EVE_CY_20251209_DiversIT-Day_300ppp_DS_GET_EVE_CY_20251209_DiversIT-Day_300ppp-4-768x512.jpg 768w, https:\/\/site.educa.madrid.org\/ies.leonfelipe.getafe\/\/wp-content\/uploads\/ies.leonfelipe.getafe\/2025\/12\/DS_GET_EVE_CY_20251209_DiversIT-Day_300ppp_DS_GET_EVE_CY_20251209_DiversIT-Day_300ppp-4-391x260.jpg 391w, https:\/\/site.educa.madrid.org\/ies.leonfelipe.getafe\/\/wp-content\/uploads\/ies.leonfelipe.getafe\/2025\/12\/DS_GET_EVE_CY_20251209_DiversIT-Day_300ppp_DS_GET_EVE_CY_20251209_DiversIT-Day_300ppp-4-1536x1024.jpg 1536w, https:\/\/site.educa.madrid.org\/ies.leonfelipe.getafe\/\/wp-content\/uploads\/ies.leonfelipe.getafe\/2025\/12\/DS_GET_EVE_CY_20251209_DiversIT-Day_300ppp_DS_GET_EVE_CY_20251209_DiversIT-Day_300ppp-4-2048x1365.jpg 2048w, https:\/\/site.educa.madrid.org\/ies.leonfelipe.getafe\/\/wp-content\/uploads\/ies.leonfelipe.getafe\/2025\/12\/DS_GET_EVE_CY_20251209_DiversIT-Day_300ppp_DS_GET_EVE_CY_20251209_DiversIT-Day_300ppp-4-272x182.jpg 272w, https:\/\/site.educa.madrid.org\/ies.leonfelipe.getafe\/\/wp-content\/uploads\/ies.leonfelipe.getafe\/2025\/12\/DS_GET_EVE_CY_20251209_DiversIT-Day_300ppp_DS_GET_EVE_CY_20251209_DiversIT-Day_300ppp-4-360x240.jpg 360w\" sizes=\"auto, (max-width: 246px) 100vw, 246px\" \/><img loading=\"lazy\" decoding=\"async\" class=\"wp-image-3091 alignleft\" src=\"https:\/\/site.educa.madrid.org\/ies.leonfelipe.getafe\/\/wp-content\/uploads\/ies.leonfelipe.getafe\/2025\/12\/DS_GET_EVE_CY_20251209_DiversIT-Day_300ppp_DS_GET_EVE_CY_20251209_DiversIT-Day_300ppp-13-300x200.jpg\" alt=\"\" width=\"249\" height=\"166\" srcset=\"https:\/\/site.educa.madrid.org\/ies.leonfelipe.getafe\/\/wp-content\/uploads\/ies.leonfelipe.getafe\/2025\/12\/DS_GET_EVE_CY_20251209_DiversIT-Day_300ppp_DS_GET_EVE_CY_20251209_DiversIT-Day_300ppp-13-300x200.jpg 300w, https:\/\/site.educa.madrid.org\/ies.leonfelipe.getafe\/\/wp-content\/uploads\/ies.leonfelipe.getafe\/2025\/12\/DS_GET_EVE_CY_20251209_DiversIT-Day_300ppp_DS_GET_EVE_CY_20251209_DiversIT-Day_300ppp-13-1024x683.jpg 1024w, https:\/\/site.educa.madrid.org\/ies.leonfelipe.getafe\/\/wp-content\/uploads\/ies.leonfelipe.getafe\/2025\/12\/DS_GET_EVE_CY_20251209_DiversIT-Day_300ppp_DS_GET_EVE_CY_20251209_DiversIT-Day_300ppp-13-768x512.jpg 768w, https:\/\/site.educa.madrid.org\/ies.leonfelipe.getafe\/\/wp-content\/uploads\/ies.leonfelipe.getafe\/2025\/12\/DS_GET_EVE_CY_20251209_DiversIT-Day_300ppp_DS_GET_EVE_CY_20251209_DiversIT-Day_300ppp-13-391x260.jpg 391w, https:\/\/site.educa.madrid.org\/ies.leonfelipe.getafe\/\/wp-content\/uploads\/ies.leonfelipe.getafe\/2025\/12\/DS_GET_EVE_CY_20251209_DiversIT-Day_300ppp_DS_GET_EVE_CY_20251209_DiversIT-Day_300ppp-13-1536x1024.jpg 1536w, https:\/\/site.educa.madrid.org\/ies.leonfelipe.getafe\/\/wp-content\/uploads\/ies.leonfelipe.getafe\/2025\/12\/DS_GET_EVE_CY_20251209_DiversIT-Day_300ppp_DS_GET_EVE_CY_20251209_DiversIT-Day_300ppp-13-2048x1365.jpg 2048w, https:\/\/site.educa.madrid.org\/ies.leonfelipe.getafe\/\/wp-content\/uploads\/ies.leonfelipe.getafe\/2025\/12\/DS_GET_EVE_CY_20251209_DiversIT-Day_300ppp_DS_GET_EVE_CY_20251209_DiversIT-Day_300ppp-13-272x182.jpg 272w, https:\/\/site.educa.madrid.org\/ies.leonfelipe.getafe\/\/wp-content\/uploads\/ies.leonfelipe.getafe\/2025\/12\/DS_GET_EVE_CY_20251209_DiversIT-Day_300ppp_DS_GET_EVE_CY_20251209_DiversIT-Day_300ppp-13-360x240.jpg 360w\" sizes=\"auto, (max-width: 249px) 100vw, 249px\" \/><img loading=\"lazy\" decoding=\"async\" class=\"wp-image-3092 alignleft\" src=\"https:\/\/site.educa.madrid.org\/ies.leonfelipe.getafe\/\/wp-content\/uploads\/ies.leonfelipe.getafe\/2025\/12\/DS_GET_EVE_CY_20251209_DiversIT-Day_300ppp_DS_GET_EVE_CY_20251209_DiversIT-Day_300ppp-1-300x200.jpg\" alt=\"\" width=\"251\" height=\"167\" srcset=\"https:\/\/site.educa.madrid.org\/ies.leonfelipe.getafe\/\/wp-content\/uploads\/ies.leonfelipe.getafe\/2025\/12\/DS_GET_EVE_CY_20251209_DiversIT-Day_300ppp_DS_GET_EVE_CY_20251209_DiversIT-Day_300ppp-1-300x200.jpg 300w, https:\/\/site.educa.madrid.org\/ies.leonfelipe.getafe\/\/wp-content\/uploads\/ies.leonfelipe.getafe\/2025\/12\/DS_GET_EVE_CY_20251209_DiversIT-Day_300ppp_DS_GET_EVE_CY_20251209_DiversIT-Day_300ppp-1-1024x683.jpg 1024w, https:\/\/site.educa.madrid.org\/ies.leonfelipe.getafe\/\/wp-content\/uploads\/ies.leonfelipe.getafe\/2025\/12\/DS_GET_EVE_CY_20251209_DiversIT-Day_300ppp_DS_GET_EVE_CY_20251209_DiversIT-Day_300ppp-1-768x512.jpg 768w, https:\/\/site.educa.madrid.org\/ies.leonfelipe.getafe\/\/wp-content\/uploads\/ies.leonfelipe.getafe\/2025\/12\/DS_GET_EVE_CY_20251209_DiversIT-Day_300ppp_DS_GET_EVE_CY_20251209_DiversIT-Day_300ppp-1-391x260.jpg 391w, https:\/\/site.educa.madrid.org\/ies.leonfelipe.getafe\/\/wp-content\/uploads\/ies.leonfelipe.getafe\/2025\/12\/DS_GET_EVE_CY_20251209_DiversIT-Day_300ppp_DS_GET_EVE_CY_20251209_DiversIT-Day_300ppp-1-1536x1024.jpg 1536w, https:\/\/site.educa.madrid.org\/ies.leonfelipe.getafe\/\/wp-content\/uploads\/ies.leonfelipe.getafe\/2025\/12\/DS_GET_EVE_CY_20251209_DiversIT-Day_300ppp_DS_GET_EVE_CY_20251209_DiversIT-Day_300ppp-1-2048x1365.jpg 2048w, https:\/\/site.educa.madrid.org\/ies.leonfelipe.getafe\/\/wp-content\/uploads\/ies.leonfelipe.getafe\/2025\/12\/DS_GET_EVE_CY_20251209_DiversIT-Day_300ppp_DS_GET_EVE_CY_20251209_DiversIT-Day_300ppp-1-272x182.jpg 272w, https:\/\/site.educa.madrid.org\/ies.leonfelipe.getafe\/\/wp-content\/uploads\/ies.leonfelipe.getafe\/2025\/12\/DS_GET_EVE_CY_20251209_DiversIT-Day_300ppp_DS_GET_EVE_CY_20251209_DiversIT-Day_300ppp-1-360x240.jpg 360w\" sizes=\"auto, (max-width: 251px) 100vw, 251px\" \/><\/p>\n<h3>\u00a0<\/h3>\n<h3><strong><span style=\"color: #000000;\">VISITA UNIVERSIDAD REY JUAN CARLOS<img loading=\"lazy\" decoding=\"async\" class=\"alignright size-medium wp-image-3024\" src=\"https:\/\/site.educa.madrid.org\/ies.leonfelipe.getafe\/\/wp-content\/uploads\/ies.leonfelipe.getafe\/2025\/11\/1763366562304-300x225.jpg\" alt=\"\" width=\"300\" height=\"225\" srcset=\"https:\/\/site.educa.madrid.org\/ies.leonfelipe.getafe\/\/wp-content\/uploads\/ies.leonfelipe.getafe\/2025\/11\/1763366562304-300x225.jpg 300w, https:\/\/site.educa.madrid.org\/ies.leonfelipe.getafe\/\/wp-content\/uploads\/ies.leonfelipe.getafe\/2025\/11\/1763366562304-1024x768.jpg 1024w, https:\/\/site.educa.madrid.org\/ies.leonfelipe.getafe\/\/wp-content\/uploads\/ies.leonfelipe.getafe\/2025\/11\/1763366562304-768x576.jpg 768w, https:\/\/site.educa.madrid.org\/ies.leonfelipe.getafe\/\/wp-content\/uploads\/ies.leonfelipe.getafe\/2025\/11\/1763366562304-1536x1152.jpg 1536w, https:\/\/site.educa.madrid.org\/ies.leonfelipe.getafe\/\/wp-content\/uploads\/ies.leonfelipe.getafe\/2025\/11\/1763366562304.jpg 1600w\" sizes=\"auto, (max-width: 300px) 100vw, 300px\" \/><\/span><\/strong><\/h3>\n<p><span style=\"color: #000000;\">Este viernes, 14 de noviembre, los alumnos de 1\u00ba Bachillerato B de las asignaturas de Dibujo T\u00e9cnico y Tecnolog\u00eda e Ingeniera I han visitado el campus de la Universidad Rey Juan Carlos de M\u00f3stoles.<\/span><\/p>\n<p><span style=\"color: #000000;\">La visita ha servido para que los alumnos vieran las instalaciones del Campus (Aulas, Laboratorios, talleres, biblioteca, cafeter\u00eda, etc.) y tambi\u00e9n para que se informaran sobre la oferta educativa de Ciencias e Ingenier\u00edas que les ofrece esta Universidad<\/span><\/p>\n<p><span style=\"color: #000000;\">Profesores de la Universidad han explicado las salidas profesionales del sector de Ciencias e Ingenier\u00edas y las notas de corte del ultimo curso para la URJC.<\/span><\/p>\n<h3>\u00a0<\/h3>\n<h3><strong><span style=\"color: #000000;\">VISITA EMPRESA AIRBUS<img loading=\"lazy\" decoding=\"async\" class=\"alignright size-medium wp-image-2984\" src=\"https:\/\/site.educa.madrid.org\/ies.leonfelipe.getafe\/\/wp-content\/uploads\/ies.leonfelipe.getafe\/2025\/10\/Airbus_1-300x225.jpg\" alt=\"\" width=\"300\" height=\"225\" srcset=\"https:\/\/site.educa.madrid.org\/ies.leonfelipe.getafe\/\/wp-content\/uploads\/ies.leonfelipe.getafe\/2025\/10\/Airbus_1-300x225.jpg 300w, https:\/\/site.educa.madrid.org\/ies.leonfelipe.getafe\/\/wp-content\/uploads\/ies.leonfelipe.getafe\/2025\/10\/Airbus_1-1024x768.jpg 1024w, https:\/\/site.educa.madrid.org\/ies.leonfelipe.getafe\/\/wp-content\/uploads\/ies.leonfelipe.getafe\/2025\/10\/Airbus_1-768x576.jpg 768w, https:\/\/site.educa.madrid.org\/ies.leonfelipe.getafe\/\/wp-content\/uploads\/ies.leonfelipe.getafe\/2025\/10\/Airbus_1-1536x1152.jpg 1536w, https:\/\/site.educa.madrid.org\/ies.leonfelipe.getafe\/\/wp-content\/uploads\/ies.leonfelipe.getafe\/2025\/10\/Airbus_1-2048x1536.jpg 2048w\" sizes=\"auto, (max-width: 300px) 100vw, 300px\" \/><\/span><\/strong><\/h3>\n<p><span style=\"color: #000000;\">Este martes, 28 de octubre, alumnos de 4\u00ba ESO B del itinerario Tecnol\u00f3gico y 4\u00ba ESO Diversificaci\u00f3n han visitado las instalaciones de Airbus en Getafe.<\/span><\/p>\n<p><span style=\"color: #000000;\">La visita ha sido muy interesante ya que hemos podido ver in situ como se trabaja en la construcci\u00f3n de un avi\u00f3n.<\/span><\/p>\n<p><span style=\"color: #000000;\">Tambi\u00e9n nos han dado una charla en la que nos han explicado las salidas profesionales del sector aeron\u00e1utico y aeroespacial y las posibilidades que tienen para acceder a este sector los alumnos que van a terminar 4\u00ba ESO.<\/span><\/p>\n<p><span style=\"color: #000000;\">La visita y las charlas han sido realizadas por mujeres de la empresa Airbus lo que nos ha demostrado que en el mundo de la Tecnolog\u00eda cada vez es m\u00e1s importante la participaci\u00f3n de las mujeres.<\/span><\/p>\n\n\n<p><\/p>\n","protected":false},"excerpt":{"rendered":"<p>JORNADAS DE LA F\u00cdSICA EN EL PARQUE DE ATRACCIONES DE MADRID La F\u00edsica se vive a 105 km\/h: nuestros alumnos en el Parque de Atracciones de Madrid. El pasado viernes &#8230;<\/p>\n","protected":false},"author":2,"featured_media":0,"parent":0,"menu_order":0,"comment_status":"closed","ping_status":"closed","template":"","meta":{"footnotes":""},"folder":[],"class_list":["post-2983","page","type-page","status-publish","hentry"],"rttpg_featured_image_url":null,"rttpg_author":{"display_name":"tic.ies.leonfelipe.getafe","author_link":"https:\/\/site.educa.madrid.org\/ies.leonfelipe.getafe\/index.php\/author\/cuenta_tic-ies-leonfelipe-getafe\/"},"rttpg_comment":0,"rttpg_category":false,"rttpg_excerpt":"JORNADAS DE LA F\u00cdSICA EN EL PARQUE DE ATRACCIONES DE MADRID La F\u00edsica se vive a 105 km\/h: nuestros alumnos en el Parque de Atracciones de Madrid. El pasado viernes ...","post_mailing_queue_ids":[],"_links":{"self":[{"href":"https:\/\/site.educa.madrid.org\/ies.leonfelipe.getafe\/index.php\/wp-json\/wp\/v2\/pages\/2983","targetHints":{"allow":["GET"]}}],"collection":[{"href":"https:\/\/site.educa.madrid.org\/ies.leonfelipe.getafe\/index.php\/wp-json\/wp\/v2\/pages"}],"about":[{"href":"https:\/\/site.educa.madrid.org\/ies.leonfelipe.getafe\/index.php\/wp-json\/wp\/v2\/types\/page"}],"author":[{"embeddable":true,"href":"https:\/\/site.educa.madrid.org\/ies.leonfelipe.getafe\/index.php\/wp-json\/wp\/v2\/users\/2"}],"replies":[{"embeddable":true,"href":"https:\/\/site.educa.madrid.org\/ies.leonfelipe.getafe\/index.php\/wp-json\/wp\/v2\/comments?post=2983"}],"version-history":[{"count":6,"href":"https:\/\/site.educa.madrid.org\/ies.leonfelipe.getafe\/index.php\/wp-json\/wp\/v2\/pages\/2983\/revisions"}],"predecessor-version":[{"id":3419,"href":"https:\/\/site.educa.madrid.org\/ies.leonfelipe.getafe\/index.php\/wp-json\/wp\/v2\/pages\/2983\/revisions\/3419"}],"wp:attachment":[{"href":"https:\/\/site.educa.madrid.org\/ies.leonfelipe.getafe\/index.php\/wp-json\/wp\/v2\/media?parent=2983"}],"wp:term":[{"taxonomy":"folder","embeddable":true,"href":"https:\/\/site.educa.madrid.org\/ies.leonfelipe.getafe\/index.php\/wp-json\/wp\/v2\/folder?post=2983"}],"curies":[{"name":"wp","href":"https:\/\/api.w.org\/{rel}","templated":true}]}}