{"id":3143,"date":"2026-01-27T13:51:48","date_gmt":"2026-01-27T12:51:48","guid":{"rendered":"https:\/\/site.educa.madrid.org\/ies.leonfelipe.getafe\/?page_id=3143"},"modified":"2026-01-27T13:54:11","modified_gmt":"2026-01-27T12:54:11","slug":"contacto-2","status":"publish","type":"page","link":"https:\/\/site.educa.madrid.org\/ies.leonfelipe.getafe\/index.php\/contacto-2\/","title":{"rendered":"CONTACTO"},"content":{"rendered":"<h3><span style=\"color: #000000;\"><strong>DATOS DE CONTACTO<\/strong><\/span><\/h3>\n<p><span style=\"color: #000000;\"><strong>DIRECCI\u00d3N<\/strong><\/span><br \/>\n<span style=\"color: #000000;\"><em>\u00a0 \u00a0 \u00a0 \u00a0Av. Fuerzas Armadas, S\/N \u2013 Getafe<br \/>\nMADRID 28901 \u2013 ESPA\u00d1A<\/em><\/span><\/p>\n<p><span style=\"color: #000000;\"><strong>Tel\u00e9fono<\/strong><\/span><br \/>\n<span style=\"color: #000000;\"><em>\u00a0 \u00a0 \u00a0 \u00a0 \u00a0 \u00a0+34 91.681.80.80<\/em><\/span><\/p>\n<p><span style=\"color: #000000;\"><strong>HORARIO<\/strong><\/span><br \/>\n<span style=\"color: #000000;\"><em>\u00a0 \u00a0 \u00a0 \u00a0 \u00a0 \u00a0de 8:30 a 15:00 horas<\/em><\/span><\/p>\n<p><span style=\"color: #000000;\">Administraci\u00f3n del Centro:<\/span><br \/>\n<span style=\"color: #000000;\"><em>\u00a0 \u00a0 \u00a0 \u00a0 \u00a0 \u00a0de lunes a viernes: de 10:00 a 13:00 horas<\/em><\/span><\/p>\n<h3><strong>GESTIONES-TR\u00c1MITES-INFORMACI\u00d3N<\/strong><\/h3>\n<p><span style=\"color: #000000;\">Con el fin de mejorar la comunicaci\u00f3n de la comunidad educativa del IES Le\u00f3n Felipe (Getafe) se han establecido las siguientes direcciones de correo en funci\u00f3n del tr\u00e1mite a realizar:<\/span><\/p>\n<ul>\n<li><span style=\"color: #000000;\"><strong>JEFATURA DE ESTUDIOS<\/strong><\/span><span style=\"color: #000000;\">(Ense\u00f1anzas, Convivencia, Horarios, Incidencias, etc.)<\/span><br \/>\n<em><a href=\"mailto:jestudios.ies.leonfelipe.getafe@educa.madrid.org\">jestudios.ies.leonfelipe.getafe@educa.madrid.org<\/a><\/em><\/li>\n<\/ul>\n<ul>\n<li><span style=\"color: #000000;\"><strong>CREDENCIALES EDUCAMADRID<\/strong><\/span><span style=\"color: #000000;\">(Correo electr\u00f3nico de Educamadrid, Aulas Virtuales o para resetear la contrase\u00f1a.)<\/span><br \/>\n<em><a href=\"mailto:tic.ies.leonfelipe.getafe@educa.madrid.org\">tic.ies.leonfelipe.getafe@educa.madrid.org<\/a><\/em><\/li>\n<\/ul>\n<ul>\n<li><span style=\"color: #000000;\"><strong>PROGRAMA ACCEDE<\/strong><\/span><span style=\"color: #000000;\">(Pr\u00e9stamo de libros, altas\/bajas, entrega\/devoluciones, fianzas, incidencias, etc.)<\/span><br \/>\n<em><a href=\"mailto:secretaria.ies.leonfelipe.getafe@educa.madrid.org\">secretaria.ies.leonfelipe.getafe@educa.madrid.org<\/a><\/em><\/li>\n<\/ul>\n<ul>\n<li><span style=\"color: #000000;\"><strong>BIBLIOTECA<\/strong><\/span><span style=\"color: #000000;\">(Referencias, pr\u00e9stamos, horarios, etc.)<\/span><br \/>\n<em><a href=\"mailto:biblioteca.ies.leonfelipe.getafe@educa.madrid.org\">biblioteca.ies.leonfelipe.getafe@educa.madrid.org<\/a><\/em><\/li>\n<\/ul>\n<ul>\n<li><span style=\"color: #000000;\"><strong>SECRETAR\u00cdA DOCENTE<\/strong><\/span><span style=\"color: #000000;\">(Proveedores, pagos, facturas, etc.)<\/span><br \/>\n<em><a href=\"mailto:secretaria.ies.leonfelipe.getafe@educa.madrid.org\">secretaria.ies.leonfelipe.getafe@educa.madrid.org<\/a><\/em><\/li>\n<\/ul>\n<ul>\n<li><span style=\"color: #000000;\"><strong>DIRECCI\u00d3N<\/strong><\/span><span style=\"color: #000000;\">(Direcci\u00f3n institucional, etc.)<\/span><br \/>\n<em><a href=\"mailto:ies.leonfelipe.getafe@educa.madrid.org\">ies.leonfelipe.getafe@educa.madrid.org<\/a><\/em><\/li>\n<\/ul>\n<p><span style=\"color: #000000;\"><strong><em>*IMPORTANTE: S\u00f3lo se atender\u00e1 presencialmente en el centro con cita previa.<\/em><\/strong><\/span><\/p>\n","protected":false},"excerpt":{"rendered":"<p>DATOS DE CONTACTO DIRECCI\u00d3N \u00a0 \u00a0 \u00a0 \u00a0Av. Fuerzas Armadas, S\/N \u2013 Getafe MADRID 28901 \u2013 ESPA\u00d1A Tel\u00e9fono \u00a0 \u00a0 \u00a0 \u00a0 \u00a0 \u00a0+34 91.681.80.80 HORARIO \u00a0 \u00a0 \u00a0 \u00a0 &#8230;<\/p>\n","protected":false},"author":2,"featured_media":0,"parent":0,"menu_order":0,"comment_status":"closed","ping_status":"closed","template":"","meta":{"footnotes":""},"folder":[],"class_list":["post-3143","page","type-page","status-publish","hentry"],"rttpg_featured_image_url":null,"rttpg_author":{"display_name":"tic.ies.leonfelipe.getafe","author_link":"https:\/\/site.educa.madrid.org\/ies.leonfelipe.getafe\/index.php\/author\/cuenta_tic-ies-leonfelipe-getafe\/"},"rttpg_comment":0,"rttpg_category":false,"rttpg_excerpt":"DATOS DE CONTACTO DIRECCI\u00d3N \u00a0 \u00a0 \u00a0 \u00a0Av. Fuerzas Armadas, S\/N \u2013 Getafe MADRID 28901 \u2013 ESPA\u00d1A Tel\u00e9fono \u00a0 \u00a0 \u00a0 \u00a0 \u00a0 \u00a0+34 91.681.80.80 HORARIO \u00a0 \u00a0 \u00a0 \u00a0 ...","post_mailing_queue_ids":[],"_links":{"self":[{"href":"https:\/\/site.educa.madrid.org\/ies.leonfelipe.getafe\/index.php\/wp-json\/wp\/v2\/pages\/3143","targetHints":{"allow":["GET"]}}],"collection":[{"href":"https:\/\/site.educa.madrid.org\/ies.leonfelipe.getafe\/index.php\/wp-json\/wp\/v2\/pages"}],"about":[{"href":"https:\/\/site.educa.madrid.org\/ies.leonfelipe.getafe\/index.php\/wp-json\/wp\/v2\/types\/page"}],"author":[{"embeddable":true,"href":"https:\/\/site.educa.madrid.org\/ies.leonfelipe.getafe\/index.php\/wp-json\/wp\/v2\/users\/2"}],"replies":[{"embeddable":true,"href":"https:\/\/site.educa.madrid.org\/ies.leonfelipe.getafe\/index.php\/wp-json\/wp\/v2\/comments?post=3143"}],"version-history":[{"count":3,"href":"https:\/\/site.educa.madrid.org\/ies.leonfelipe.getafe\/index.php\/wp-json\/wp\/v2\/pages\/3143\/revisions"}],"predecessor-version":[{"id":3147,"href":"https:\/\/site.educa.madrid.org\/ies.leonfelipe.getafe\/index.php\/wp-json\/wp\/v2\/pages\/3143\/revisions\/3147"}],"wp:attachment":[{"href":"https:\/\/site.educa.madrid.org\/ies.leonfelipe.getafe\/index.php\/wp-json\/wp\/v2\/media?parent=3143"}],"wp:term":[{"taxonomy":"folder","embeddable":true,"href":"https:\/\/site.educa.madrid.org\/ies.leonfelipe.getafe\/index.php\/wp-json\/wp\/v2\/folder?post=3143"}],"curies":[{"name":"wp","href":"https:\/\/api.w.org\/{rel}","templated":true}]}}