{"id":3163,"date":"2026-01-29T15:52:45","date_gmt":"2026-01-29T14:52:45","guid":{"rendered":"https:\/\/site.educa.madrid.org\/ies.leonfelipe.getafe\/?page_id=3163"},"modified":"2026-01-29T15:52:45","modified_gmt":"2026-01-29T14:52:45","slug":"filosofia-2","status":"publish","type":"page","link":"https:\/\/site.educa.madrid.org\/ies.leonfelipe.getafe\/index.php\/filosofia-2\/","title":{"rendered":"FILOSOF\u00cdA"},"content":{"rendered":"<p><span style=\"color: #000000;\"><strong>MICRORELATO FILOS\u00d3FICO. UN PEQUE\u00d1O HOMENAJE A MAR\u00cdA ZAMBRANO<\/strong><\/span><\/p>\n<p><span style=\"color: #000000;\">Los alumnos y alumnas de primero d\u00a0e bachillerato han hecho un magn\u00edfico trabajo que mezcla literatura y filosof\u00eda: un microrrelato filos\u00f3fico. Es un peque\u00f1o homenaje a Mar\u00eda Zambrano y a su concepto de la raz\u00f3n po\u00e9tica: el fil\u00f3sofo busca una visi\u00f3n racional y global del mundo, el poeta lo profundo y misterioso de cada ser. Ambos son fundamentales para comprender un mundo lleno de significado. Aqu\u00ed ten\u00e9is algunos microrrelatos sobre la verdad y el conocimiento, un tema filos\u00f3fico expresado con mucha belleza.<\/span><\/p>\n<p><img loading=\"lazy\" decoding=\"async\" class=\"size-medium wp-image-3164 alignnone\" src=\"https:\/\/site.educa.madrid.org\/ies.leonfelipe.getafe\/\/wp-content\/uploads\/ies.leonfelipe.getafe\/2026\/01\/IMG_8021-225x300.jpg\" alt=\"\" width=\"225\" height=\"300\" srcset=\"https:\/\/site.educa.madrid.org\/ies.leonfelipe.getafe\/\/wp-content\/uploads\/ies.leonfelipe.getafe\/2026\/01\/IMG_8021-225x300.jpg 225w, https:\/\/site.educa.madrid.org\/ies.leonfelipe.getafe\/\/wp-content\/uploads\/ies.leonfelipe.getafe\/2026\/01\/IMG_8021-768x1024.jpg 768w, https:\/\/site.educa.madrid.org\/ies.leonfelipe.getafe\/\/wp-content\/uploads\/ies.leonfelipe.getafe\/2026\/01\/IMG_8021-300x400.jpg 300w, https:\/\/site.educa.madrid.org\/ies.leonfelipe.getafe\/\/wp-content\/uploads\/ies.leonfelipe.getafe\/2026\/01\/IMG_8021-1152x1536.jpg 1152w, https:\/\/site.educa.madrid.org\/ies.leonfelipe.getafe\/\/wp-content\/uploads\/ies.leonfelipe.getafe\/2026\/01\/IMG_8021-1536x2048.jpg 1536w, https:\/\/site.educa.madrid.org\/ies.leonfelipe.getafe\/\/wp-content\/uploads\/ies.leonfelipe.getafe\/2026\/01\/IMG_8021-scaled.jpg 1920w\" sizes=\"auto, (max-width: 225px) 100vw, 225px\" \/> <img loading=\"lazy\" decoding=\"async\" class=\"size-medium wp-image-3165 alignleft\" src=\"https:\/\/site.educa.madrid.org\/ies.leonfelipe.getafe\/\/wp-content\/uploads\/ies.leonfelipe.getafe\/2026\/01\/IMG_8014-300x225.jpg\" alt=\"\" width=\"300\" height=\"225\" srcset=\"https:\/\/site.educa.madrid.org\/ies.leonfelipe.getafe\/\/wp-content\/uploads\/ies.leonfelipe.getafe\/2026\/01\/IMG_8014-300x225.jpg 300w, https:\/\/site.educa.madrid.org\/ies.leonfelipe.getafe\/\/wp-content\/uploads\/ies.leonfelipe.getafe\/2026\/01\/IMG_8014-1024x768.jpg 1024w, https:\/\/site.educa.madrid.org\/ies.leonfelipe.getafe\/\/wp-content\/uploads\/ies.leonfelipe.getafe\/2026\/01\/IMG_8014-768x576.jpg 768w, https:\/\/site.educa.madrid.org\/ies.leonfelipe.getafe\/\/wp-content\/uploads\/ies.leonfelipe.getafe\/2026\/01\/IMG_8014-1536x1152.jpg 1536w, https:\/\/site.educa.madrid.org\/ies.leonfelipe.getafe\/\/wp-content\/uploads\/ies.leonfelipe.getafe\/2026\/01\/IMG_8014-2048x1536.jpg 2048w\" sizes=\"auto, (max-width: 300px) 100vw, 300px\" \/><\/p>\n<p><span style=\"color: #000000;\"><strong>VISITA MUSEO DEL TRAJE<\/strong><\/span><\/p>\n<p><span style=\"color: #000000;\">El departamento de filosof\u00eda del IES Le\u00f3n Felipe organiz\u00f3 los pasados 9 de diciembre y 13 de enero una visita al Museo del Traje de Madrid para realizar el taller \u201cEl tejido social de la moda\u201d. En la visita pudimos visitar el museo del traje y comprender c\u00f3mo la moda puede tener una mirada social: la manera en que nos vestimos a menudo ha se\u00f1alado una posici\u00f3n econ\u00f3mica, un estatus social y una mirada concreta al concepto de lo masculino y lo femenino. \u00bfC\u00f3mo la moda se corresponde y genera nuestra manera de pensar? \u00bfDe verdad somos libres de vestirnos como queramos? \u00bfLa forma de vestir nos libera o, al contrario, nos limita? Estas cuestiones fueron abordadas en el taller y en el aula de filosof\u00eda previamente. Una ma\u00f1ana por Madrid descubriendo nuestro patrimonio cultural.<\/span><\/p>\n<p><img loading=\"lazy\" decoding=\"async\" class=\"size-medium wp-image-3169 alignleft\" src=\"https:\/\/site.educa.madrid.org\/ies.leonfelipe.getafe\/\/wp-content\/uploads\/ies.leonfelipe.getafe\/2026\/01\/WhatsApp-Image-2026-01-29-at-10.33.08-3-300x225.jpeg\" alt=\"\" width=\"300\" height=\"225\" srcset=\"https:\/\/site.educa.madrid.org\/ies.leonfelipe.getafe\/\/wp-content\/uploads\/ies.leonfelipe.getafe\/2026\/01\/WhatsApp-Image-2026-01-29-at-10.33.08-3-300x225.jpeg 300w, https:\/\/site.educa.madrid.org\/ies.leonfelipe.getafe\/\/wp-content\/uploads\/ies.leonfelipe.getafe\/2026\/01\/WhatsApp-Image-2026-01-29-at-10.33.08-3-1024x768.jpeg 1024w, https:\/\/site.educa.madrid.org\/ies.leonfelipe.getafe\/\/wp-content\/uploads\/ies.leonfelipe.getafe\/2026\/01\/WhatsApp-Image-2026-01-29-at-10.33.08-3-768x576.jpeg 768w, https:\/\/site.educa.madrid.org\/ies.leonfelipe.getafe\/\/wp-content\/uploads\/ies.leonfelipe.getafe\/2026\/01\/WhatsApp-Image-2026-01-29-at-10.33.08-3-1536x1152.jpeg 1536w, https:\/\/site.educa.madrid.org\/ies.leonfelipe.getafe\/\/wp-content\/uploads\/ies.leonfelipe.getafe\/2026\/01\/WhatsApp-Image-2026-01-29-at-10.33.08-3.jpeg 1600w\" sizes=\"auto, (max-width: 300px) 100vw, 300px\" \/> <img loading=\"lazy\" decoding=\"async\" class=\"size-medium wp-image-3170 alignleft\" src=\"https:\/\/site.educa.madrid.org\/ies.leonfelipe.getafe\/\/wp-content\/uploads\/ies.leonfelipe.getafe\/2026\/01\/WhatsApp-Image-2026-01-29-at-10.33.08-300x225.jpeg\" alt=\"\" width=\"300\" height=\"225\" srcset=\"https:\/\/site.educa.madrid.org\/ies.leonfelipe.getafe\/\/wp-content\/uploads\/ies.leonfelipe.getafe\/2026\/01\/WhatsApp-Image-2026-01-29-at-10.33.08-300x225.jpeg 300w, https:\/\/site.educa.madrid.org\/ies.leonfelipe.getafe\/\/wp-content\/uploads\/ies.leonfelipe.getafe\/2026\/01\/WhatsApp-Image-2026-01-29-at-10.33.08-1024x768.jpeg 1024w, https:\/\/site.educa.madrid.org\/ies.leonfelipe.getafe\/\/wp-content\/uploads\/ies.leonfelipe.getafe\/2026\/01\/WhatsApp-Image-2026-01-29-at-10.33.08-768x576.jpeg 768w, https:\/\/site.educa.madrid.org\/ies.leonfelipe.getafe\/\/wp-content\/uploads\/ies.leonfelipe.getafe\/2026\/01\/WhatsApp-Image-2026-01-29-at-10.33.08-1536x1152.jpeg 1536w, https:\/\/site.educa.madrid.org\/ies.leonfelipe.getafe\/\/wp-content\/uploads\/ies.leonfelipe.getafe\/2026\/01\/WhatsApp-Image-2026-01-29-at-10.33.08.jpeg 1600w\" sizes=\"auto, (max-width: 300px) 100vw, 300px\" \/><\/p>\n","protected":false},"excerpt":{"rendered":"<p>MICRORELATO FILOS\u00d3FICO. UN PEQUE\u00d1O HOMENAJE A MAR\u00cdA ZAMBRANO Los alumnos y alumnas de primero d\u00a0e bachillerato han hecho un magn\u00edfico trabajo que mezcla literatura y filosof\u00eda: un microrrelato filos\u00f3fico. Es &#8230;<\/p>\n","protected":false},"author":2,"featured_media":0,"parent":0,"menu_order":0,"comment_status":"closed","ping_status":"closed","template":"","meta":{"footnotes":""},"folder":[],"class_list":["post-3163","page","type-page","status-publish","hentry"],"rttpg_featured_image_url":null,"rttpg_author":{"display_name":"tic.ies.leonfelipe.getafe","author_link":"https:\/\/site.educa.madrid.org\/ies.leonfelipe.getafe\/index.php\/author\/cuenta_tic-ies-leonfelipe-getafe\/"},"rttpg_comment":0,"rttpg_category":false,"rttpg_excerpt":"MICRORELATO FILOS\u00d3FICO. UN PEQUE\u00d1O HOMENAJE A MAR\u00cdA ZAMBRANO Los alumnos y alumnas de primero d\u00a0e bachillerato han hecho un magn\u00edfico trabajo que mezcla literatura y filosof\u00eda: un microrrelato filos\u00f3fico. Es ...","post_mailing_queue_ids":[],"_links":{"self":[{"href":"https:\/\/site.educa.madrid.org\/ies.leonfelipe.getafe\/index.php\/wp-json\/wp\/v2\/pages\/3163","targetHints":{"allow":["GET"]}}],"collection":[{"href":"https:\/\/site.educa.madrid.org\/ies.leonfelipe.getafe\/index.php\/wp-json\/wp\/v2\/pages"}],"about":[{"href":"https:\/\/site.educa.madrid.org\/ies.leonfelipe.getafe\/index.php\/wp-json\/wp\/v2\/types\/page"}],"author":[{"embeddable":true,"href":"https:\/\/site.educa.madrid.org\/ies.leonfelipe.getafe\/index.php\/wp-json\/wp\/v2\/users\/2"}],"replies":[{"embeddable":true,"href":"https:\/\/site.educa.madrid.org\/ies.leonfelipe.getafe\/index.php\/wp-json\/wp\/v2\/comments?post=3163"}],"version-history":[{"count":5,"href":"https:\/\/site.educa.madrid.org\/ies.leonfelipe.getafe\/index.php\/wp-json\/wp\/v2\/pages\/3163\/revisions"}],"predecessor-version":[{"id":3172,"href":"https:\/\/site.educa.madrid.org\/ies.leonfelipe.getafe\/index.php\/wp-json\/wp\/v2\/pages\/3163\/revisions\/3172"}],"wp:attachment":[{"href":"https:\/\/site.educa.madrid.org\/ies.leonfelipe.getafe\/index.php\/wp-json\/wp\/v2\/media?parent=3163"}],"wp:term":[{"taxonomy":"folder","embeddable":true,"href":"https:\/\/site.educa.madrid.org\/ies.leonfelipe.getafe\/index.php\/wp-json\/wp\/v2\/folder?post=3163"}],"curies":[{"name":"wp","href":"https:\/\/api.w.org\/{rel}","templated":true}]}}