{"id":1367,"date":"2021-08-28T08:32:56","date_gmt":"2021-08-28T08:32:56","guid":{"rendered":"https:\/\/site.educa.madrid.org\/ies.malasana.mostoles\/?page_id=1367"},"modified":"2022-05-17T10:46:55","modified_gmt":"2022-05-17T08:46:55","slug":"certificados-y-titulos","status":"publish","type":"page","link":"https:\/\/site.educa.madrid.org\/ies.malasana.mostoles\/index.php\/secretaria\/certificados-y-titulos\/","title":{"rendered":"Certificados y t\u00edtulos"},"content":{"rendered":"\n<p>El t\u00edtulo acad\u00e9mico es el documento oficial con validez en todo el territorio nacional que acredita que un alumno ha superado los cursos correspondientes a una ense\u00f1anza del sistema educativo.<\/p>\n\n\n\n<h5 class=\"wp-block-heading\"><strong>\u00bfPor qu\u00e9 es importante mi t\u00edtulo?<\/strong><\/h5>\n\n\n\n<p>Podr\u00e1n requer\u00edrtelo en diferentes ocasiones, por ejemplo, para presentarte a convocatorias de oposiciones en las Administraciones P\u00fablicas, para acceder a puestos de trabajo en empresas privadas o, incluso, para justificar tus estudios en el extranjero.<\/p>\n\n\n\n<hr class=\"wp-block-separator is-style-default\"\/>\n\n\n\n<h3 class=\"has-text-align-center has-cyan-bluish-gray-background-color has-background wp-block-heading\"><strong>Certificados<\/strong><\/h3>\n\n\n\n<p>Si necesita pedir un&nbsp;certificado&nbsp;solo tiene que descargar el&nbsp;impreso de solicitud de certificados&nbsp;y remitirlo debidamente cumplimentado y firmado por correo electr\u00f3nico a la secretar\u00eda del centro, al <a href=\"mailto:secretaria.ies.malasana.mostoles@educa.madrid.org\" data-type=\"mailto\" data-id=\"mailto:secretaria.ies.malasana.mostoles@educa.madrid.org\"><strong>correo de Secretar\u00eda<\/strong><\/a>.<\/p>\n\n\n\n<h3 class=\"has-text-align-center has-cyan-bluish-gray-background-color has-background wp-block-heading\"><strong>T\u00edtulos<\/strong><\/h3>\n\n\n\n<p>Se tramitan directamente por el centro a todos los alumnos que finalicen los estudios correspondientes.<\/p>\n\n\n\n<ul class=\"wp-block-list\"><li><strong>ESO<\/strong>: El t\u00edtulo de Graduado en Educaci\u00f3n Secundaria Obligatoria lo solicita de oficio la Secretar\u00eda del Centro cuando el alumno titula en 4\u00ba ESO. El alumno no tiene que pagar tasas, <strong>es gratuito<\/strong>.<\/li><li><strong>BACHILLERATO<\/strong>: El t\u00edtulo de Bachillerato lo tramita el Centro a solicitud del interesado, una vez finalizados los estudios correspondientes y previo pago de las tasas estipuladas.<\/li><\/ul>\n\n\n\n<p>Todo el proceso se puede hacer desde un ordenador o desde la aplicaci\u00f3n Tasas.<\/p>\n\n\n\n<div class=\"wp-block-file aligncenter\"><a id=\"wp-block-file--media-595f4f11-e27a-4691-8636-5311cb2241d0\" href=\"https:\/\/site.educa.madrid.org\/ies.malasana.mostoles\/\/wp-content\/uploads\/ies.malasana.mostoles\/2021\/11\/IMPRESO-SOLICITUD-DE-TITULO.pdf\">IMPRESO-SOLICITUD-DE-TITULO<\/a><a href=\"https:\/\/site.educa.madrid.org\/ies.malasana.mostoles\/\/wp-content\/uploads\/ies.malasana.mostoles\/2021\/11\/IMPRESO-SOLICITUD-DE-TITULO.pdf\" class=\"wp-block-file__button\" download aria-describedby=\"wp-block-file--media-595f4f11-e27a-4691-8636-5311cb2241d0\">Descarga<\/a><\/div>\n\n\n\n<p><br>Necesitamos que nos remitas&nbsp;<strong>tres documentos<\/strong>&nbsp;(cuatro en el caso de Familias Numerosas) para poder tramitarlo:<\/p>\n\n\n\n<ul class=\"wp-block-list\"><li><strong>Impreso de solicitud<\/strong>:\u00a0Pon un correo electr\u00f3nico que utilices habitualmente porque te avisaremos cuando puedas pasar a retirarlo, unos 10 meses como norma general.<\/li><li><strong>Fotocopia del DNI\/NIE\/Pasaporte actualizado<\/strong>. La ley no permite expedir Titulaciones con n\u00famero de Pasaporte, si es tu caso, p\u00eddenos informaci\u00f3n en\u00a0<a href=\"https:\/\/www.educa2.madrid.org\/web\/ies-malasana\/Si%20has%20finalizado%20el%20Bachillerato%20tienes%20que%20pagar%20y%20solicitar%20el%20T%C3%ADtulo.%20Debido%20a%20la%20situaci%C3%B3n%20actual%20se%20va%20a%20realizar%20todo%20el%20proceso%20de%20manera%20telem%C3%A1tica,%20por%20lo%20que%20no%20hay%20que%20acudir%20a%20Secretar%C3%ADa.%20Necesitamos%20que%20nos%20remitas%20tres%20documentos%20(cuatro%20en%20el%20caso%20de%20Familias%20Numerosas)%20para%20poder%20tramitarlo:%20pdfImpreso%20de%20solicitud:%20Pon%20un%20correo%20electr%C3%B3nico%20que%20utilices%20habitualmente%20porque%20te%20avisaremos%20cuando%20puedas%20pasar%20a%20retirarlo,%20unos%2010%20meses%20como%20norma%20general.%20Fotocopia%20del%20DNI\/NIE%20actualizada.%20La%20ley%20no%20permite%20expedir%20Titulaciones%20con%20n%C3%BAmero%20de%20Pasaporte,%20si%20es%20tu%20caso,%20p%C3%ADdenos%20informaci%C3%B3n%20en%20administracion@iesjuangris.com%20Pago%20del%20T%C3%ADtulo.%20Se%20tramita%20de%20manera%20telem%C3%A1tica%20desde%20un%20ordenador%20o%20instalando%20la%20aplicaci%C3%B3n%20%E2%80%9CTasas%E2%80%9D%20en%20tu%20m%C3%B3vil.%20-%20Desde%20ordenador.%20Sigue%20los%20siguientes%20pasos:%20Desactiva%20el%20bloqueador%20de%20ventanas%20emergentes%20de%20tu%20navegador%20web.%20Entra%20en:%20https:\/\/gestiona7.madrid.org\/rtas_webapp_pagotasas\/#!\/main%20y%20pulsa%20en%20%E2%80%9CINICIAR%E2%80%9D,%20te%20aparecer%C3%A1n%20las%20condiciones%20de%20uso%20y%20pol%C3%ADticas%20de%20privacidad,%20si%20est%C3%A1s%20de%20acuerdo%20pincha%20en%20ACEPTAR%20al%20final%20de%20la%20p%C3%A1gina.%20Ahora%20pulsa%20en%20el%20primer%20bot%C3%B3n%20de%20la%20izquierda%20%E2%80%9CPAGAR%20TASA%20O%20PRECIO%20P%C3%9ABLICO%E2%80%9D%20Aparece%20un%20buscador.%20En%20%E2%80%9Cnombre%20de%20la%20Tasa%E2%80%9D%20escribe%20%E2%80%9CT%C3%8DTULO%20JUAN%20GRIS%E2%80%9D%20y%20pulsa%20en%20la%20lupa.%20Selecciona%20la%20Tasa%20%E2%80%9CEXPEDICI%C3%93N%20DE%20T%C3%8DTULOS%20O%20CERTIFICADOS%20-%20I.E.S.%20JUAN%20GRIS,%20T%C3%ADtulos%20de%20Bachiller,%20de%20T%C3%A9cnico%20y%20de%20T%C3%A9cnico%20Superior.%20En%20la%20siguiente%20ventana%20rellena%20tus%20datos.%20No%20te%20olvides%20marcar%20la%20casilla%20de%20%E2%80%9CDeducci%C3%B3n%E2%80%9D%20en%20caso%20de%20ser%20Familia%20Numerosa%20y%20de%20enviarnos%20una%20copia%20del%20carnet%20con%20el%20resto%20de%20documentaci%C3%B3n.%20Rellena%20tus%20datos%20y%20pulsa%20en%20%E2%80%9CCONTINUAR%E2%80%9D,%20el%20sistema%20te%20muestra%20un%20resumen%20de%20la%20operaci%C3%B3n.%20Si%20est%C3%A1%20correcto%20pulsa%20otra%20vez%20en%20%E2%80%9CCONTINUAR%E2%80%9D.%20Pago:%20Podr%C3%A1s%20optar%20entre%20pagar%20con%20tarjeta%20bancaria,%20un%20abono%20en%20cuenta%20o%20descargar%20los%20recibos%20para%20llevar%20al%20banco%20en%20persona.%20-%20Aplicaci%C3%B3n%20%E2%80%9CTASAS%E2%80%9D:%20Instala%20en%20tu%20m%C3%B3vil%20la%20aplicaci%C3%B3n%20desde%20la%20direcci%C3%B3n%20https:\/\/gestiona7.madrid.org\/rtas_webapp_pagotasas\/#!\/main%20Los%20pasos%20son%20similares%20a%20los%20que%20se%20realizan%20desde%20ordenador.%20Env%C3%ADo%20de%20la%20documentaci%C3%B3n:%20Una%20vez%20hayas%20pagado%20las%20tasas,%20necesitamos%20que%20nos%20env%C3%ADes%20al%20correo%20administracion@iesjuangris.com%20los%20siguientes%20documentos:%20La%20solicitud.%20DNI\/NIE%20en%20vigor.%20Justificante%20de%20pago%20de%20las%20tasas.%20En%20el%20caso%20de%20familias%20numerosas%20la%20tarjeta%20correspondiente.%20Pon%20en%20el%20ASUNTO%20del%20mensaje%20%E2%80%9CSOLICITUD%20DEL%20T%C3%8DTULO%20DE%20BACHILLERATO%E2%80%9D%20tu%20grupo,%20nombre%20y%20apellidos.%20ATENCION:%20Si%20vas%20solicitar%20un%20GRADO%20SUPERIOR%20ponlo%20tambi%C3%A9n%20en%20el%20ASUNTO.%20Si%20eres%20de%20DISTANCIA%20Y%20TITULAS%20POR%20ARTES,%20advi%C3%A9rtelo%20en%20el%20mensaje.%20*Importante:%20para%20una%20correcta%20descarga%20de%20la%20tasa%20de%20pago,%20debe%20desbloquear%20los%20elementos%20emergentes%20en%20el%20navegador.\">secretaria.ies.malasana.mostoles@educa.madrid.org<\/a><\/li><li><strong>Pago del T\u00edtulo<\/strong>. El abono de la tasa lo podr\u00e1s hacer\u00a0<a href=\"https:\/\/gestiona7.madrid.org\/rtas_webapp_pagotasas\/#!\/main\">en internet<\/a>, bien\u00a0generando\u00a0un documento pdf, imprimi\u00e9ndolo y llev\u00e1ndolo al banco para pagarlo,\u00a0o bien realizando\u00a0toda la operaci\u00f3n de pago telem\u00e1ticamente.<\/li><\/ul>\n\n\n\n<hr class=\"wp-block-separator is-style-default\"\/>\n\n\n\n<h5 class=\"wp-block-heading\"><strong>\u00bfC\u00f3mo hago el ingreso?<\/strong><\/h5>\n\n\n\n<p><br>A)&nbsp;<strong>Desde ordenador<\/strong>. Sigue los siguientes pasos:<\/p>\n\n\n\n<ul class=\"wp-block-list\"><li><strong>Desactiva el bloqueador de ventanas emergentes de tu navegador web<\/strong>.<\/li><li><strong>Entra en<\/strong>:&nbsp;<a href=\"https:\/\/gestiona7.madrid.org\/rtas_webapp_pagotasas\/#!\/main\">https:\/\/gestiona7.madrid.org\/rtas_webapp_pagotasas\/#!\/main<\/a>&nbsp;&nbsp;y pulsa en&nbsp;\u201cINICIAR\u201d, te aparecer\u00e1n las condiciones de uso y pol\u00edticas de privacidad, si est\u00e1s de acuerdo pincha en&nbsp;ACEPTAR&nbsp;al final de la p\u00e1gina.<\/li><li>Ahora pulsa en el primer bot\u00f3n de la izquierda \u201cPAGAR TASA O PRECIO P\u00daBLICO\u201d<\/li><li>Aparece un&nbsp;<strong>buscador<\/strong>. En \u201cnombre de la Tasa\u201d escribe \u201cT\u00cdTULO MANUELA MALASA\u00d1A\u201d y pulsa en la lupa.<\/li><li><strong>Selecciona la Tasa<\/strong>&nbsp;\u201cEXPEDICI\u00d3N DE T\u00cdTULOS O CERTIFICADOS &#8211;&nbsp; I.E.S. MANUELA MALASA\u00d1A, T\u00edtulos de Bachiller, de T\u00e9cnico y de T\u00e9cnico Superior.<\/li><li>En la siguiente ventana&nbsp;<strong>rellena tus datos<\/strong>. No te olvides marcar la casilla de \u201cDeducci\u00f3n\u201d en caso de ser Familia Numerosa y de enviarnos una copia del carnet con el resto de documentaci\u00f3n.<\/li><li>Rellena tus datos y pulsa en \u201cCONTINUAR\u201d, el sistema te muestra un&nbsp;<strong>resumen de la operaci\u00f3n<\/strong>. Si est\u00e1 correcto pulsa otra vez en \u201cCONTINUAR\u201d.<\/li><li><strong>Pago<\/strong>: Podr\u00e1s optar entre pagar con tarjeta bancaria, un abono en cuenta o descargar los recibos para llevar al banco en persona.<\/li><\/ul>\n\n\n\n<p><br>B)&nbsp;<strong>Aplicaci\u00f3n \u201cTASAS\u201d<\/strong>: <\/p>\n\n\n\n<p>Instala en tu m\u00f3vil la aplicaci\u00f3n desde la direcci\u00f3n <a href=\"https:\/\/gestiona7.madrid.org\/rtas_webapp_pagotasas\/#!\/main\">https:\/\/gestiona7.madrid.org\/rtas_webapp_pagotasas\/#!\/main<\/a>.  Los pasos son similares a los que se realizan desde un ordenador.<\/p>\n\n\n\n<p><strong><a href=\"https:\/\/sede.administracionespublicas.gob.es\/pagina\/index\/directorio\/tasa059\">BUP<\/a> <\/strong>(pincha en el enlace)<\/p>\n\n\n\n<hr class=\"wp-block-separator is-style-default\"\/>\n\n\n\n<h5 class=\"wp-block-heading\">Recogida de t\u00edtulos<\/h5>\n\n\n\n<p>Una vez expedido el t\u00edtulo, podr\u00e1s recogerlo en el centro docente presentando tu documento de identidad. Si no puedes acudir personalmente podr\u00e1 hacerlo alguien en tu lugar si presenta tu autorizaci\u00f3n escrita con copia de tu documento identificativo.<\/p>\n","protected":false},"excerpt":{"rendered":"<p>El t\u00edtulo acad\u00e9mico es el documento oficial con validez en todo el territorio nacional que acredita que un alumno ha superado los cursos correspondientes a una ense\u00f1anza del sistema educativo. &#8230;<\/p>\n","protected":false},"author":2,"featured_media":0,"parent":273,"menu_order":0,"comment_status":"closed","ping_status":"closed","template":"","meta":{"footnotes":""},"folder":[],"class_list":["post-1367","page","type-page","status-publish","hentry"],"rttpg_featured_image_url":null,"rttpg_author":{"display_name":"Coordinador TIC del IES Manuela Malasa\u00f1a","author_link":"https:\/\/site.educa.madrid.org\/ies.malasana.mostoles\/index.php\/author\/cuenta_tic-ies-malasana-mostoles\/"},"rttpg_comment":0,"rttpg_category":false,"rttpg_excerpt":"El t\u00edtulo acad\u00e9mico es el documento oficial con validez en todo el territorio nacional que acredita que un alumno ha superado los cursos correspondientes a una ense\u00f1anza del sistema educativo. ...","post_mailing_queue_ids":[],"_links":{"self":[{"href":"https:\/\/site.educa.madrid.org\/ies.malasana.mostoles\/index.php\/wp-json\/wp\/v2\/pages\/1367","targetHints":{"allow":["GET"]}}],"collection":[{"href":"https:\/\/site.educa.madrid.org\/ies.malasana.mostoles\/index.php\/wp-json\/wp\/v2\/pages"}],"about":[{"href":"https:\/\/site.educa.madrid.org\/ies.malasana.mostoles\/index.php\/wp-json\/wp\/v2\/types\/page"}],"author":[{"embeddable":true,"href":"https:\/\/site.educa.madrid.org\/ies.malasana.mostoles\/index.php\/wp-json\/wp\/v2\/users\/2"}],"replies":[{"embeddable":true,"href":"https:\/\/site.educa.madrid.org\/ies.malasana.mostoles\/index.php\/wp-json\/wp\/v2\/comments?post=1367"}],"version-history":[{"count":25,"href":"https:\/\/site.educa.madrid.org\/ies.malasana.mostoles\/index.php\/wp-json\/wp\/v2\/pages\/1367\/revisions"}],"predecessor-version":[{"id":2768,"href":"https:\/\/site.educa.madrid.org\/ies.malasana.mostoles\/index.php\/wp-json\/wp\/v2\/pages\/1367\/revisions\/2768"}],"up":[{"embeddable":true,"href":"https:\/\/site.educa.madrid.org\/ies.malasana.mostoles\/index.php\/wp-json\/wp\/v2\/pages\/273"}],"wp:attachment":[{"href":"https:\/\/site.educa.madrid.org\/ies.malasana.mostoles\/index.php\/wp-json\/wp\/v2\/media?parent=1367"}],"wp:term":[{"taxonomy":"folder","embeddable":true,"href":"https:\/\/site.educa.madrid.org\/ies.malasana.mostoles\/index.php\/wp-json\/wp\/v2\/folder?post=1367"}],"curies":[{"name":"wp","href":"https:\/\/api.w.org\/{rel}","templated":true}]}}