{"id":2205,"date":"2022-02-10T13:19:31","date_gmt":"2022-02-10T12:19:31","guid":{"rendered":"https:\/\/site.educa.madrid.org\/ies.malasana.mostoles\/?page_id=2205"},"modified":"2022-04-10T19:02:45","modified_gmt":"2022-04-10T17:02:45","slug":"entradas-actividades-complementarias-y-extraescolares","status":"publish","type":"page","link":"https:\/\/site.educa.madrid.org\/ies.malasana.mostoles\/index.php\/entradas-actividades-complementarias-y-extraescolares\/","title":{"rendered":"Entradas Actividades Complementarias y Extraescolares"},"content":{"rendered":"<style type='text\/css' media='all'>#rt-tpg-container-2843014311 .rt-holder .rt-woo-info .price{color:#0367bf;}body .rt-tpg-container .rt-tpg-isotope-buttons .selected,\n\t\t\t\t\t#rt-tpg-container-2843014311 .layout12 .rt-holder:hover .rt-detail,\n\t\t\t\t\t#rt-tpg-container-2843014311 .isotope8 .rt-holder:hover .rt-detail,\n\t\t\t\t\t#rt-tpg-container-2843014311 .carousel8 .rt-holder:hover .rt-detail,\n\t\t\t\t\t#rt-tpg-container-2843014311 .layout13 .rt-holder .overlay .post-info,\n\t\t\t\t\t#rt-tpg-container-2843014311 .isotope9 .rt-holder .overlay .post-info,\n\t\t\t\t\t#rt-tpg-container-2843014311.rt-tpg-container .layout4 .rt-holder .rt-detail,\n\t\t\t\t\t.rt-modal-2843014311 .md-content,\n\t\t\t\t\t.rt-modal-2843014311 .md-content > .rt-md-content-holder .rt-md-content,\n\t\t\t\t\t.rt-popup-wrap-2843014311.rt-popup-wrap .rt-popup-navigation-wrap,\n\t\t\t\t\t#rt-tpg-container-2843014311 .carousel9 .rt-holder .overlay .post-info{background-color:#0367bf;}#rt-tpg-container-2843014311 .layout5 .rt-holder .overlay, #rt-tpg-container-2843014311 .isotope2 .rt-holder .overlay, #rt-tpg-container-2843014311 .carousel2 .rt-holder .overlay,#rt-tpg-container-2843014311 .layout15 .rt-holder h3, #rt-tpg-container-2843014311 .isotope11 .rt-holder h3, #rt-tpg-container-2843014311 .carousel11 .rt-holder h3, #rt-tpg-container-2843014311 .layout16 .rt-holder h3,\n\t\t\t\t\t#rt-tpg-container-2843014311 .isotope12 .rt-holder h3, #rt-tpg-container-2843014311 .carousel12 .rt-holder h3 {background-color:rgba(3,103,191,0.8);}#rt-tpg-container-2843014311 .pagination-list li a,\n\t\t\t\t\trt-tpg-container-2843014311 .pagination-list li span,\n\t\t\t\t\trt-tpg-container-2843014311 .pagination li a,\n\t\t\t\t\t#rt-tpg-container-2843014311 .rt-tpg-isotope-buttons button,\n\t\t\t\t\t#rt-tpg-container-2843014311 .rt-tpg-utility .rt-tpg-load-more button,\n\t\t\t\t\t#rt-tpg-container-2843014311.rt-tpg-container .swiper-navigation .slider-btn,\n\t\t\t\t\t#rt-tpg-container-2843014311.rt-tpg-container .swiper-pagination-bullet,\n\t\t\t\t\t#rt-tpg-container-2843014311 .wc1 .rt-holder .rt-img-holder .overlay .product-more ul li a,\n\t\t\t\t\t#rt-tpg-container-2843014311 .wc2 .rt-detail .rt-wc-add-to-cart,\n\t\t\t\t\t#rt-tpg-container-2843014311 .wc3 .rt-detail .rt-wc-add-to-cart,\n\t\t\t\t\t#rt-tpg-container-2843014311 .wc4 .rt-detail .rt-wc-add-to-cart,\n\t\t\t\t\t#rt-tpg-container-2843014311 .wc-carousel2 .rt-detail .rt-wc-add-to-cart,\n\t\t\t\t\t#rt-tpg-container-2843014311 .wc-isotope2 .rt-detail .rt-wc-add-to-cart,\n\t\t\t\t\t#rt-tpg-container-2843014311 .rt-layout-filter-container .rt-filter-wrap .rt-filter-item-wrap.rt-filter-dropdown-wrap .rt-filter-dropdown,\n\t\t\t\t\t#rt-tpg-container-2843014311 .rt-layout-filter-container .rt-filter-sub-tax.sub-button-group .rt-filter-button-item,\n\t\t\t\t\t#rt-tpg-container-2843014311.rt-tpg-container .rt-pagination-wrap .rt-page-numbers .paginationjs .paginationjs-pages ul li>a,\n\t\t\t\t\t#rt-tpg-container-2843014311 .rt-filter-item-wrap.rt-filter-button-wrap span.rt-filter-button-item,\n\t\t\t\t\t#rt-tpg-container-2843014311.rt-tpg-container .rt-pagination-wrap  .rt-loadmore-btn,\n\t\t\t\t\t#rt-tpg-container-2843014311.rt-tpg-container .rt-pagination-wrap .rt-cb-page-prev-next > *,\n\t\t\t\t\t#rt-tpg-container-2843014311 .rt-read-more,\n\t\t\t\t\t#rt-tooltip-2843014311, #rt-tooltip-2843014311 .rt-tooltip-bottom:after{background-color:#ffffff;}#rt-tpg-container-2843014311 .rt-filter-item-wrap.rt-filter-button-wrap span.rt-filter-button-item,\n\t\t\t\t\t#rt-tpg-container-2843014311 .rt-layout-filter-container .rt-filter-sub-tax.sub-button-group .rt-filter-button-item{border-color:#ffffff;}#rt-tpg-container-2843014311.rt-tpg-container .layout17 .rt-holder .overlay a.tpg-zoom .fa{color:#ffffff;}#rt-tpg-container-2843014311 .rt-holder .read-more a {background-color:#ffffff;padding: 8px 15px;}#rt-tpg-container-2843014311 .read-more a{border-radius:px;}#rt-tpg-container-2843014311 .rt-img-holder img.rt-img-responsive,#rt-tpg-container-2843014311 .rt-img-holder,\n\t\t\t\t\t#rt-tpg-container-2843014311 .rt-post-overlay .post-img,\n\t\t\t\t\t#rt-tpg-container-2843014311 .post-sm .post-img,\n\t\t\t\t\t#rt-tpg-container-2843014311 .rt-post-grid .post-img,\n\t\t\t\t\t#rt-tpg-container-2843014311 .post-img img {border-radius:px;}<\/style><div class='rt-container-fluid rt-tpg-container tpg-shortcode-main-wrapper ' id='rt-tpg-container-2843014311'   data-layout='layout1' data-grid-style='even' data-desktop-col='4'  data-tab-col='2'  data-mobile-col='1' data-sc-id='2281'><div data-title='Loading ...' class='rt-row rt-content-loader   layout1 tpg-even '><div class=\"rt-col-md-3 rt-col-sm-6 rt-col-xs-12 even-grid-item rt-grid-item\" data-id=\"4826\"><div class=\"rt-holder\"><div class='rt-detail'><h2 class=\"entry-title\"><a data-id=\"4826\" class=\" tpg-single-popup\" href=\"https:\/\/site.educa.madrid.org\/ies.malasana.mostoles\/index.php\/2025\/07\/02\/listados-provisionales-de-menciones-honorificas-y-diplomas-de-aprovechamiento\/\">Listados provisionales de Menciones honor\u00edficas y Diplomas de Aprovechamiento<\/a><\/h2><div class='post-meta-user  '><span class='date'><i class='far fa-calendar-alt '><\/i>2 julio, 2025<\/span><\/div><div class='tpg-excerpt'>Se publican los listados provisionales de Menciones Honor\u00edficas y Diplomas de Aprovechamiento:&#8230;<\/div><div class='post-meta '><span class='read-more'><a data-id='4826' class=' tpg-single-popup' href='https:\/\/site.educa.madrid.org\/ies.malasana.mostoles\/index.php\/2025\/07\/02\/listados-provisionales-de-menciones-honorificas-y-diplomas-de-aprovechamiento\/'>Leer m\u00e1s<\/a><\/span><\/div><\/div><\/div><\/div><div class=\"rt-col-md-3 rt-col-sm-6 rt-col-xs-12 even-grid-item rt-grid-item\" data-id=\"4585\"><div class=\"rt-holder\"><div class='rt-detail'><h2 class=\"entry-title\"><a data-id=\"4585\" class=\" tpg-single-popup\" href=\"https:\/\/site.educa.madrid.org\/ies.malasana.mostoles\/index.php\/2024\/11\/29\/charla-nuevas-tecnologias-con-familias-10-diciembre\/\">Charla nuevas tecnolog\u00edas con familias &#8211; 10 diciembre<\/a><\/h2><div class='post-meta-user  '><span class='date'><i class='far fa-calendar-alt '><\/i>29 noviembre, 2024<\/span><\/div><div class='tpg-excerpt'>&#8230;<\/div><div class='post-meta '><span class='read-more'><a data-id='4585' class=' tpg-single-popup' href='https:\/\/site.educa.madrid.org\/ies.malasana.mostoles\/index.php\/2024\/11\/29\/charla-nuevas-tecnologias-con-familias-10-diciembre\/'>Leer m\u00e1s<\/a><\/span><\/div><\/div><\/div><\/div><div class=\"rt-col-md-3 rt-col-sm-6 rt-col-xs-12 even-grid-item rt-grid-item\" data-id=\"4506\"><div class=\"rt-holder\"><div class=\"rt-img-holder\"><a data-id=\"4506\" class=\" tpg-single-popup\" href=\"https:\/\/site.educa.madrid.org\/ies.malasana.mostoles\/index.php\/2024\/10\/22\/x-edicion-de-retotech-fundacion-endesa\/\"><img loading=\"lazy\" decoding=\"async\" width=\"150\" height=\"150\" src=\"https:\/\/site.educa.madrid.org\/ies.malasana.mostoles\/\/wp-content\/uploads\/ies.malasana.mostoles\/2024\/10\/SCR-1y6u2862-150x150.png\" class=\"rt-img-responsive \" alt=\"\" \/><\/a><\/div><div class='rt-detail'><h2 class=\"entry-title\"><a data-id=\"4506\" class=\" tpg-single-popup\" href=\"https:\/\/site.educa.madrid.org\/ies.malasana.mostoles\/index.php\/2024\/10\/22\/x-edicion-de-retotech-fundacion-endesa\/\">X Edici\u00f3n de RetoTech Fundaci\u00f3n Endesa<\/a><\/h2><div class='post-meta-user  '><span class='date'><i class='far fa-calendar-alt '><\/i>22 octubre, 2024<\/span><\/div><div class='tpg-excerpt'>En la X Edici\u00f3n de RetoTech Fundaci\u00f3n Endesa participan un total de 255 centros educativos de las Comunidades de Madrid, Arag\u00f3n, Andaluc\u00eda, Catalu\u00f1a, Extremadura, Islas Baleares y Canarias&#8230;<\/div><div class='post-meta '><span class='read-more'><a data-id='4506' class=' tpg-single-popup' href='https:\/\/site.educa.madrid.org\/ies.malasana.mostoles\/index.php\/2024\/10\/22\/x-edicion-de-retotech-fundacion-endesa\/'>Leer m\u00e1s<\/a><\/span><\/div><\/div><\/div><\/div><div class=\"rt-col-md-3 rt-col-sm-6 rt-col-xs-12 even-grid-item rt-grid-item\" data-id=\"4463\"><div class=\"rt-holder\"><div class=\"rt-img-holder\"><a data-id=\"4463\" class=\" tpg-single-popup\" href=\"https:\/\/site.educa.madrid.org\/ies.malasana.mostoles\/index.php\/2024\/10\/12\/intercambio-2025-reunion-en-linea-con-familias\/\"><img loading=\"lazy\" decoding=\"async\" width=\"150\" height=\"150\" src=\"https:\/\/site.educa.madrid.org\/ies.malasana.mostoles\/\/wp-content\/uploads\/ies.malasana.mostoles\/2023\/09\/Intercambio-wordpress-150x150.png\" class=\"rt-img-responsive \" alt=\"Intercambio 2023-24\" \/><\/a><\/div><div class='rt-detail'><h2 class=\"entry-title\"><a data-id=\"4463\" class=\" tpg-single-popup\" href=\"https:\/\/site.educa.madrid.org\/ies.malasana.mostoles\/index.php\/2024\/10\/12\/intercambio-2025-reunion-en-linea-con-familias\/\">Intercambio 2025 &#8211; Reuni\u00f3n en l\u00ednea con familias<\/a><\/h2><div class='post-meta-user  '><span class='date'><i class='far fa-calendar-alt '><\/i>12 octubre, 2024<\/span><\/div><div class='tpg-excerpt'>Hola a todos! El pr\u00f3ximo mi\u00e9rcoles 16 de octubre a las 17:00 tendremos una reuni\u00f3n con las familias interesadas en participar en el intercambio. La reuni\u00f3n se realizar\u00e1 a trav\u00e9s&#8230;<\/div><div class='post-meta '><span class='read-more'><a data-id='4463' class=' tpg-single-popup' href='https:\/\/site.educa.madrid.org\/ies.malasana.mostoles\/index.php\/2024\/10\/12\/intercambio-2025-reunion-en-linea-con-familias\/'>Leer m\u00e1s<\/a><\/span><\/div><\/div><\/div><\/div><div class=\"rt-col-md-3 rt-col-sm-6 rt-col-xs-12 even-grid-item rt-grid-item\" data-id=\"4443\"><div class=\"rt-holder\"><div class=\"rt-img-holder\"><a data-id=\"4443\" class=\" tpg-single-popup\" href=\"https:\/\/site.educa.madrid.org\/ies.malasana.mostoles\/index.php\/2024\/10\/03\/crea-tu-startup-concurso-de-emprendimiento-empresarial-en-centros-docentes-de-mostoles\/\"><img loading=\"lazy\" decoding=\"async\" width=\"150\" height=\"150\" src=\"https:\/\/site.educa.madrid.org\/ies.malasana.mostoles\/\/wp-content\/uploads\/ies.malasana.mostoles\/2024\/10\/SCR-20241003-iriw-150x150.png\" class=\"rt-img-responsive \" alt=\"\" \/><\/a><\/div><div class='rt-detail'><h2 class=\"entry-title\"><a data-id=\"4443\" class=\" tpg-single-popup\" href=\"https:\/\/site.educa.madrid.org\/ies.malasana.mostoles\/index.php\/2024\/10\/03\/crea-tu-startup-concurso-de-emprendimiento-empresarial-en-centros-docentes-de-mostoles\/\">Crea tu startup &#8211; Concurso de emprendimiento empresarial en centros docentes de M\u00f3stoles<\/a><\/h2><div class='post-meta-user  '><span class='date'><i class='far fa-calendar-alt '><\/i>3 octubre, 2024<\/span><\/div><div class='tpg-excerpt'>\u00a1Tienes una idea de negocio? \u00a1\u00a1Desarr\u00f3llala!! \u00a1Podr\u00eda ser una gran empresa en un futuro cercano!&#8230;<\/div><div class='post-meta '><span class='read-more'><a data-id='4443' class=' tpg-single-popup' href='https:\/\/site.educa.madrid.org\/ies.malasana.mostoles\/index.php\/2024\/10\/03\/crea-tu-startup-concurso-de-emprendimiento-empresarial-en-centros-docentes-de-mostoles\/'>Leer m\u00e1s<\/a><\/span><\/div><\/div><\/div><\/div><\/div><\/div>","protected":false},"excerpt":{"rendered":"","protected":false},"author":2,"featured_media":0,"parent":0,"menu_order":0,"comment_status":"closed","ping_status":"closed","template":"","meta":{"footnotes":""},"folder":[],"class_list":["post-2205","page","type-page","status-publish","hentry"],"rttpg_featured_image_url":null,"rttpg_author":{"display_name":"Coordinador TIC del IES Manuela Malasa\u00f1a","author_link":"https:\/\/site.educa.madrid.org\/ies.malasana.mostoles\/index.php\/author\/cuenta_tic-ies-malasana-mostoles\/"},"rttpg_comment":0,"rttpg_category":false,"rttpg_excerpt":null,"post_mailing_queue_ids":[],"_links":{"self":[{"href":"https:\/\/site.educa.madrid.org\/ies.malasana.mostoles\/index.php\/wp-json\/wp\/v2\/pages\/2205","targetHints":{"allow":["GET"]}}],"collection":[{"href":"https:\/\/site.educa.madrid.org\/ies.malasana.mostoles\/index.php\/wp-json\/wp\/v2\/pages"}],"about":[{"href":"https:\/\/site.educa.madrid.org\/ies.malasana.mostoles\/index.php\/wp-json\/wp\/v2\/types\/page"}],"author":[{"embeddable":true,"href":"https:\/\/site.educa.madrid.org\/ies.malasana.mostoles\/index.php\/wp-json\/wp\/v2\/users\/2"}],"replies":[{"embeddable":true,"href":"https:\/\/site.educa.madrid.org\/ies.malasana.mostoles\/index.php\/wp-json\/wp\/v2\/comments?post=2205"}],"version-history":[{"count":3,"href":"https:\/\/site.educa.madrid.org\/ies.malasana.mostoles\/index.php\/wp-json\/wp\/v2\/pages\/2205\/revisions"}],"predecessor-version":[{"id":2283,"href":"https:\/\/site.educa.madrid.org\/ies.malasana.mostoles\/index.php\/wp-json\/wp\/v2\/pages\/2205\/revisions\/2283"}],"wp:attachment":[{"href":"https:\/\/site.educa.madrid.org\/ies.malasana.mostoles\/index.php\/wp-json\/wp\/v2\/media?parent=2205"}],"wp:term":[{"taxonomy":"folder","embeddable":true,"href":"https:\/\/site.educa.madrid.org\/ies.malasana.mostoles\/index.php\/wp-json\/wp\/v2\/folder?post=2205"}],"curies":[{"name":"wp","href":"https:\/\/api.w.org\/{rel}","templated":true}]}}