{"id":270,"date":"2021-02-11T17:53:44","date_gmt":"2021-02-11T17:53:44","guid":{"rendered":"https:\/\/site.educa.madrid.org\/ies.malasana.mostoles\/?page_id=270"},"modified":"2023-06-14T18:16:06","modified_gmt":"2023-06-14T16:16:06","slug":"servicios-y-actividades","status":"publish","type":"page","link":"https:\/\/site.educa.madrid.org\/ies.malasana.mostoles\/index.php\/servicios-y-actividades\/","title":{"rendered":"Servicios y Actividades"},"content":{"rendered":"\t\t\t<!-- Flexy Breadcrumb -->\n\t\t\t<div class=\"fbc fbc-page\">\n\n\t\t\t\t<!-- Breadcrumb wrapper -->\n\t\t\t\t<div class=\"fbc-wrap\">\n\n\t\t\t\t\t<!-- Ordered list-->\n\t\t\t\t\t<ol class=\"fbc-items\" itemscope itemtype=\"https:\/\/schema.org\/BreadcrumbList\">\n\t\t\t\t\t\t            <li itemprop=\"itemListElement\" itemscope itemtype=\"https:\/\/schema.org\/ListItem\">\n                <span itemprop=\"name\">\n                    <!-- Home Link -->\n                    <a itemprop=\"item\" href=\"https:\/\/site.educa.madrid.org\/ies.malasana.mostoles\">\n                    \n                                                    <i class=\"fa fa fa-home\" aria-hidden=\"true\"><\/i>                    <\/a>\n                <\/span>\n                <meta itemprop=\"position\" content=\"1\" \/><!-- Meta Position-->\n             <\/li><li><span class=\"fbc-separator\">><\/span><\/li><li class=\"active\" itemprop=\"itemListElement\" itemscope itemtype=\"https:\/\/schema.org\/ListItem\"><span itemprop=\"name\" title=\"Tabl\u00f3n de anuncios\">Tabl\u00f3n de anuncios<\/span><meta itemprop=\"position\" content=\"2\" \/><\/li>\t\t\t\t\t<\/ol>\n\t\t\t\t\t<div class=\"clearfix\"><\/div>\n\t\t\t\t<\/div>\n\t\t\t<\/div>\n\t\t\t\n\n\n\n<p>El&nbsp;<strong>IES Manuela Malasa\u00f1a<\/strong>&nbsp;dispone de diferentes espacios, divididos en 3 edificios, donde se ofertan los siguientes servicios y actividades.<\/p>\n\n\n\n<hr class=\"wp-block-separator\"\/>\n\n\n\n<h3 class=\"has-text-align-center has-cyan-bluish-gray-background-color has-background wp-block-heading\"><strong><span class=\"has-inline-color has-black-color\">Servicios<\/span><\/strong><\/h3>\n\n\n\n<div class=\"wp-block-columns is-layout-flex wp-container-core-columns-is-layout-9d6595d7 wp-block-columns-is-layout-flex\">\n<div class=\"wp-block-column is-layout-flow wp-block-column-is-layout-flow\">\n<h5 class=\"has-text-align-center has-background wp-block-heading\" style=\"background-color:#e2e6e9\"><a href=\"https:\/\/site.educa.madrid.org\/ies.malasana.mostoles\/index.php\/servicios-y-actividades\/cafeteria\/\" data-type=\"URL\" data-id=\"https:\/\/site.educa.madrid.org\/ies.malasana.mostoles\/index.php\/servicios-y-actividades\/cafeteria\/\">Cafeter\u00eda<\/a><\/h5>\n\n\n\n<p class=\"has-text-align-center\">El IES Manuela Malasa\u00f1a no dispone de comedor escolar, propiamente dicho. Sin embargo, el <strong>Consejo Escolar<\/strong> del Centro, preocupado por proporcionar a los alumnos del centro una Educaci\u00f3n de Calidad y con las mejores condiciones posibles, ha acordado una <strong>contrata de servicio de cafeter\u00eda <\/strong>en el centro. Adem\u00e1s de cualquier otro producto de la cafeter\u00eda, se sirven men\u00fas especiales para alumnos a precios asequibles (y que aprueba anualmente el Consejo Escolar)<\/p>\n<\/div>\n\n\n\n<div class=\"wp-block-column is-layout-flow wp-block-column-is-layout-flow\">\n<h5 class=\"has-text-align-center has-background wp-block-heading\" style=\"background-color:#e2e6e9\"><a href=\"https:\/\/site.educa.madrid.org\/ies.malasana.mostoles\/index.php\/servicios-y-actividades\/nuestras-instalaciones__trashed\/biblioteca\/\" data-type=\"URL\" data-id=\"https:\/\/site.educa.madrid.org\/ies.malasana.mostoles\/index.php\/servicios-y-actividades\/nuestras-instalaciones__trashed\/biblioteca\/\">Biblioteca<\/a><\/h5>\n\n\n\n<p>El centro dispone de&nbsp;<strong>dos bibliotecas<\/strong>&nbsp;a disposici\u00f3n de los alumnos:<\/p>\n\n\n\n<ul class=\"wp-block-list\"><li><strong>Edificio principal<\/strong>: se encuentra la biblioteca principal, a la que denominamos \u00abPedro Puyol\u00bb. Consta de m\u00e1s de 5.000 ejemplares adem\u00e1s de varios ordenadores port\u00e1tiles para su uso durante los recreos.<\/li><li><strong>Edificio Ram\u00f3n y Cajal<\/strong>: esta biblioteca es m\u00e1s peque\u00f1a, pero cuenta con unos 1.000 ejemplares.<\/li><\/ul>\n<\/div>\n\n\n\n<div class=\"wp-block-column is-layout-flow wp-block-column-is-layout-flow\">\n<h5 class=\"has-text-align-center has-background wp-block-heading\" style=\"background-color:#e2e6e9\"><a href=\"https:\/\/site.educa.madrid.org\/ies.malasana.mostoles\/index.php\/servicios\/ludoteca\/\">LUDOTECA<\/a><\/h5>\n\n\n\n<p>En la ludoteca disponemos de juegos de mesa (Virus, UNO, Sushi Go!, Rummy o Meteorito, etc.) y cl\u00e1sicos como ajedrez o parch\u00eds a disposici\u00f3n de los alumnos para que puedan utilizarlos en los recreos.<\/p>\n<\/div>\n\n\n\n<div class=\"wp-block-column is-layout-flow wp-block-column-is-layout-flow\">\n<h5 class=\"has-text-align-center has-background wp-block-heading\" style=\"background-color:#e2e6e9\"><a href=\"https:\/\/site.educa.madrid.org\/ies.malasana.mostoles\/index.php\/instalaciones\/\" data-type=\"URL\" data-id=\"https:\/\/site.educa.madrid.org\/ies.malasana.mostoles\/index.php\/instalaciones\/\">Instalaciones<\/a><\/h5>\n\n\n\n<p>El Instituto consta de tres edificios con una superficie cercana a los <strong>6000 m2<\/strong>, de los que 553 m2 lo son de jardines, pistas deportivas y patios de recreo. Est\u00e1 dividido en&nbsp;<strong>3 edificios<\/strong>:<\/p>\n\n\n\n<ul class=\"wp-block-list\"><li>Principal.<\/li><li>Ram\u00f3n y Cajal.<\/li><li>ACE.<\/li><\/ul>\n<\/div>\n<\/div>\n\n\n\n<hr class=\"wp-block-separator\"\/>\n\n\n\n<h3 class=\"has-text-align-center has-light-green-cyan-background-color has-background wp-block-heading\"><strong>Actividades<\/strong><\/h3>\n\n\n\n<p>En el centro se realizan numerosas <strong>Actividades Complementarias y Extraescolares<\/strong>, que adquieren una gran importancia para el desarrollo de las capacidades de los alumnos puesto que contribuyen a la preparaci\u00f3n de las personas para vivir en sociedad y las ayudan a completar facetas formativas que las vinculan con el mundo. Adem\u00e1s de que ilustran y ampl\u00edan los contenidos te\u00f3ricos que se imparten en las distintas asignaturas, favorecen un mayor acercamiento a la realidad.<\/p>\n\n\n\n<p>Adem\u00e1s, en horario de tarde, ofertamos las siguientes&nbsp;<strong>Actividades Extraescolares<\/strong>:<\/p>\n\n\n\n<div class=\"wp-block-columns is-layout-flex wp-container-core-columns-is-layout-9d6595d7 wp-block-columns-is-layout-flex\">\n<div class=\"wp-block-column is-layout-flow wp-block-column-is-layout-flow\">\n<h5 class=\"has-text-align-center has-background wp-block-heading\" style=\"background-color:#9cdcc3\"><a href=\"https:\/\/site.educa.madrid.org\/ies.malasana.mostoles\/index.php\/servicios-y-actividades\/actividades-extraescolares\/ara-apoyo-y-refuerzo-academico\/\" data-type=\"URL\" data-id=\"https:\/\/site.educa.madrid.org\/ies.malasana.mostoles\/index.php\/servicios-y-actividades\/actividades-extraescolares\/ara-apoyo-y-refuerzo-academico\/\">Refuerza<\/a><\/h5>\n\n\n\n<p>Programa impulsado por la Consejer\u00eda de Educaci\u00f3n de la Comunidad de Madrid dirigida a alumnos de ESO. Dicha actividad consiste por una parte, en la organizaci\u00f3n de <strong>actividades de apoyo y refuerzo <\/strong>de los alumnos que presentan dificultades de aprendizaje en lengua y matem\u00e1ticas, y por otra en la <strong>adquisici\u00f3n de h\u00e1bitos y t\u00e9cnicas de estudio<\/strong>.<\/p>\n<\/div>\n\n\n\n<div class=\"wp-block-column is-layout-flow wp-block-column-is-layout-flow\">\n<h5 class=\"has-text-align-center has-background wp-block-heading\" style=\"background-color:#9cdcc3\"><a href=\"https:\/\/site.educa.madrid.org\/ies.malasana.mostoles\/index.php\/servicios-y-actividades\/actividades-extraescolares\/ipafd-institutos-promotores-de-la-actividad-fisica-y-el-deporte\/\" data-type=\"URL\" data-id=\"https:\/\/site.educa.madrid.org\/ies.malasana.mostoles\/index.php\/servicios-y-actividades\/actividades-extraescolares\/ipafd-institutos-promotores-de-la-actividad-fisica-y-el-deporte\/\">IPAFD<\/a><\/h5>\n\n\n\n<p>El Programa <strong>Institutos Promotores de la Actividad F\u00edsica y el Deporte <\/strong>(IPAFD) se desarrolla a trav\u00e9s de diferentes Escuelas Deportivas impartidas por las Federaciones Deportivas Madrile\u00f1as en los Institutos de Ense\u00f1anza Secundaria.<\/p>\n<\/div>\n\n\n\n<div class=\"wp-block-column is-layout-flow wp-block-column-is-layout-flow\">\n<h5 class=\"has-background wp-block-heading\" style=\"background-color:#9cdcc3\"><a href=\"https:\/\/site.educa.madrid.org\/ies.malasana.mostoles\/index.php\/ensenanzas\/planes-y-proyectos\/4o-eso-empresa\/\">4\u00baESO+Empresa<\/a><\/h5>\n\n\n\n<p>El programa consiste en la <strong>estancia <\/strong>educativa voluntaria en empresas durante <strong>3, 4 o 5 d\u00edas<\/strong> con el fin de enriquecer el curr\u00edculo de los alumnos y aproximarles al mundo laboral del que ellos formar\u00e1n parte en el futuro.<\/p>\n<\/div>\n\n\n\n<div class=\"wp-block-column is-layout-flow wp-block-column-is-layout-flow\">\n<h5 class=\"has-text-align-center has-background wp-block-heading\" style=\"background-color:#9cdcc3\"><a href=\"https:\/\/site.educa.madrid.org\/ies.malasana.mostoles\/index.php\/servicios-y-actividades\/excursiones\/\" data-type=\"URL\" data-id=\"https:\/\/site.educa.madrid.org\/ies.malasana.mostoles\/index.php\/servicios-y-actividades\/excursiones\/\">Excursiones<\/a><\/h5>\n\n\n\n<p>En este espacio podr\u00e1s consultar las <strong>actividades extraescolares y complementarias<\/strong> que se est\u00e1n realizando en el Instituto en los diferentes niveles.<\/p>\n<\/div>\n\n\n\n<div class=\"wp-block-column is-layout-flow wp-block-column-is-layout-flow\">\n<h5 class=\"has-text-align-center has-background wp-block-heading\" style=\"background-color:#9cdcc3\">Pilates<\/h5>\n<\/div>\n<\/div>\n\n\n\n<hr class=\"wp-block-separator\"\/>\n\n\n\n<h3 class=\"has-text-align-center has-light-green-cyan-background-color has-background wp-block-heading\">\u00daltimas entradas de Actividades<\/h3>\n\n\n<style type='text\/css' media='all'>#rt-tpg-container-2078308067 .rt-holder .rt-woo-info .price{color:#0367bf;}body .rt-tpg-container .rt-tpg-isotope-buttons .selected,\n\t\t\t\t\t#rt-tpg-container-2078308067 .layout12 .rt-holder:hover .rt-detail,\n\t\t\t\t\t#rt-tpg-container-2078308067 .isotope8 .rt-holder:hover .rt-detail,\n\t\t\t\t\t#rt-tpg-container-2078308067 .carousel8 .rt-holder:hover .rt-detail,\n\t\t\t\t\t#rt-tpg-container-2078308067 .layout13 .rt-holder .overlay .post-info,\n\t\t\t\t\t#rt-tpg-container-2078308067 .isotope9 .rt-holder .overlay .post-info,\n\t\t\t\t\t#rt-tpg-container-2078308067.rt-tpg-container .layout4 .rt-holder .rt-detail,\n\t\t\t\t\t.rt-modal-2078308067 .md-content,\n\t\t\t\t\t.rt-modal-2078308067 .md-content > .rt-md-content-holder .rt-md-content,\n\t\t\t\t\t.rt-popup-wrap-2078308067.rt-popup-wrap .rt-popup-navigation-wrap,\n\t\t\t\t\t#rt-tpg-container-2078308067 .carousel9 .rt-holder .overlay .post-info{background-color:#0367bf;}#rt-tpg-container-2078308067 .layout5 .rt-holder .overlay, #rt-tpg-container-2078308067 .isotope2 .rt-holder .overlay, #rt-tpg-container-2078308067 .carousel2 .rt-holder .overlay,#rt-tpg-container-2078308067 .layout15 .rt-holder h3, #rt-tpg-container-2078308067 .isotope11 .rt-holder h3, #rt-tpg-container-2078308067 .carousel11 .rt-holder h3, #rt-tpg-container-2078308067 .layout16 .rt-holder h3,\n\t\t\t\t\t#rt-tpg-container-2078308067 .isotope12 .rt-holder h3, #rt-tpg-container-2078308067 .carousel12 .rt-holder h3 {background-color:rgba(3,103,191,0.8);}#rt-tpg-container-2078308067 .pagination-list li a,\n\t\t\t\t\trt-tpg-container-2078308067 .pagination-list li span,\n\t\t\t\t\trt-tpg-container-2078308067 .pagination li a,\n\t\t\t\t\t#rt-tpg-container-2078308067 .rt-tpg-isotope-buttons button,\n\t\t\t\t\t#rt-tpg-container-2078308067 .rt-tpg-utility .rt-tpg-load-more button,\n\t\t\t\t\t#rt-tpg-container-2078308067.rt-tpg-container .swiper-navigation .slider-btn,\n\t\t\t\t\t#rt-tpg-container-2078308067.rt-tpg-container .swiper-pagination-bullet,\n\t\t\t\t\t#rt-tpg-container-2078308067 .wc1 .rt-holder .rt-img-holder .overlay .product-more ul li a,\n\t\t\t\t\t#rt-tpg-container-2078308067 .wc2 .rt-detail .rt-wc-add-to-cart,\n\t\t\t\t\t#rt-tpg-container-2078308067 .wc3 .rt-detail .rt-wc-add-to-cart,\n\t\t\t\t\t#rt-tpg-container-2078308067 .wc4 .rt-detail .rt-wc-add-to-cart,\n\t\t\t\t\t#rt-tpg-container-2078308067 .wc-carousel2 .rt-detail .rt-wc-add-to-cart,\n\t\t\t\t\t#rt-tpg-container-2078308067 .wc-isotope2 .rt-detail .rt-wc-add-to-cart,\n\t\t\t\t\t#rt-tpg-container-2078308067 .rt-layout-filter-container .rt-filter-wrap .rt-filter-item-wrap.rt-filter-dropdown-wrap .rt-filter-dropdown,\n\t\t\t\t\t#rt-tpg-container-2078308067 .rt-layout-filter-container .rt-filter-sub-tax.sub-button-group .rt-filter-button-item,\n\t\t\t\t\t#rt-tpg-container-2078308067.rt-tpg-container .rt-pagination-wrap .rt-page-numbers .paginationjs .paginationjs-pages ul li>a,\n\t\t\t\t\t#rt-tpg-container-2078308067 .rt-filter-item-wrap.rt-filter-button-wrap span.rt-filter-button-item,\n\t\t\t\t\t#rt-tpg-container-2078308067.rt-tpg-container .rt-pagination-wrap  .rt-loadmore-btn,\n\t\t\t\t\t#rt-tpg-container-2078308067.rt-tpg-container .rt-pagination-wrap .rt-cb-page-prev-next > *,\n\t\t\t\t\t#rt-tpg-container-2078308067 .rt-read-more,\n\t\t\t\t\t#rt-tooltip-2078308067, #rt-tooltip-2078308067 .rt-tooltip-bottom:after{background-color:#ffffff;}#rt-tpg-container-2078308067 .rt-filter-item-wrap.rt-filter-button-wrap span.rt-filter-button-item,\n\t\t\t\t\t#rt-tpg-container-2078308067 .rt-layout-filter-container .rt-filter-sub-tax.sub-button-group .rt-filter-button-item{border-color:#ffffff;}#rt-tpg-container-2078308067.rt-tpg-container .layout17 .rt-holder .overlay a.tpg-zoom .fa{color:#ffffff;}#rt-tpg-container-2078308067 .rt-holder .read-more a {background-color:#ffffff;padding: 8px 15px;}#rt-tpg-container-2078308067 .read-more a{border-radius:px;}#rt-tpg-container-2078308067 .rt-img-holder img.rt-img-responsive,#rt-tpg-container-2078308067 .rt-img-holder,\n\t\t\t\t\t#rt-tpg-container-2078308067 .rt-post-overlay .post-img,\n\t\t\t\t\t#rt-tpg-container-2078308067 .post-sm .post-img,\n\t\t\t\t\t#rt-tpg-container-2078308067 .rt-post-grid .post-img,\n\t\t\t\t\t#rt-tpg-container-2078308067 .post-img img {border-radius:px;}<\/style><div class='rt-container-fluid rt-tpg-container tpg-shortcode-main-wrapper ' id='rt-tpg-container-2078308067'   data-layout='layout1' data-grid-style='even' data-desktop-col='4'  data-tab-col='2'  data-mobile-col='1' data-sc-id='2281'><div data-title='Loading ...' class='rt-row rt-content-loader   layout1 tpg-even '><div class=\"rt-col-md-3 rt-col-sm-6 rt-col-xs-12 even-grid-item rt-grid-item\" data-id=\"4826\"><div class=\"rt-holder\"><div class='rt-detail'><h2 class=\"entry-title\"><a data-id=\"4826\" class=\" tpg-single-popup\" href=\"https:\/\/site.educa.madrid.org\/ies.malasana.mostoles\/index.php\/2025\/07\/02\/listados-provisionales-de-menciones-honorificas-y-diplomas-de-aprovechamiento\/\">Listados provisionales de Menciones honor\u00edficas y Diplomas de Aprovechamiento<\/a><\/h2><div class='post-meta-user  '><span class='date'><i class='far fa-calendar-alt '><\/i>2 julio, 2025<\/span><\/div><div class='tpg-excerpt'>Se publican los listados provisionales de Menciones Honor\u00edficas y Diplomas de Aprovechamiento:&#8230;<\/div><div class='post-meta '><span class='read-more'><a data-id='4826' class=' tpg-single-popup' href='https:\/\/site.educa.madrid.org\/ies.malasana.mostoles\/index.php\/2025\/07\/02\/listados-provisionales-de-menciones-honorificas-y-diplomas-de-aprovechamiento\/'>Leer m\u00e1s<\/a><\/span><\/div><\/div><\/div><\/div><div class=\"rt-col-md-3 rt-col-sm-6 rt-col-xs-12 even-grid-item rt-grid-item\" data-id=\"4585\"><div class=\"rt-holder\"><div class='rt-detail'><h2 class=\"entry-title\"><a data-id=\"4585\" class=\" tpg-single-popup\" href=\"https:\/\/site.educa.madrid.org\/ies.malasana.mostoles\/index.php\/2024\/11\/29\/charla-nuevas-tecnologias-con-familias-10-diciembre\/\">Charla nuevas tecnolog\u00edas con familias &#8211; 10 diciembre<\/a><\/h2><div class='post-meta-user  '><span class='date'><i class='far fa-calendar-alt '><\/i>29 noviembre, 2024<\/span><\/div><div class='tpg-excerpt'>&#8230;<\/div><div class='post-meta '><span class='read-more'><a data-id='4585' class=' tpg-single-popup' href='https:\/\/site.educa.madrid.org\/ies.malasana.mostoles\/index.php\/2024\/11\/29\/charla-nuevas-tecnologias-con-familias-10-diciembre\/'>Leer m\u00e1s<\/a><\/span><\/div><\/div><\/div><\/div><div class=\"rt-col-md-3 rt-col-sm-6 rt-col-xs-12 even-grid-item rt-grid-item\" data-id=\"4506\"><div class=\"rt-holder\"><div class=\"rt-img-holder\"><a data-id=\"4506\" class=\" tpg-single-popup\" href=\"https:\/\/site.educa.madrid.org\/ies.malasana.mostoles\/index.php\/2024\/10\/22\/x-edicion-de-retotech-fundacion-endesa\/\"><img loading=\"lazy\" decoding=\"async\" width=\"150\" height=\"150\" src=\"https:\/\/site.educa.madrid.org\/ies.malasana.mostoles\/\/wp-content\/uploads\/ies.malasana.mostoles\/2024\/10\/SCR-1y6u2862-150x150.png\" class=\"rt-img-responsive \" alt=\"\" \/><\/a><\/div><div class='rt-detail'><h2 class=\"entry-title\"><a data-id=\"4506\" class=\" tpg-single-popup\" href=\"https:\/\/site.educa.madrid.org\/ies.malasana.mostoles\/index.php\/2024\/10\/22\/x-edicion-de-retotech-fundacion-endesa\/\">X Edici\u00f3n de RetoTech Fundaci\u00f3n Endesa<\/a><\/h2><div class='post-meta-user  '><span class='date'><i class='far fa-calendar-alt '><\/i>22 octubre, 2024<\/span><\/div><div class='tpg-excerpt'>En la X Edici\u00f3n de RetoTech Fundaci\u00f3n Endesa participan un total de 255 centros educativos de las Comunidades de Madrid, Arag\u00f3n, Andaluc\u00eda, Catalu\u00f1a, Extremadura, Islas Baleares y Canarias&#8230;<\/div><div class='post-meta '><span class='read-more'><a data-id='4506' class=' tpg-single-popup' href='https:\/\/site.educa.madrid.org\/ies.malasana.mostoles\/index.php\/2024\/10\/22\/x-edicion-de-retotech-fundacion-endesa\/'>Leer m\u00e1s<\/a><\/span><\/div><\/div><\/div><\/div><div class=\"rt-col-md-3 rt-col-sm-6 rt-col-xs-12 even-grid-item rt-grid-item\" data-id=\"4463\"><div class=\"rt-holder\"><div class=\"rt-img-holder\"><a data-id=\"4463\" class=\" tpg-single-popup\" href=\"https:\/\/site.educa.madrid.org\/ies.malasana.mostoles\/index.php\/2024\/10\/12\/intercambio-2025-reunion-en-linea-con-familias\/\"><img loading=\"lazy\" decoding=\"async\" width=\"150\" height=\"150\" src=\"https:\/\/site.educa.madrid.org\/ies.malasana.mostoles\/\/wp-content\/uploads\/ies.malasana.mostoles\/2023\/09\/Intercambio-wordpress-150x150.png\" class=\"rt-img-responsive \" alt=\"Intercambio 2023-24\" \/><\/a><\/div><div class='rt-detail'><h2 class=\"entry-title\"><a data-id=\"4463\" class=\" tpg-single-popup\" href=\"https:\/\/site.educa.madrid.org\/ies.malasana.mostoles\/index.php\/2024\/10\/12\/intercambio-2025-reunion-en-linea-con-familias\/\">Intercambio 2025 &#8211; Reuni\u00f3n en l\u00ednea con familias<\/a><\/h2><div class='post-meta-user  '><span class='date'><i class='far fa-calendar-alt '><\/i>12 octubre, 2024<\/span><\/div><div class='tpg-excerpt'>Hola a todos! El pr\u00f3ximo mi\u00e9rcoles 16 de octubre a las 17:00 tendremos una reuni\u00f3n con las familias interesadas en participar en el intercambio. La reuni\u00f3n se realizar\u00e1 a trav\u00e9s&#8230;<\/div><div class='post-meta '><span class='read-more'><a data-id='4463' class=' tpg-single-popup' href='https:\/\/site.educa.madrid.org\/ies.malasana.mostoles\/index.php\/2024\/10\/12\/intercambio-2025-reunion-en-linea-con-familias\/'>Leer m\u00e1s<\/a><\/span><\/div><\/div><\/div><\/div><div class=\"rt-col-md-3 rt-col-sm-6 rt-col-xs-12 even-grid-item rt-grid-item\" data-id=\"4443\"><div class=\"rt-holder\"><div class=\"rt-img-holder\"><a data-id=\"4443\" class=\" tpg-single-popup\" href=\"https:\/\/site.educa.madrid.org\/ies.malasana.mostoles\/index.php\/2024\/10\/03\/crea-tu-startup-concurso-de-emprendimiento-empresarial-en-centros-docentes-de-mostoles\/\"><img loading=\"lazy\" decoding=\"async\" width=\"150\" height=\"150\" src=\"https:\/\/site.educa.madrid.org\/ies.malasana.mostoles\/\/wp-content\/uploads\/ies.malasana.mostoles\/2024\/10\/SCR-20241003-iriw-150x150.png\" class=\"rt-img-responsive \" alt=\"\" \/><\/a><\/div><div class='rt-detail'><h2 class=\"entry-title\"><a data-id=\"4443\" class=\" tpg-single-popup\" href=\"https:\/\/site.educa.madrid.org\/ies.malasana.mostoles\/index.php\/2024\/10\/03\/crea-tu-startup-concurso-de-emprendimiento-empresarial-en-centros-docentes-de-mostoles\/\">Crea tu startup &#8211; Concurso de emprendimiento empresarial en centros docentes de M\u00f3stoles<\/a><\/h2><div class='post-meta-user  '><span class='date'><i class='far fa-calendar-alt '><\/i>3 octubre, 2024<\/span><\/div><div class='tpg-excerpt'>\u00a1Tienes una idea de negocio? \u00a1\u00a1Desarr\u00f3llala!! \u00a1Podr\u00eda ser una gran empresa en un futuro cercano!&#8230;<\/div><div class='post-meta '><span class='read-more'><a data-id='4443' class=' tpg-single-popup' href='https:\/\/site.educa.madrid.org\/ies.malasana.mostoles\/index.php\/2024\/10\/03\/crea-tu-startup-concurso-de-emprendimiento-empresarial-en-centros-docentes-de-mostoles\/'>Leer m\u00e1s<\/a><\/span><\/div><\/div><\/div><\/div><\/div><\/div>\n\n\n<div class=\"wp-block-buttons is-horizontal is-content-justification-center is-layout-flex wp-container-core-buttons-is-layout-499968f5 wp-block-buttons-is-layout-flex\">\n<div class=\"wp-block-button is-style-outline is-style-outline--1\"><a class=\"wp-block-button__link\" href=\"https:\/\/site.educa.madrid.org\/ies.malasana.mostoles\/index.php\/entradas-actividades-complementarias-y-extraescolares\/\">Consulta todas las entradas<\/a><\/div>\n<\/div>\n\n\n\n<p><\/p>\n","protected":false},"excerpt":{"rendered":"<p>El&nbsp;IES Manuela Malasa\u00f1a&nbsp;dispone de diferentes espacios, divididos en 3 edificios, donde se ofertan los siguientes servicios y actividades. Servicios Cafeter\u00eda El IES Manuela Malasa\u00f1a no dispone de comedor escolar, propiamente &#8230;<\/p>\n","protected":false},"author":2,"featured_media":0,"parent":0,"menu_order":0,"comment_status":"closed","ping_status":"closed","template":"","meta":{"footnotes":""},"folder":[],"class_list":["post-270","page","type-page","status-publish","hentry"],"rttpg_featured_image_url":null,"rttpg_author":{"display_name":"Coordinador TIC del IES Manuela Malasa\u00f1a","author_link":"https:\/\/site.educa.madrid.org\/ies.malasana.mostoles\/index.php\/author\/cuenta_tic-ies-malasana-mostoles\/"},"rttpg_comment":0,"rttpg_category":false,"rttpg_excerpt":"El&nbsp;IES Manuela Malasa\u00f1a&nbsp;dispone de diferentes espacios, divididos en 3 edificios, donde se ofertan los siguientes servicios y actividades. Servicios Cafeter\u00eda El IES Manuela Malasa\u00f1a no dispone de comedor escolar, propiamente ...","post_mailing_queue_ids":[],"_links":{"self":[{"href":"https:\/\/site.educa.madrid.org\/ies.malasana.mostoles\/index.php\/wp-json\/wp\/v2\/pages\/270","targetHints":{"allow":["GET"]}}],"collection":[{"href":"https:\/\/site.educa.madrid.org\/ies.malasana.mostoles\/index.php\/wp-json\/wp\/v2\/pages"}],"about":[{"href":"https:\/\/site.educa.madrid.org\/ies.malasana.mostoles\/index.php\/wp-json\/wp\/v2\/types\/page"}],"author":[{"embeddable":true,"href":"https:\/\/site.educa.madrid.org\/ies.malasana.mostoles\/index.php\/wp-json\/wp\/v2\/users\/2"}],"replies":[{"embeddable":true,"href":"https:\/\/site.educa.madrid.org\/ies.malasana.mostoles\/index.php\/wp-json\/wp\/v2\/comments?post=270"}],"version-history":[{"count":50,"href":"https:\/\/site.educa.madrid.org\/ies.malasana.mostoles\/index.php\/wp-json\/wp\/v2\/pages\/270\/revisions"}],"predecessor-version":[{"id":3400,"href":"https:\/\/site.educa.madrid.org\/ies.malasana.mostoles\/index.php\/wp-json\/wp\/v2\/pages\/270\/revisions\/3400"}],"wp:attachment":[{"href":"https:\/\/site.educa.madrid.org\/ies.malasana.mostoles\/index.php\/wp-json\/wp\/v2\/media?parent=270"}],"wp:term":[{"taxonomy":"folder","embeddable":true,"href":"https:\/\/site.educa.madrid.org\/ies.malasana.mostoles\/index.php\/wp-json\/wp\/v2\/folder?post=270"}],"curies":[{"name":"wp","href":"https:\/\/api.w.org\/{rel}","templated":true}]}}