{"id":3972,"date":"2024-05-28T14:33:26","date_gmt":"2024-05-28T12:33:26","guid":{"rendered":"https:\/\/site.educa.madrid.org\/ies.malasana.mostoles\/?page_id=3972"},"modified":"2024-06-11T08:29:21","modified_gmt":"2024-06-11T06:29:21","slug":"sirfidos-vs-pulgonautas-mision-estratosfera","status":"publish","type":"page","link":"https:\/\/site.educa.madrid.org\/ies.malasana.mostoles\/index.php\/sirfidos-vs-pulgonautas-mision-estratosfera\/","title":{"rendered":"S\u00edrfidos vs. pulgonautas: Misi\u00f3n Estratosfera"},"content":{"rendered":"\n<p>El IES Manuela Malasa\u00f1a ha sido seleccionado, junto con unos pocos centros m\u00e1s de la Comunidad de Madrid, para trabajar en el proyecto STEM \u201c<strong>Tu experimento en un globo sonda<\/strong>\u201d 2024.<\/p>\n\n\n\n<p>El&nbsp;<strong>objetivo, subir experimentos cient\u00edficos <\/strong>de centros de Secundaria, Bachillerato y Formaci\u00f3n Profesional de la Comunidad de Madrid<strong> a la estratosfera<\/strong>&nbsp;(unos 30.000 m) con las condiciones de espacio cercano que ello supone.&nbsp;Como colof\u00f3n y parte pr\u00e1ctica,&nbsp;el&nbsp;30 de mayo&nbsp;<strong>se lanzar\u00e1 el globo sonda<\/strong> desde el castillo de la localidad segoviana de Coca.<\/p>\n\n\n\n<p><\/p>\n\n\n\n<h2 class=\"wp-block-heading has-background\" style=\"background:linear-gradient(270deg,rgb(238,238,238) 0%,rgb(169,184,195) 100%)\">Colaboradores<\/h2>\n\n\n\n<div class=\"wp-block-columns are-vertically-aligned-center is-layout-flex wp-container-core-columns-is-layout-9d6595d7 wp-block-columns-is-layout-flex\">\n<div class=\"wp-block-column is-vertically-aligned-center is-layout-flow wp-block-column-is-layout-flow\">\n<figure class=\"wp-block-image size-large\"><a href=\"https:\/\/www.csic.es\/es\"><img loading=\"lazy\" decoding=\"async\" width=\"1024\" height=\"251\" src=\"https:\/\/site.educa.madrid.org\/ies.malasana.mostoles\/\/wp-content\/uploads\/ies.malasana.mostoles\/2024\/06\/Logotipo_del_CSIC.svg_-1024x251.png\" alt=\"\" class=\"wp-image-4120\" srcset=\"https:\/\/site.educa.madrid.org\/ies.malasana.mostoles\/\/wp-content\/uploads\/ies.malasana.mostoles\/2024\/06\/Logotipo_del_CSIC.svg_-1024x251.png 1024w, https:\/\/site.educa.madrid.org\/ies.malasana.mostoles\/\/wp-content\/uploads\/ies.malasana.mostoles\/2024\/06\/Logotipo_del_CSIC.svg_-300x74.png 300w, https:\/\/site.educa.madrid.org\/ies.malasana.mostoles\/\/wp-content\/uploads\/ies.malasana.mostoles\/2024\/06\/Logotipo_del_CSIC.svg_-768x188.png 768w, https:\/\/site.educa.madrid.org\/ies.malasana.mostoles\/\/wp-content\/uploads\/ies.malasana.mostoles\/2024\/06\/Logotipo_del_CSIC.svg_-1536x376.png 1536w, https:\/\/site.educa.madrid.org\/ies.malasana.mostoles\/\/wp-content\/uploads\/ies.malasana.mostoles\/2024\/06\/Logotipo_del_CSIC.svg_.png 1600w\" sizes=\"auto, (max-width: 1024px) 100vw, 1024px\" \/><\/a><\/figure>\n<\/div>\n\n\n\n<div class=\"wp-block-column is-vertically-aligned-center is-layout-flow wp-block-column-is-layout-flow\">\n<figure class=\"wp-block-image size-full\"><a href=\"https:\/\/www.ica.csic.es\/\"><img loading=\"lazy\" decoding=\"async\" width=\"591\" height=\"148\" src=\"https:\/\/site.educa.madrid.org\/ies.malasana.mostoles\/\/wp-content\/uploads\/ies.malasana.mostoles\/2024\/06\/logo_ica_5cm_transparente.png\" alt=\"\" class=\"wp-image-4121\" srcset=\"https:\/\/site.educa.madrid.org\/ies.malasana.mostoles\/\/wp-content\/uploads\/ies.malasana.mostoles\/2024\/06\/logo_ica_5cm_transparente.png 591w, https:\/\/site.educa.madrid.org\/ies.malasana.mostoles\/\/wp-content\/uploads\/ies.malasana.mostoles\/2024\/06\/logo_ica_5cm_transparente-300x75.png 300w\" sizes=\"auto, (max-width: 591px) 100vw, 591px\" \/><\/a><\/figure>\n<\/div>\n\n\n\n<div class=\"wp-block-column is-vertically-aligned-center is-layout-flow wp-block-column-is-layout-flow\">\n<figure class=\"wp-block-image size-large\"><a href=\"https:\/\/cibio.ua.es\/\"><img loading=\"lazy\" decoding=\"async\" width=\"1024\" height=\"447\" src=\"https:\/\/site.educa.madrid.org\/ies.malasana.mostoles\/\/wp-content\/uploads\/ies.malasana.mostoles\/2024\/06\/456852_477848982229362_1699010313_o-1024x447.jpg\" alt=\"\" class=\"wp-image-4122\" srcset=\"https:\/\/site.educa.madrid.org\/ies.malasana.mostoles\/\/wp-content\/uploads\/ies.malasana.mostoles\/2024\/06\/456852_477848982229362_1699010313_o-1024x447.jpg 1024w, https:\/\/site.educa.madrid.org\/ies.malasana.mostoles\/\/wp-content\/uploads\/ies.malasana.mostoles\/2024\/06\/456852_477848982229362_1699010313_o-300x131.jpg 300w, https:\/\/site.educa.madrid.org\/ies.malasana.mostoles\/\/wp-content\/uploads\/ies.malasana.mostoles\/2024\/06\/456852_477848982229362_1699010313_o-768x335.jpg 768w, https:\/\/site.educa.madrid.org\/ies.malasana.mostoles\/\/wp-content\/uploads\/ies.malasana.mostoles\/2024\/06\/456852_477848982229362_1699010313_o-1536x670.jpg 1536w, https:\/\/site.educa.madrid.org\/ies.malasana.mostoles\/\/wp-content\/uploads\/ies.malasana.mostoles\/2024\/06\/456852_477848982229362_1699010313_o.jpg 2048w\" sizes=\"auto, (max-width: 1024px) 100vw, 1024px\" \/><\/a><\/figure>\n<\/div>\n\n\n\n<div class=\"wp-block-column is-vertically-aligned-center is-layout-flow wp-block-column-is-layout-flow\">\n<figure class=\"wp-block-image size-full\"><a href=\"https:\/\/www.bionostrum.com\/\"><img loading=\"lazy\" decoding=\"async\" width=\"390\" height=\"112\" src=\"https:\/\/site.educa.madrid.org\/ies.malasana.mostoles\/\/wp-content\/uploads\/ies.malasana.mostoles\/2024\/06\/BIONOSTRUM-01.png\" alt=\"\" class=\"wp-image-4123\" srcset=\"https:\/\/site.educa.madrid.org\/ies.malasana.mostoles\/\/wp-content\/uploads\/ies.malasana.mostoles\/2024\/06\/BIONOSTRUM-01.png 390w, https:\/\/site.educa.madrid.org\/ies.malasana.mostoles\/\/wp-content\/uploads\/ies.malasana.mostoles\/2024\/06\/BIONOSTRUM-01-300x86.png 300w\" sizes=\"auto, (max-width: 390px) 100vw, 390px\" \/><\/a><\/figure>\n<\/div>\n<\/div>\n\n\n\n<div class=\"wp-block-columns is-layout-flex wp-container-core-columns-is-layout-9d6595d7 wp-block-columns-is-layout-flex\">\n<div class=\"wp-block-column is-vertically-aligned-center is-layout-flow wp-block-column-is-layout-flow\"><div class=\"wp-block-image\">\n<figure class=\"aligncenter size-medium is-resized\"><img loading=\"lazy\" decoding=\"async\" src=\"https:\/\/site.educa.madrid.org\/ies.malasana.mostoles\/\/wp-content\/uploads\/ies.malasana.mostoles\/2020\/11\/cropped-Logo-IES-color-scaled-2-300x200.jpg\" alt=\"\" class=\"wp-image-165\" width=\"156\" height=\"104\"\/><\/figure>\n<\/div><\/div>\n\n\n\n<div class=\"wp-block-column is-vertically-aligned-center is-layout-flow wp-block-column-is-layout-flow\">\n<h3 class=\"wp-block-heading has-text-align-center\">Departamento de Tecnolog\u00eda<\/h3>\n<\/div>\n\n\n\n<div class=\"wp-block-column is-vertically-aligned-center is-layout-flow wp-block-column-is-layout-flow\">\n<h3 class=\"wp-block-heading has-text-align-center\">Departamento de Biolog\u00eda<\/h3>\n<\/div>\n<\/div>\n\n\n\n<p><\/p>\n\n\n\n<p>Antes del lanzamiento, visitamos el <a href=\"https:\/\/www.csic.es\/es\">CSIC<\/a> y recibimos formaci\u00f3n de parte de <em>Elisa Garzo<\/em> y <em>Alberto Fereres<\/em> del <strong>Instituto de Ciencias Agrarias<\/strong> (<a href=\"https:\/\/x.com\/VectoresCSIC\">@VectoresCSIC<\/a>) que nos brindaron un apoyo incalculable.<\/p>\n\n\n\n<p>La catedr\u00e1tica de zoolog\u00eda del <strong>Centro Iberoamericano de la Biodiversidad<\/strong> (<a href=\"https:\/\/x.com\/IUCibio\">@IUCibio<\/a>) <em>M\u00aa \u00c1ngeles<\/em> <em>Marcos Garc\u00eda<\/em>, de la Universidad de Alicante nos ha formado, orientado y asesorado sobre los s\u00edrfidos, insectos depredadores naturales. \u00a1Gracias!<\/p>\n\n\n\n<p>Las muestras fueron proporcionadas por <strong>BioNostrum<\/strong> (<a href=\"https:\/\/www.instagram.com\/bionostrum_europa\/\">@bionostrum_europa<\/a>), <a href=\"https:\/\/cibio.ua.es\/ipab\/\">IPAB<\/a>, y el Instituto de Ciencias Agrarias (<a href=\"https:\/\/twitter.com\/ICA_CSIC\">@ICA_CSIC<\/a>).<\/p>\n\n\n\n<p><\/p>\n\n\n\n<p><\/p>\n\n\n\n<h2 class=\"wp-block-heading has-background\" style=\"background:linear-gradient(270deg,rgb(238,238,238) 0%,rgb(169,184,195) 100%)\">El proyecto:<\/h2>\n\n\n\n<h3 class=\"wp-block-heading\" style=\"font-style:italic;font-weight:400\">Enviar pulgones y pupas de s\u00edrfidos (enemigos naturales del pulg\u00f3n) a la estratosfera.<\/h3>\n\n\n\n<p>Este proyecto tiene su origen en la necesidad de comprender c\u00f3mo la <strong>exposici\u00f3n a condiciones extremas<\/strong> afecta a la biolog\u00eda y el comportamiento de los insectos, lo cual podr\u00eda tener implicaciones en diversos campos, como la biolog\u00eda, la ecolog\u00eda y la exploraci\u00f3n espacial.<\/p>\n\n\n<div class=\"wp-block-image\">\n<figure class=\"aligncenter size-large\"><img loading=\"lazy\" decoding=\"async\" width=\"1024\" height=\"312\" src=\"https:\/\/site.educa.madrid.org\/ies.malasana.mostoles\/\/wp-content\/uploads\/ies.malasana.mostoles\/2024\/06\/SCR-20240605-mooc-1024x312.png\" alt=\"\" class=\"wp-image-4151\" srcset=\"https:\/\/site.educa.madrid.org\/ies.malasana.mostoles\/\/wp-content\/uploads\/ies.malasana.mostoles\/2024\/06\/SCR-20240605-mooc-1024x312.png 1024w, https:\/\/site.educa.madrid.org\/ies.malasana.mostoles\/\/wp-content\/uploads\/ies.malasana.mostoles\/2024\/06\/SCR-20240605-mooc-300x92.png 300w, https:\/\/site.educa.madrid.org\/ies.malasana.mostoles\/\/wp-content\/uploads\/ies.malasana.mostoles\/2024\/06\/SCR-20240605-mooc-768x234.png 768w, https:\/\/site.educa.madrid.org\/ies.malasana.mostoles\/\/wp-content\/uploads\/ies.malasana.mostoles\/2024\/06\/SCR-20240605-mooc.png 1236w\" sizes=\"auto, (max-width: 1024px) 100vw, 1024px\" \/><\/figure>\n<\/div>\n\n\n<p><\/p>\n\n\n\n<p><\/p>\n\n\n\n<h2 class=\"wp-block-heading\">1) Etapa inicial<\/h2>\n\n\n\n<h3 class=\"wp-block-heading\" style=\"font-style:italic;font-weight:400\">a) Fase de dise\u00f1o de la caja:<\/h3>\n\n\n\n<p>Un grupo de alumnos de la asignatura de <strong>Proyecto de Innovaci\u00f3n Tecnol\u00f3gica de 4\u00ba ESO<\/strong> se encargar\u00e1 de dise\u00f1ar una caja con <strong>impresi\u00f3n 3D<\/strong> de contenci\u00f3n que garantice la seguridad y el bienestar de los pulgones y s\u00edrfidos durante el viaje a la estratosfera.<\/p>\n\n\n\n<h3 class=\"wp-block-heading\" style=\"font-style:italic;font-weight:400\">b) Fase de desarrollo y reproducci\u00f3n de nuestra poblaci\u00f3n de pulgones:<\/h3>\n\n\n\n<p>Los alumnos de Biolog\u00eda de 1\u00ba ESO seguir\u00e1n las indicaciones de nuestros mentores para <strong>criar pulgones y estudiar su ciclo vital<\/strong>. Tambi\u00e9n investigar\u00e1n el ciclo vital del s\u00edrfido <em>Sphaerophoria rueppellii<\/em>, <strong>depredador natural de los pulgones<\/strong>, para comprender mejor las interacciones entre las especies.<\/p>\n\n\n\n<p><\/p>\n\n\n\n<p><\/p>\n\n\n\n<h2 class=\"wp-block-heading\">2) Etapa del experimento<\/h2>\n\n\n\n<p>Se realizar\u00e1 la selecci\u00f3n de \u00ab<strong>pulgonautas<\/strong>\u00bb de aproximadamente 9 d\u00edas de edad, que se introducir\u00e1n en la caja de metacrilato junto con alimento. Durante el trayecto se monitorizar\u00e1n las magnitudes de presi\u00f3n, temperatura y altitud de la caja.<\/p>\n\n\n\n<p>De manera paralela, en la superficie terrestre, tendremos la <strong>poblaci\u00f3n de control<\/strong>, compuesta por pulgones de la misma edad. En la caja tambi\u00e9n se enviar\u00e1n s\u00edrfidos en estado de pupa, mientras se mantiene en tierra otro grupo de control.<\/p>\n\n\n<div class=\"wp-block-image\">\n<figure class=\"aligncenter size-large\"><img loading=\"lazy\" decoding=\"async\" width=\"1024\" height=\"268\" src=\"https:\/\/site.educa.madrid.org\/ies.malasana.mostoles\/\/wp-content\/uploads\/ies.malasana.mostoles\/2024\/06\/SCR-20240605-moyw-1024x268.jpeg\" alt=\"\" class=\"wp-image-4153\" srcset=\"https:\/\/site.educa.madrid.org\/ies.malasana.mostoles\/\/wp-content\/uploads\/ies.malasana.mostoles\/2024\/06\/SCR-20240605-moyw-1024x268.jpeg 1024w, https:\/\/site.educa.madrid.org\/ies.malasana.mostoles\/\/wp-content\/uploads\/ies.malasana.mostoles\/2024\/06\/SCR-20240605-moyw-300x78.jpeg 300w, https:\/\/site.educa.madrid.org\/ies.malasana.mostoles\/\/wp-content\/uploads\/ies.malasana.mostoles\/2024\/06\/SCR-20240605-moyw-768x201.jpeg 768w, https:\/\/site.educa.madrid.org\/ies.malasana.mostoles\/\/wp-content\/uploads\/ies.malasana.mostoles\/2024\/06\/SCR-20240605-moyw.jpeg 1223w\" sizes=\"auto, (max-width: 1024px) 100vw, 1024px\" \/><\/figure>\n<\/div>\n\n\n<p><\/p>\n\n\n\n<p><\/p>\n\n\n\n<h2 class=\"wp-block-heading\">3) Etapa de medida de variables vitales de los pulgonautas<\/h2>\n\n\n\n<p>Si los \u00abpulgonautas\u00bb sobreviven, se har\u00e1 un seguimiento de los mismos para detectar los <strong>efectos que el viaje ha podido causar<\/strong> sobre ellos. Montaremos un ensayo de antibiosis para evaluar la capacidad reproductiva del insecto compar\u00e1ndolo con nuestro control. La duraci\u00f3n del experimento ser\u00e1 de unos 20 d\u00edas.<\/p>\n\n\n<div class=\"wp-block-image\">\n<figure class=\"aligncenter size-full\"><img loading=\"lazy\" decoding=\"async\" width=\"900\" height=\"580\" src=\"https:\/\/site.educa.madrid.org\/ies.malasana.mostoles\/\/wp-content\/uploads\/ies.malasana.mostoles\/2024\/06\/SCR-20240605-mpfs.png\" alt=\"\" class=\"wp-image-4154\" srcset=\"https:\/\/site.educa.madrid.org\/ies.malasana.mostoles\/\/wp-content\/uploads\/ies.malasana.mostoles\/2024\/06\/SCR-20240605-mpfs.png 900w, https:\/\/site.educa.madrid.org\/ies.malasana.mostoles\/\/wp-content\/uploads\/ies.malasana.mostoles\/2024\/06\/SCR-20240605-mpfs-300x193.png 300w, https:\/\/site.educa.madrid.org\/ies.malasana.mostoles\/\/wp-content\/uploads\/ies.malasana.mostoles\/2024\/06\/SCR-20240605-mpfs-768x495.png 768w\" sizes=\"auto, (max-width: 900px) 100vw, 900px\" \/><\/figure>\n<\/div>\n\n\n<p><\/p>\n\n\n\n<p><\/p>\n\n\n\n<h2 class=\"wp-block-heading\">4) Etapa de an\u00e1lisis de los resultados y publicaci\u00f3n<\/h2>\n\n\n\n<p>Los datos se volcar\u00e1n en tablas y se realizar\u00e1n representaciones gr\u00e1ficas, tratando de encontrar alguna pauta que indique los efectos de la estancia en la estratosfera en nuestros \u00abpulgonautas\u00bb.<\/p>\n\n\n\n<p>Adem\u00e1s, se redactar\u00e1 un informe final que documente nuestros resultados, public\u00e1ndolo en nuestros medios digitales.<\/p>\n\n\n<div class=\"wp-block-image\">\n<figure class=\"aligncenter size-large\"><img loading=\"lazy\" decoding=\"async\" width=\"1024\" height=\"468\" src=\"https:\/\/site.educa.madrid.org\/ies.malasana.mostoles\/\/wp-content\/uploads\/ies.malasana.mostoles\/2024\/06\/SCR-20240605-mpji-1024x468.png\" alt=\"\" class=\"wp-image-4157\" srcset=\"https:\/\/site.educa.madrid.org\/ies.malasana.mostoles\/\/wp-content\/uploads\/ies.malasana.mostoles\/2024\/06\/SCR-20240605-mpji-1024x468.png 1024w, https:\/\/site.educa.madrid.org\/ies.malasana.mostoles\/\/wp-content\/uploads\/ies.malasana.mostoles\/2024\/06\/SCR-20240605-mpji-300x137.png 300w, https:\/\/site.educa.madrid.org\/ies.malasana.mostoles\/\/wp-content\/uploads\/ies.malasana.mostoles\/2024\/06\/SCR-20240605-mpji-768x351.png 768w, https:\/\/site.educa.madrid.org\/ies.malasana.mostoles\/\/wp-content\/uploads\/ies.malasana.mostoles\/2024\/06\/SCR-20240605-mpji.png 1237w\" sizes=\"auto, (max-width: 1024px) 100vw, 1024px\" \/><\/figure>\n<\/div>\n\n\n<p><\/p>\n\n\n\n<p><\/p>\n\n\n\n<h2 class=\"wp-block-heading has-background\" style=\"background:linear-gradient(270deg,rgb(238,238,238) 0%,rgb(169,184,195) 100%)\">Realidad virtual<\/h2>\n\n\n\n<p dir=\"ltr\" style=\"text-align: left;\">S\u00eflfidos Vs Pulgonautas: Misi\u00f3n Espacial.<\/p>\n<p dir=\"ltr\" style=\"text-align: left;\"><br><\/p>\n<iframe loading=\"lazy\" src=\"https:\/\/bdosantos.github.io\/Mision_EstratosferaII\/\" width=\"800\" height=\"600\" frameborder=\"0\" scrolling=\"no\"><\/iframe>\n\n\n\n<div class=\"wp-block-buttons is-horizontal is-content-justification-center is-layout-flex wp-container-core-buttons-is-layout-499968f5 wp-block-buttons-is-layout-flex\">\n<div class=\"wp-block-button is-style-outline is-style-outline--1\"><a class=\"wp-block-button__link has-black-color has-text-color wp-element-button\" href=\"https:\/\/bdosantos.github.io\/Mision_EstratosferaII\/\" style=\"border-top-left-radius:40px;border-top-right-radius:20px;border-bottom-left-radius:20px;border-bottom-right-radius:40px\">Enlace a la realidad virtual<\/a><\/div>\n<\/div>\n\n\n\n<p><\/p>\n\n\n\n<p><\/p>\n\n\n\n<h2 class=\"wp-block-heading has-background\" style=\"background:linear-gradient(270deg,rgb(238,238,238) 0%,rgb(169,184,195) 100%)\">Enlaces<\/h2>\n\n\n\n<p>Consulta toda la informaci\u00f3n que publicamos el d\u00eda del lanzamiento:<\/p>\n\n\n\n<div class=\"wp-block-buttons is-horizontal is-content-justification-center is-layout-flex wp-container-core-buttons-is-layout-499968f5 wp-block-buttons-is-layout-flex\">\n<div class=\"wp-block-button is-style-outline is-style-outline--2\"><a class=\"wp-block-button__link has-black-color has-text-color wp-element-button\" href=\"https:\/\/site.educa.madrid.org\/ies.malasana.mostoles\/index.php\/2024\/06\/01\/tu-experimento-en-globo-sonda-2024\/\" style=\"border-top-left-radius:40px;border-top-right-radius:20px;border-bottom-left-radius:20px;border-bottom-right-radius:40px\">D\u00eda del lanzamiento<\/a><\/div>\n<\/div>\n\n\n\n<p><\/p>\n\n\n\n<p><\/p>\n","protected":false},"excerpt":{"rendered":"<p>El IES Manuela Malasa\u00f1a ha sido seleccionado, junto con unos pocos centros m\u00e1s de la Comunidad de Madrid, para trabajar en el proyecto STEM \u201cTu experimento en un globo sonda\u201d &#8230;<\/p>\n","protected":false},"author":2,"featured_media":3913,"parent":0,"menu_order":0,"comment_status":"closed","ping_status":"closed","template":"","meta":{"footnotes":""},"folder":[],"class_list":["post-3972","page","type-page","status-publish","has-post-thumbnail","hentry"],"rttpg_featured_image_url":{"full":["https:\/\/site.educa.madrid.org\/ies.malasana.mostoles\/\/wp-content\/uploads\/ies.malasana.mostoles\/2024\/05\/Pulgonautas-web.png",1200,628,false],"landscape":["https:\/\/site.educa.madrid.org\/ies.malasana.mostoles\/\/wp-content\/uploads\/ies.malasana.mostoles\/2024\/05\/Pulgonautas-web.png",1200,628,false],"portraits":["https:\/\/site.educa.madrid.org\/ies.malasana.mostoles\/\/wp-content\/uploads\/ies.malasana.mostoles\/2024\/05\/Pulgonautas-web.png",1200,628,false],"thumbnail":["https:\/\/site.educa.madrid.org\/ies.malasana.mostoles\/\/wp-content\/uploads\/ies.malasana.mostoles\/2024\/05\/Pulgonautas-web-150x150.png",150,150,true],"medium":["https:\/\/site.educa.madrid.org\/ies.malasana.mostoles\/\/wp-content\/uploads\/ies.malasana.mostoles\/2024\/05\/Pulgonautas-web-300x157.png",300,157,true],"large":["https:\/\/site.educa.madrid.org\/ies.malasana.mostoles\/\/wp-content\/uploads\/ies.malasana.mostoles\/2024\/05\/Pulgonautas-web-1024x536.png",800,419,true],"thumblist":["https:\/\/site.educa.madrid.org\/ies.malasana.mostoles\/\/wp-content\/uploads\/ies.malasana.mostoles\/2024\/05\/Pulgonautas-web-300x300.png",300,300,true],"thumbrelated":["https:\/\/site.educa.madrid.org\/ies.malasana.mostoles\/\/wp-content\/uploads\/ies.malasana.mostoles\/2024\/05\/Pulgonautas-web.png",500,262,false],"meccarouselthumb":["https:\/\/site.educa.madrid.org\/ies.malasana.mostoles\/\/wp-content\/uploads\/ies.malasana.mostoles\/2024\/05\/Pulgonautas-web-474x324.png",474,324,true],"gridsquare":["https:\/\/site.educa.madrid.org\/ies.malasana.mostoles\/\/wp-content\/uploads\/ies.malasana.mostoles\/2024\/05\/Pulgonautas-web-391x260.png",391,260,true],"tileview":["https:\/\/site.educa.madrid.org\/ies.malasana.mostoles\/\/wp-content\/uploads\/ies.malasana.mostoles\/2024\/05\/Pulgonautas-web-300x400.png",300,400,true],"1536x1536":["https:\/\/site.educa.madrid.org\/ies.malasana.mostoles\/\/wp-content\/uploads\/ies.malasana.mostoles\/2024\/05\/Pulgonautas-web.png",1200,628,false],"2048x2048":["https:\/\/site.educa.madrid.org\/ies.malasana.mostoles\/\/wp-content\/uploads\/ies.malasana.mostoles\/2024\/05\/Pulgonautas-web.png",1200,628,false],"onepress-blog-small":["https:\/\/site.educa.madrid.org\/ies.malasana.mostoles\/\/wp-content\/uploads\/ies.malasana.mostoles\/2024\/05\/Pulgonautas-web-300x150.png",300,150,true],"onepress-small":["https:\/\/site.educa.madrid.org\/ies.malasana.mostoles\/\/wp-content\/uploads\/ies.malasana.mostoles\/2024\/05\/Pulgonautas-web-480x300.png",480,300,true],"onepress-medium":["https:\/\/site.educa.madrid.org\/ies.malasana.mostoles\/\/wp-content\/uploads\/ies.malasana.mostoles\/2024\/05\/Pulgonautas-web-640x400.png",640,400,true],"sow-carousel-default":["https:\/\/site.educa.madrid.org\/ies.malasana.mostoles\/\/wp-content\/uploads\/ies.malasana.mostoles\/2024\/05\/Pulgonautas-web-272x182.png",272,182,true],"sow-post-carousel-overlay-theme":["https:\/\/site.educa.madrid.org\/ies.malasana.mostoles\/\/wp-content\/uploads\/ies.malasana.mostoles\/2024\/05\/Pulgonautas-web.png",360,188,false],"sow-post-carousel-cards-theme":["https:\/\/site.educa.madrid.org\/ies.malasana.mostoles\/\/wp-content\/uploads\/ies.malasana.mostoles\/2024\/05\/Pulgonautas-web.png",360,188,false],"rt_custom":["https:\/\/site.educa.madrid.org\/ies.malasana.mostoles\/\/wp-content\/uploads\/ies.malasana.mostoles\/2024\/05\/Pulgonautas-web.png",1200,628,false]},"rttpg_author":{"display_name":"Coordinador TIC del IES Manuela Malasa\u00f1a","author_link":"https:\/\/site.educa.madrid.org\/ies.malasana.mostoles\/index.php\/author\/cuenta_tic-ies-malasana-mostoles\/"},"rttpg_comment":0,"rttpg_category":false,"rttpg_excerpt":"El IES Manuela Malasa\u00f1a ha sido seleccionado, junto con unos pocos centros m\u00e1s de la Comunidad de Madrid, para trabajar en el proyecto STEM \u201cTu experimento en un globo sonda\u201d ...","post_mailing_queue_ids":[],"_links":{"self":[{"href":"https:\/\/site.educa.madrid.org\/ies.malasana.mostoles\/index.php\/wp-json\/wp\/v2\/pages\/3972","targetHints":{"allow":["GET"]}}],"collection":[{"href":"https:\/\/site.educa.madrid.org\/ies.malasana.mostoles\/index.php\/wp-json\/wp\/v2\/pages"}],"about":[{"href":"https:\/\/site.educa.madrid.org\/ies.malasana.mostoles\/index.php\/wp-json\/wp\/v2\/types\/page"}],"author":[{"embeddable":true,"href":"https:\/\/site.educa.madrid.org\/ies.malasana.mostoles\/index.php\/wp-json\/wp\/v2\/users\/2"}],"replies":[{"embeddable":true,"href":"https:\/\/site.educa.madrid.org\/ies.malasana.mostoles\/index.php\/wp-json\/wp\/v2\/comments?post=3972"}],"version-history":[{"count":27,"href":"https:\/\/site.educa.madrid.org\/ies.malasana.mostoles\/index.php\/wp-json\/wp\/v2\/pages\/3972\/revisions"}],"predecessor-version":[{"id":4189,"href":"https:\/\/site.educa.madrid.org\/ies.malasana.mostoles\/index.php\/wp-json\/wp\/v2\/pages\/3972\/revisions\/4189"}],"wp:featuredmedia":[{"embeddable":true,"href":"https:\/\/site.educa.madrid.org\/ies.malasana.mostoles\/index.php\/wp-json\/wp\/v2\/media\/3913"}],"wp:attachment":[{"href":"https:\/\/site.educa.madrid.org\/ies.malasana.mostoles\/index.php\/wp-json\/wp\/v2\/media?parent=3972"}],"wp:term":[{"taxonomy":"folder","embeddable":true,"href":"https:\/\/site.educa.madrid.org\/ies.malasana.mostoles\/index.php\/wp-json\/wp\/v2\/folder?post=3972"}],"curies":[{"name":"wp","href":"https:\/\/api.w.org\/{rel}","templated":true}]}}