{"id":3999,"date":"2024-05-30T07:19:47","date_gmt":"2024-05-30T05:19:47","guid":{"rendered":"https:\/\/site.educa.madrid.org\/ies.malasana.mostoles\/?page_id=3999"},"modified":"2024-05-30T07:38:26","modified_gmt":"2024-05-30T05:38:26","slug":"admision-en-las-universidades-publicas-de-madrid","status":"publish","type":"page","link":"https:\/\/site.educa.madrid.org\/ies.malasana.mostoles\/index.php\/ensenanzas\/bachillerato\/admision-en-las-universidades-publicas-de-madrid\/","title":{"rendered":"Admisi\u00f3n en las universidades p\u00fablicas de Madrid"},"content":{"rendered":"\t\t\t<!-- Flexy Breadcrumb -->\n\t\t\t<div class=\"fbc fbc-page\">\n\n\t\t\t\t<!-- Breadcrumb wrapper -->\n\t\t\t\t<div class=\"fbc-wrap\">\n\n\t\t\t\t\t<!-- Ordered list-->\n\t\t\t\t\t<ol class=\"fbc-items\" itemscope itemtype=\"https:\/\/schema.org\/BreadcrumbList\">\n\t\t\t\t\t\t            <li itemprop=\"itemListElement\" itemscope itemtype=\"https:\/\/schema.org\/ListItem\">\n                <span itemprop=\"name\">\n                    <!-- Home Link -->\n                    <a itemprop=\"item\" href=\"https:\/\/site.educa.madrid.org\/ies.malasana.mostoles\">\n                    \n                                                    <i class=\"fa fa fa-home\" aria-hidden=\"true\"><\/i>                    <\/a>\n                <\/span>\n                <meta itemprop=\"position\" content=\"1\" \/><!-- Meta Position-->\n             <\/li><li><span class=\"fbc-separator\">><\/span><\/li><li class=\"active\" itemprop=\"itemListElement\" itemscope itemtype=\"https:\/\/schema.org\/ListItem\"><span itemprop=\"name\" title=\"Tabl\u00f3n de anuncios\">Tabl\u00f3n de anuncios<\/span><meta itemprop=\"position\" content=\"2\" \/><\/li>\t\t\t\t\t<\/ol>\n\t\t\t\t\t<div class=\"clearfix\"><\/div>\n\t\t\t\t<\/div>\n\t\t\t<\/div>\n\t\t\t\n\n\n\n<p>Para solicitar plaza en las universidades p\u00fablicas de Madrid con selectividad, FP o titulaci\u00f3n universitaria, debes rellenar una sola&nbsp;<strong>solicitud on-line<\/strong>, pidiendo hasta 12 estudios por orden de preferencia de entre todos los ofertados en las seis universidades.<\/p>\n\n\n\n<p class=\"has-text-align-center has-black-color has-luminous-vivid-amber-background-color has-text-color has-background\"><strong>Fechas preinscripci\u00f3n 2024<\/strong><\/p>\n\n\n\n<p>A continuaci\u00f3n pod\u00e9is ver las fechas para la preinscripci\u00f3n en las universidades p\u00fablicas de Madrid.<\/p>\n\n\n\n<ul class=\"wp-block-list\">\n<li>Del 7 de junio al 28 de junio: a partir del <strong>14 de junio<\/strong> alumnos EVAU.<\/li>\n\n\n\n<li>Publicaci\u00f3n lista de admitidos: <strong>12 de julio<\/strong>.<\/li>\n\n\n\n<li>Plazo de reclamaci\u00f3n: 12, 15 y 16.&nbsp;<\/li>\n<\/ul>\n\n\n\n<h2 class=\"wp-block-heading has-very-light-gray-to-cyan-bluish-gray-gradient-background has-background\">Admisi\u00f3n en las universidades p\u00fablicas de Madrid<\/h2>\n\n\n\n<p>DISTRITO \u00daNICO Y ABIERTO: a&nbsp;efectos del procedimiento de ingreso, las <strong>universidades p\u00fablicas de Madrid<\/strong> (Alcal\u00e1, Aut\u00f3noma, Carlos III, Complutense, Polit\u00e9cnica y Rey Juan Carlos), <strong>tienen consideraci\u00f3n de una \u00fanica universidad y constituyen un Distrito \u00danico<\/strong>.<\/p>\n\n\n\n<p>Esto significa que los alumnos deben realizar&nbsp;<a href=\"https:\/\/admdum.ucm.es\/admdum\/\">UNA SOLA SOLICITUD<\/a>&nbsp;en la que relacionar\u00e1n, por orden de preferencia, los estudios que deseen iniciar entre todos los ofertados por las seis universidades. Antes de cumplimentar la solicitud de preinscripci\u00f3n, debes consultar las&nbsp;<a href=\"https:\/\/www.ucm.es\/file\/libro-de-normas-2023-2024-aprobado-definitivo?ver\">\u00abNormas de solicitud de ingreso\u00bb<\/a>.<\/p>\n\n\n\n<p>El cien por cien de las plazas de todos los estudios de Madrid se ofertan por DISTRITO ABIERTO, en igualdad de condiciones para todos los alumnos sin tener en cuenta su distrito de procedencia o el lugar en que residan.<\/p>\n\n\n\n<div class=\"wp-block-buttons is-content-justification-center is-layout-flex wp-container-core-buttons-is-layout-16018d1d wp-block-buttons-is-layout-flex\">\n<div class=\"wp-block-button is-style-outline is-style-outline--1\"><a class=\"wp-block-button__link has-black-color has-text-color wp-element-button\" href=\"https:\/\/admdum.ucm.es\/admdum\/\">ACCEDE A LA SOLICITUD DE PREINSCRIPCI\u00d3N<\/a><\/div>\n<\/div>\n\n\n\n<p><\/p>\n\n\n\n<h2 class=\"wp-block-heading has-black-color has-very-light-gray-to-cyan-bluish-gray-gradient-background has-text-color has-background\">Enlaces de inter\u00e9s<\/h2>\n\n\n\n<div class=\"wp-block-columns is-layout-flex wp-container-core-columns-is-layout-9d6595d7 wp-block-columns-is-layout-flex\">\n<div class=\"wp-block-column is-layout-flow wp-block-column-is-layout-flow\">\n<p>Las universidades de la Comunidad de Madrid imparten cerca de 500 grados oficiales; descubre el tuyo.<\/p>\n\n\n\n<div class=\"wp-block-buttons is-content-justification-center is-layout-flex wp-container-core-buttons-is-layout-16018d1d wp-block-buttons-is-layout-flex\">\n<div class=\"wp-block-button is-style-outline is-style-outline--2\"><a class=\"wp-block-button__link has-black-color has-text-color wp-element-button\">OFERTA DE ESTUDIOS 2024-25<\/a><\/div>\n<\/div>\n<\/div>\n\n\n\n<div class=\"wp-block-column is-layout-flow wp-block-column-is-layout-flow\">\n<p>Simulador para el c\u00e1lculo de notas de admisi\u00f3n a las\u00a0<em>universidades<\/em>\u00a0p\u00fablicas de la Comunidad de Madrid.<\/p>\n\n\n\n<div class=\"wp-block-buttons is-content-justification-center is-layout-flex wp-container-core-buttons-is-layout-16018d1d wp-block-buttons-is-layout-flex\">\n<div class=\"wp-block-button is-style-outline is-style-outline--3\"><a class=\"wp-block-button__link has-black-color has-text-color wp-element-button\">CALCULADORA ACCESO UNIVERSIDAD<\/a><\/div>\n<\/div>\n<\/div>\n<\/div>\n\n\n\n<p><\/p>\n\n\n\n<h2 class=\"wp-block-heading has-black-color has-very-light-gray-to-cyan-bluish-gray-gradient-background has-text-color has-background\">Informaci\u00f3n universidades p\u00fablicas de Madrid<\/h2>\n\n\n\n<div class=\"wp-block-columns is-layout-flex wp-container-core-columns-is-layout-9d6595d7 wp-block-columns-is-layout-flex\">\n<div class=\"wp-block-column is-layout-flow wp-block-column-is-layout-flow\">\n<p><strong>Universidad de Alcal\u00e1<\/strong><\/p>\n\n\n\n<p>Tfno: 91 885 50 00<br><a href=\"http:\/\/www.uah.es\/es\/admision-y-ayudas\/grados\/admision\/\">www.uah.es\/es\/admision-y-ayudas\/grados\/admision\/<\/a><br><a href=\"mailto:seccion.acceso@uah.es\">seccion.acceso@uah.es<\/a><\/p>\n\n\n\n<p><strong>Universidad Aut\u00f3noma de Madrid<\/strong><\/p>\n\n\n\n<p>Tfnos: 91 497 50 15 \/\/ 91 497 49 90<br><a href=\"http:\/\/www.uam.es\/uam\/admision-grado\">www.uam.es\/uam\/admision-grado<\/a><br><a href=\"http:\/\/www.uam.es\/uam\/estudios\/futuros-estudiantes\">www.uam.es\/uam\/estudios\/futuros-estudiantes<\/a><br><a href=\"mailto:informacion.estudiante@uam.es\">informacion.estudiante@uam.es<\/a><\/p>\n\n\n\n<p><strong>Universidad Carlos III de Madrid<\/strong><\/p>\n\n\n\n<p>Tfno: 91 624 60 00<br><a href=\"http:\/\/www.uc3m.es\/grado\">www.uc3m.es\/grado<\/a><br><a href=\"http:\/\/www.uc3m.es\/contacta\">www.uc3m.es\/contacta<\/a><\/p>\n<\/div>\n\n\n\n<div class=\"wp-block-column is-layout-flow wp-block-column-is-layout-flow\">\n<p><strong>Universidad Complutense de Madrid<\/strong><\/p>\n\n\n\n<p>Tfno: 91 394 12 79<br><a href=\"http:\/\/www.ucm.es\/admision-a-grado\">www.ucm.es\/admision-a-grado<\/a><br><a href=\"http:\/\/www.ucm.es\/contacta-con-admision\">www.ucm.es\/contacta-con-admision<\/a><\/p>\n\n\n\n<p><strong>Universidad Polit\u00e9cnica de Madrid<\/strong><\/p>\n\n\n\n<p>Tfno: 91 067 00 05<br><a href=\"https:\/\/admision.upm.es\/grado\">admision.upm.es\/grado<\/a><br><a href=\"mailto:admisiongrado@upm.es\">admisiongrado@upm.es<\/a><\/p>\n\n\n\n<p><strong>Universidad Rey Juan Carlos<\/strong><\/p>\n\n\n\n<p>Tfno: 91 488 93 93<br><a href=\"https:\/\/www.urjc.es\/estudiar-en-la-urjc\/admision#procedimientos-de-ingreso\">www.urjc.es\/estudiar-en-la-urjc\/admision#procedimientos-de-ingreso<\/a><br><a href=\"http:\/\/www.urjc.es\/contacto\">www.urjc.es\/contacto<\/a><\/p>\n<\/div>\n<\/div>\n\n\n\n<hr class=\"wp-block-separator has-alpha-channel-opacity is-style-dots\"\/>\n\n\n\n<div class=\"wp-block-buttons is-content-justification-center is-layout-flex wp-container-core-buttons-is-layout-16018d1d wp-block-buttons-is-layout-flex\">\n<div class=\"wp-block-button is-style-outline is-style-outline--4\"><a class=\"wp-block-button__link has-black-color has-text-color wp-element-button\" href=\"https:\/\/www.comunidad.madrid\/servicios\/educacion\/solicitud-plaza-universitaria-preinscripcion\">CONSULTA AQU\u00cd TODA LA INFORMACI\u00d3N<\/a><\/div>\n<\/div>\n\n\n\n<p><\/p>\n","protected":false},"excerpt":{"rendered":"<p>Para solicitar plaza en las universidades p\u00fablicas de Madrid con selectividad, FP o titulaci\u00f3n universitaria, debes rellenar una sola&nbsp;solicitud on-line, pidiendo hasta 12 estudios por orden de preferencia de entre &#8230;<\/p>\n","protected":false},"author":2,"featured_media":0,"parent":294,"menu_order":0,"comment_status":"closed","ping_status":"closed","template":"","meta":{"footnotes":""},"folder":[],"class_list":["post-3999","page","type-page","status-publish","hentry"],"rttpg_featured_image_url":null,"rttpg_author":{"display_name":"Coordinador TIC del IES Manuela Malasa\u00f1a","author_link":"https:\/\/site.educa.madrid.org\/ies.malasana.mostoles\/index.php\/author\/cuenta_tic-ies-malasana-mostoles\/"},"rttpg_comment":0,"rttpg_category":false,"rttpg_excerpt":"Para solicitar plaza en las universidades p\u00fablicas de Madrid con selectividad, FP o titulaci\u00f3n universitaria, debes rellenar una sola&nbsp;solicitud on-line, pidiendo hasta 12 estudios por orden de preferencia de entre ...","post_mailing_queue_ids":[],"_links":{"self":[{"href":"https:\/\/site.educa.madrid.org\/ies.malasana.mostoles\/index.php\/wp-json\/wp\/v2\/pages\/3999","targetHints":{"allow":["GET"]}}],"collection":[{"href":"https:\/\/site.educa.madrid.org\/ies.malasana.mostoles\/index.php\/wp-json\/wp\/v2\/pages"}],"about":[{"href":"https:\/\/site.educa.madrid.org\/ies.malasana.mostoles\/index.php\/wp-json\/wp\/v2\/types\/page"}],"author":[{"embeddable":true,"href":"https:\/\/site.educa.madrid.org\/ies.malasana.mostoles\/index.php\/wp-json\/wp\/v2\/users\/2"}],"replies":[{"embeddable":true,"href":"https:\/\/site.educa.madrid.org\/ies.malasana.mostoles\/index.php\/wp-json\/wp\/v2\/comments?post=3999"}],"version-history":[{"count":6,"href":"https:\/\/site.educa.madrid.org\/ies.malasana.mostoles\/index.php\/wp-json\/wp\/v2\/pages\/3999\/revisions"}],"predecessor-version":[{"id":4018,"href":"https:\/\/site.educa.madrid.org\/ies.malasana.mostoles\/index.php\/wp-json\/wp\/v2\/pages\/3999\/revisions\/4018"}],"up":[{"embeddable":true,"href":"https:\/\/site.educa.madrid.org\/ies.malasana.mostoles\/index.php\/wp-json\/wp\/v2\/pages\/294"}],"wp:attachment":[{"href":"https:\/\/site.educa.madrid.org\/ies.malasana.mostoles\/index.php\/wp-json\/wp\/v2\/media?parent=3999"}],"wp:term":[{"taxonomy":"folder","embeddable":true,"href":"https:\/\/site.educa.madrid.org\/ies.malasana.mostoles\/index.php\/wp-json\/wp\/v2\/folder?post=3999"}],"curies":[{"name":"wp","href":"https:\/\/api.w.org\/{rel}","templated":true}]}}