{"id":4681,"date":"2025-02-12T12:21:23","date_gmt":"2025-02-12T11:21:23","guid":{"rendered":"https:\/\/site.educa.madrid.org\/ies.malasana.mostoles\/?page_id=4681"},"modified":"2025-02-12T13:52:40","modified_gmt":"2025-02-12T12:52:40","slug":"plan-regional-contra-las-drogas-de-la-comunidad-de-madrid","status":"publish","type":"page","link":"https:\/\/site.educa.madrid.org\/ies.malasana.mostoles\/index.php\/plan-regional-contra-las-drogas-de-la-comunidad-de-madrid\/","title":{"rendered":"Plan Regional contra las drogas de la Comunidad de Madrid"},"content":{"rendered":"\n<p><\/p>\n\n\n\n<p><\/p>\n\n\n\n<p>El consumo de drogas es un grave problema con repercusiones, tanto en la persona que las consume, como<br>en el conjunto de la sociedad. El gobierno regional afronta el desaf\u00edo de realizar una labor de car\u00e1cter social y<br>preventiva, con la finalidad de eliminar o modificar los factores de riesgo y fomentar factores de protecci\u00f3n<br>frente al consumo de drogas. Es por ello que, se ha aprobado el Plan Regional contra las drogas de la<br>Comunidad de Madrid y, desde la Consejer\u00eda competente en materia de Educaci\u00f3n de la Comunidad de<br>Madrid, se han desarrollado actuaciones unificadas y coordinadas para frenar y erradicar actitudes en relaci\u00f3n<br>con el consumo de drogas.<\/p>\n\n\n\n<h2 class=\"wp-block-heading\">Buz\u00f3n de denuncias<\/h2>\n\n\n\n<p>Buz\u00f3n de denuncias garantizar\u00e1 el anonimato, as\u00ed como las actuaciones derivadas de las mismas<br>bajo el principio de confidencialidad y sigilo en la toma de decisiones.<\/p>\n\n\n<div class=\"wp-block-image\">\n<figure class=\"aligncenter size-medium\"><img loading=\"lazy\" decoding=\"async\" width=\"239\" height=\"300\" src=\"https:\/\/site.educa.madrid.org\/ies.malasana.mostoles\/\/wp-content\/uploads\/ies.malasana.mostoles\/2025\/02\/image-3-239x300.png\" alt=\"\" class=\"wp-image-4685\" srcset=\"https:\/\/site.educa.madrid.org\/ies.malasana.mostoles\/\/wp-content\/uploads\/ies.malasana.mostoles\/2025\/02\/image-3-239x300.png 239w, https:\/\/site.educa.madrid.org\/ies.malasana.mostoles\/\/wp-content\/uploads\/ies.malasana.mostoles\/2025\/02\/image-3.png 696w\" sizes=\"auto, (max-width: 239px) 100vw, 239px\" \/><\/figure>\n<\/div>","protected":false},"excerpt":{"rendered":"<p>El consumo de drogas es un grave problema con repercusiones, tanto en la persona que las consume, comoen el conjunto de la sociedad. El gobierno regional afronta el desaf\u00edo de &#8230;<\/p>\n","protected":false},"author":2,"featured_media":0,"parent":0,"menu_order":0,"comment_status":"closed","ping_status":"closed","template":"","meta":{"footnotes":""},"folder":[],"class_list":["post-4681","page","type-page","status-publish","hentry"],"rttpg_featured_image_url":null,"rttpg_author":{"display_name":"Coordinador TIC del IES Manuela Malasa\u00f1a","author_link":"https:\/\/site.educa.madrid.org\/ies.malasana.mostoles\/index.php\/author\/cuenta_tic-ies-malasana-mostoles\/"},"rttpg_comment":0,"rttpg_category":false,"rttpg_excerpt":"El consumo de drogas es un grave problema con repercusiones, tanto en la persona que las consume, comoen el conjunto de la sociedad. El gobierno regional afronta el desaf\u00edo de ...","post_mailing_queue_ids":[],"_links":{"self":[{"href":"https:\/\/site.educa.madrid.org\/ies.malasana.mostoles\/index.php\/wp-json\/wp\/v2\/pages\/4681","targetHints":{"allow":["GET"]}}],"collection":[{"href":"https:\/\/site.educa.madrid.org\/ies.malasana.mostoles\/index.php\/wp-json\/wp\/v2\/pages"}],"about":[{"href":"https:\/\/site.educa.madrid.org\/ies.malasana.mostoles\/index.php\/wp-json\/wp\/v2\/types\/page"}],"author":[{"embeddable":true,"href":"https:\/\/site.educa.madrid.org\/ies.malasana.mostoles\/index.php\/wp-json\/wp\/v2\/users\/2"}],"replies":[{"embeddable":true,"href":"https:\/\/site.educa.madrid.org\/ies.malasana.mostoles\/index.php\/wp-json\/wp\/v2\/comments?post=4681"}],"version-history":[{"count":2,"href":"https:\/\/site.educa.madrid.org\/ies.malasana.mostoles\/index.php\/wp-json\/wp\/v2\/pages\/4681\/revisions"}],"predecessor-version":[{"id":4686,"href":"https:\/\/site.educa.madrid.org\/ies.malasana.mostoles\/index.php\/wp-json\/wp\/v2\/pages\/4681\/revisions\/4686"}],"wp:attachment":[{"href":"https:\/\/site.educa.madrid.org\/ies.malasana.mostoles\/index.php\/wp-json\/wp\/v2\/media?parent=4681"}],"wp:term":[{"taxonomy":"folder","embeddable":true,"href":"https:\/\/site.educa.madrid.org\/ies.malasana.mostoles\/index.php\/wp-json\/wp\/v2\/folder?post=4681"}],"curies":[{"name":"wp","href":"https:\/\/api.w.org\/{rel}","templated":true}]}}