{"id":310,"date":"2022-04-25T12:23:31","date_gmt":"2022-04-25T10:23:31","guid":{"rendered":"https:\/\/site.educa.madrid.org\/ies.neruda.leganes\/?page_id=310"},"modified":"2024-09-28T11:59:33","modified_gmt":"2024-09-28T09:59:33","slug":"roble","status":"publish","type":"page","link":"https:\/\/site.educa.madrid.org\/ies.neruda.leganes\/index.php\/familias\/roble\/","title":{"rendered":"Comunicaci\u00f3n. ROBLE"},"content":{"rendered":"\n<div class=\"wp-block-columns is-layout-flex wp-container-core-columns-is-layout-9d6595d7 wp-block-columns-is-layout-flex\">\n<div class=\"wp-block-column is-layout-flow wp-block-column-is-layout-flow\" style=\"flex-basis:100%\">\n<div class=\"wp-block-group\"><div class=\"wp-block-group__inner-container is-layout-flow wp-block-group-is-layout-flow\"><div class=\"wp-block-image\">\n<figure class=\"aligncenter size-full\"><img loading=\"lazy\" decoding=\"async\" width=\"314\" height=\"160\" src=\"https:\/\/site.educa.madrid.org\/ies.neruda.leganes\/\/wp-content\/uploads\/ies.neruda.leganes\/2022\/04\/Imagen-Roble-2.jpeg\" alt=\"\" class=\"wp-image-403\" srcset=\"https:\/\/site.educa.madrid.org\/ies.neruda.leganes\/\/wp-content\/uploads\/ies.neruda.leganes\/2022\/04\/Imagen-Roble-2.jpeg 314w, https:\/\/site.educa.madrid.org\/ies.neruda.leganes\/\/wp-content\/uploads\/ies.neruda.leganes\/2022\/04\/Imagen-Roble-2-300x153.jpeg 300w\" sizes=\"auto, (max-width: 314px) 100vw, 314px\" \/><\/figure>\n<\/div><\/div><\/div>\n<\/div>\n<\/div>\n\n\n<div class=\"wp-block-image\">\n<figure class=\"aligncenter size-full\"><img loading=\"lazy\" decoding=\"async\" width=\"293\" height=\"172\" src=\"https:\/\/site.educa.madrid.org\/ies.neruda.leganes\/\/wp-content\/uploads\/ies.neruda.leganes\/2022\/04\/Raices-1.png\" alt=\"\" class=\"wp-image-402\"\/><\/figure>\n<\/div>\n\n\n<h2 class=\"wp-block-heading\">\u00bfC\u00f3mo solicitar las credenciales para acceder a ROBLE?<\/h2>\n\n\n\n<p>Se pueden solicitar las credenciales a trav\u00e9s de la siguiente direcci\u00f3n de correo electr\u00f3nico: secretaria.ies.neruda.leganes@educa.madrid.org    \u00a0<\/p>\n\n\n\n<h2 class=\"wp-block-heading\">\u00bfQu\u00e9 se puede hacer con ROBLE?<\/h2>\n\n\n\n<ul class=\"wp-block-list\">\n<li>\u00a0 \u00a0Datos relativos al centro (direcci\u00f3n, tel\u00e9fono, fax, ubicaci\u00f3n).<\/li>\n\n\n\n<li>\u00a0 \u00a0Calendario escolar.<\/li>\n\n\n\n<li>\u00a0 \u00a0Datos del alumno.<\/li>\n\n\n\n<li>\u00a0 \u00a0Horario escolar del alumno.<\/li>\n\n\n\n<li>\u00a0 \u00a0Consultar la notas del alumno.<\/li>\n\n\n\n<li>\u00a0 \u00a0Observaciones del profesor sobre el alumno.<\/li>\n\n\n\n<li>\u00a0 \u00a0Recibir notificaci\u00f3n y consultar las faltas de asistencia.<\/li>\n\n\n\n<li>\u00a0 \u00a0Justificar las faltas de asistencia.<\/li>\n\n\n\n<li>\u00a0 \u00a0Comunicar faltas de asistencia previstas.<\/li>\n\n\n\n<li>\u00a0 \u00a0Recibir mensajes\/avisos del centro y del profesor.<\/li>\n<\/ul>\n\n\n\n<p>&nbsp;\u00bfQu\u00e9 hacer si se bloquea la cuenta?<\/p>\n\n\n\n<p>Se debe acceder a Roble desde un ordenador (no tableta ni m\u00f3vil) y pinchar en la parte inferior del acceso&nbsp;<strong>\u00bfOlvid\u00f3 su contrase\u00f1a?<\/strong>&nbsp;para poder cambiarla.&nbsp;<\/p>\n\n\n\n<h1 class=\"wp-block-heading\">&nbsp;<\/h1>\n\n\n\n<h1 class=\"wp-block-heading\">TUTORIALES ROBLE Y RA\u00cdCES<\/h1>\n\n\n\n<h4 class=\"wp-block-heading\"><a href=\"https:\/\/site.educa.madrid.org\/ies.neruda.leganes\/\/wp-content\/uploads\/ies.neruda.leganes\/2022\/04\/ROBLE-WEB-Visual-Ventanas-emergentes-1.0-1.pdf\">Gu\u00eda para desbloquear ventanas emergentes<\/a><\/h4>\n\n\n\n<h4 class=\"wp-block-heading\"><a href=\"https:\/\/site.educa.madrid.org\/ies.neruda.leganes\/\/wp-content\/uploads\/ies.neruda.leganes\/2022\/04\/ROBLE-APP-Guia-Visual-1.1-1.pdf\">Gu\u00eda visual para familias (a trav\u00e9s de la app)<\/a><\/h4>\n\n\n\n<h4 class=\"wp-block-heading\"><a href=\"https:\/\/site.educa.madrid.org\/ies.neruda.leganes\/\/wp-content\/uploads\/ies.neruda.leganes\/2022\/04\/ROBLE-WEB-Visual-Ventanas-emergentes-1.0-1.pdf\">Gu\u00eda para las familias (a trav\u00e9s de la web)<\/a><\/h4>\n\n\n\n<h4 class=\"wp-block-heading\"><a href=\"https:\/\/site.educa.madrid.org\/ies.neruda.leganes\/\/wp-content\/uploads\/ies.neruda.leganes\/2022\/04\/Seguimiento-educativo-para-tutores-legales-1_0-1.pdf\">Manual completo para familias<\/a><\/h4>\n\n\n\n<p><\/p>\n","protected":false},"excerpt":{"rendered":"<p>\u00bfC\u00f3mo solicitar las credenciales para acceder a ROBLE? Se pueden solicitar las credenciales a trav\u00e9s de la siguiente direcci\u00f3n [&hellip;]<\/p>\n","protected":false},"author":2,"featured_media":0,"parent":292,"menu_order":0,"comment_status":"closed","ping_status":"closed","template":"","meta":{"footnotes":""},"folder":[],"class_list":["post-310","page","type-page","status-publish","hentry"],"rttpg_featured_image_url":null,"rttpg_author":{"display_name":"tic.ies.neruda.leganes","author_link":"https:\/\/site.educa.madrid.org\/ies.neruda.leganes\/index.php\/author\/cuenta_tic-ies-neruda-leganes\/"},"rttpg_comment":0,"rttpg_category":false,"rttpg_excerpt":"\u00bfC\u00f3mo solicitar las credenciales para acceder a ROBLE? Se pueden solicitar las credenciales a trav\u00e9s de la siguiente direcci\u00f3n [&hellip;]","post_mailing_queue_ids":[],"_links":{"self":[{"href":"https:\/\/site.educa.madrid.org\/ies.neruda.leganes\/index.php\/wp-json\/wp\/v2\/pages\/310","targetHints":{"allow":["GET"]}}],"collection":[{"href":"https:\/\/site.educa.madrid.org\/ies.neruda.leganes\/index.php\/wp-json\/wp\/v2\/pages"}],"about":[{"href":"https:\/\/site.educa.madrid.org\/ies.neruda.leganes\/index.php\/wp-json\/wp\/v2\/types\/page"}],"author":[{"embeddable":true,"href":"https:\/\/site.educa.madrid.org\/ies.neruda.leganes\/index.php\/wp-json\/wp\/v2\/users\/2"}],"replies":[{"embeddable":true,"href":"https:\/\/site.educa.madrid.org\/ies.neruda.leganes\/index.php\/wp-json\/wp\/v2\/comments?post=310"}],"version-history":[{"count":5,"href":"https:\/\/site.educa.madrid.org\/ies.neruda.leganes\/index.php\/wp-json\/wp\/v2\/pages\/310\/revisions"}],"predecessor-version":[{"id":3093,"href":"https:\/\/site.educa.madrid.org\/ies.neruda.leganes\/index.php\/wp-json\/wp\/v2\/pages\/310\/revisions\/3093"}],"up":[{"embeddable":true,"href":"https:\/\/site.educa.madrid.org\/ies.neruda.leganes\/index.php\/wp-json\/wp\/v2\/pages\/292"}],"wp:attachment":[{"href":"https:\/\/site.educa.madrid.org\/ies.neruda.leganes\/index.php\/wp-json\/wp\/v2\/media?parent=310"}],"wp:term":[{"taxonomy":"folder","embeddable":true,"href":"https:\/\/site.educa.madrid.org\/ies.neruda.leganes\/index.php\/wp-json\/wp\/v2\/folder?post=310"}],"curies":[{"name":"wp","href":"https:\/\/api.w.org\/{rel}","templated":true}]}}